-- Table structure for table `llx_product_association`
--

CREATE TABLE `llx_product_association` (
  `rowid` int(11) NOT NULL AUTO_INCREMENT,
  `fk_product_pere` int(11) NOT NULL DEFAULT 0,
  `fk_product_fils` int(11) NOT NULL DEFAULT 0,
  `qty` double DEFAULT NULL,
  `incdec` int(11) DEFAULT 1,
  `rang` int(11) DEFAULT 0,
  `import_key` varchar(14) DEFAULT NULL,
  PRIMARY KEY (`rowid`),
  UNIQUE KEY `uk_product_association` (`fk_product_pere`,`fk_product_fils`),
  KEY `idx_product_association` (`fk_product_fils`),
  KEY `idx_product_association_fils` (`fk_product_fils`)
) ENGINE=InnoDB AUTO_INCREMENT=6 DEFAULT CHARSET=utf8mb3 COLLATE=utf8mb3_unicode_ci;

--
-- Dumping data for table `llx_product_association`
--

INSERT INTO `llx_product_association` VALUES
(2,5,1,1,1,0,NULL),
(3,4,3,5,1,2,NULL),
(4,4,1,2,1,1,NULL);

--
-- Table structure for table `llx_product_attribute`
--

CREATE TABLE `llx_product_attribute` (
  `rowid` int(11) NOT NULL AUTO_INCREMENT,
  `ref` varchar(255) NOT NULL,
  `ref_ext` varchar(255) DEFAULT NULL,
  `label` varchar(255) NOT NULL,
  `position` int(11) NOT NULL DEFAULT 0,
  `entity` int(11) NOT NULL DEFAULT 1,
  PRIMARY KEY (`rowid`),
  UNIQUE KEY `uk_product_attribute_ref` (`ref`),
  UNIQUE KEY `unique_ref` (`ref`)
) ENGINE=InnoDB AUTO_INCREMENT=3 DEFAULT CHARSET=utf8mb3 COLLATE=utf8mb3_unicode_ci;

--
-- Dumping data for table `llx_product_attribute`
--

INSERT INTO `llx_product_attribute` VALUES
(1,'COL',NULL,'Color',2,1),
(2,'SIZE',NULL,'Size',1,1);

--
-- Table structure for table `llx_product_attribute_combination`
--

CREATE TABLE `llx_product_attribute_combination` (
  `rowid` int(11) NOT NULL AUTO_INCREMENT,
  `fk_product_parent` int(11) NOT NULL,
  `fk_product_child` int(11) NOT NULL,
  `variation_price` float NOT NULL,
  `variation_price_percentage` int(11) DEFAULT NULL,
  `variation_weight` float NOT NULL,
  `variation_ref_ext` varchar(255) DEFAULT NULL,
  `entity` int(11) NOT NULL DEFAULT 1,
  PRIMARY KEY (`rowid`),
  KEY `idx_product_att_com_product_parent` (`fk_product_parent`),
  KEY `idx_product_att_com_product_child` (`fk_product_child`)
) ENGINE=InnoDB AUTO_INCREMENT=3 DEFAULT CHARSET=utf8mb3 COLLATE=utf8mb3_unicode_ci;

--
-- Dumping data for table `llx_product_attribute_combination`
--

INSERT INTO `llx_product_attribute_combination` VALUES
(1,32,33,0,0,0,'',1),
(2,32,34,0,0,0,'',1);

--
-- Table structure for table `llx_product_attribute_combination2val`
--

CREATE TABLE `llx_product_attribute_combination2val` (
  `rowid` int(11) NOT NULL AUTO_INCREMENT,
  `fk_prod_combination` int(11) NOT NULL,
  `fk_prod_attr` int(11) NOT NULL,
  `fk_prod_attr_val` int(11) NOT NULL,
  PRIMARY KEY (`rowid`),
  KEY `idx_product_att_com2v_prod_combination` (`fk_prod_combination`),
  KEY `idx_product_att_com2v_prod_attr` (`fk_prod_attr`),
  KEY `idx_product_att_com2v_prod_attr_val` (`fk_prod_attr_val`)
) ENGINE=InnoDB AUTO_INCREMENT=5 DEFAULT CHARSET=utf8mb3 COLLATE=utf8mb3_unicode_ci;

--
-- Dumping data for table `llx_product_attribute_combination2val`
--

INSERT INTO `llx_product_attribute_combination2val` VALUES
(1,1,2,4),
(2,1,1,1),
(3,2,2,3),
(4,2,1,2);

--
-- Table structure for table `llx_product_attribute_combination_price_level`
--

CREATE TABLE `llx_product_attribute_combination_price_level` (
  `rowid` int(11) NOT NULL AUTO_INCREMENT,
  `fk_product_attribute_combination` int(11) NOT NULL DEFAULT 1,
  `fk_price_level` int(11) NOT NULL DEFAULT 1,
  `variation_price` double(24,8) NOT NULL,
  `variation_price_percentage` int(11) DEFAULT NULL,
  PRIMARY KEY (`rowid`),
  UNIQUE KEY `uk_prod_att_comb_price_level` (`fk_product_attribute_combination`,`fk_price_level`)
) ENGINE=InnoDB AUTO_INCREMENT=59 DEFAULT CHARSET=utf8mb3 COLLATE=utf8mb3_unicode_ci;

--
-- Dumping data for table `llx_product_attribute_combination_price_level`
--

INSERT INTO `llx_product_attribute_combination_price_level` VALUES
(16,0,1,0.00000000,0),
(17,0,2,0.00000000,0),
(18,0,3,0.00000000,0),
(19,0,4,0.00000000,0),
(20,0,5,0.00000000,0),
(44,101,1,0.00000000,0),
(45,101,2,0.00000000,0),
(46,101,3,0.00000000,0),
(47,101,4,0.00000000,0),
(48,101,5,0.00000000,0),
(49,102,1,0.00000000,0),
(50,102,2,0.00000000,0),
(51,102,3,0.00000000,0),
(52,102,4,0.00000000,0),
(53,102,5,0.00000000,0),
(54,103,1,0.00000000,0),
(55,103,2,0.00000000,0),
(56,103,3,0.00000000,0),
(57,103,4,0.00000000,0),
(58,103,5,0.00000000,0);

--
-- Table structure for table `llx_product_attribute_extrafields`
--

CREATE TABLE `llx_product_attribute_extrafields` (
  `rowid` int(11) NOT NULL AUTO_INCREMENT,
  `tms` timestamp NULL DEFAULT current_timestamp() ON UPDATE current_timestamp(),
  `fk_object` int(11) NOT NULL,
  `import_key` varchar(14) DEFAULT NULL,
  PRIMARY KEY (`rowid`),
  KEY `idx_product_attribute_extrafields` (`fk_object`)
) ENGINE=InnoDB DEFAULT CHARSET=utf8mb4 COLLATE=utf8mb4_general_ci;

--
-- Dumping data for table `llx_product_attribute_extrafields`
--


--
-- Table structure for table `llx_product_attribute_value`
--

CREATE TABLE `llx_product_attribute_value` (
  `rowid` int(11) NOT NULL AUTO_INCREMENT,
  `fk_product_attribute` int(11) NOT NULL,
  `ref` varchar(180) NOT NULL,
  `value` varchar(255) NOT NULL,
  `entity` int(11) NOT NULL DEFAULT 1,
  `position` int(11) NOT NULL DEFAULT 0,
  PRIMARY KEY (`rowid`),
  UNIQUE KEY `uk_product_attribute_value` (`fk_product_attribute`,`ref`)
) ENGINE=InnoDB AUTO_INCREMENT=6 DEFAULT CHARSET=utf8mb3 COLLATE=utf8mb3_unicode_ci;

--
-- Dumping data for table `llx_product_attribute_value`
--

INSERT INTO `llx_product_attribute_value` VALUES
(1,1,'BLUE','Blue',1,0),
(2,1,'RED','Red',1,0),
(3,2,'L','Size L',1,1),
(4,2,'XL','Size XL',1,2),
(5,2,'S','Size S',1,3);

--
-- Table structure for table `llx_product_attribute_value_extrafields`
--

CREATE TABLE `llx_product_attribute_value_extrafields` (
  `rowid` int(11) NOT NULL AUTO_INCREMENT,
  `tms` timestamp NULL DEFAULT current_timestamp() ON UPDATE current_timestamp(),
  `fk_object` int(11) NOT NULL,
  `import_key` varchar(14) DEFAULT NULL,
  PRIMARY KEY (`rowid`),
  KEY `idx_product_attribute_value_extrafields` (`fk_object`)
) ENGINE=InnoDB DEFAULT CHARSET=utf8mb4 COLLATE=utf8mb4_general_ci;

--
-- Dumping data for table `llx_product_attribute_value_extrafields`
--


--
-- Table structure for table `llx_product_batch`
--

CREATE TABLE `llx_product_batch` (
  `rowid` int(11) NOT NULL AUTO_INCREMENT,
  `tms` timestamp NOT NULL DEFAULT current_timestamp() ON UPDATE current_timestamp(),
  `fk_product_stock` int(11) NOT NULL,
  `eatby` datetime DEFAULT NULL,
  `sellby` datetime DEFAULT NULL,
  `batch` varchar(30) DEFAULT NULL,
  `qty` double NOT NULL DEFAULT 0,
  `import_key` varchar(14) DEFAULT NULL,
  PRIMARY KEY (`rowid`),
  UNIQUE KEY `uk_product_batch` (`fk_product_stock`,`batch`),
  KEY `idx_fk_product_stock` (`fk_product_stock`),
  KEY `idx_batch` (`batch`),
  CONSTRAINT `fk_product_batch_fk_product_stock` FOREIGN KEY (`fk_product_stock`) REFERENCES `llx_product_stock` (`rowid`)
) ENGINE=InnoDB AUTO_INCREMENT=10 DEFAULT CHARSET=utf8mb3 COLLATE=utf8mb3_unicode_ci;

--
-- Dumping data for table `llx_product_batch`
--

INSERT INTO `llx_product_batch` VALUES
(1,'2018-07-30 13:40:39',8,NULL,NULL,'5599887766452',15,NULL),
(2,'2018-07-30 13:40:12',8,NULL,NULL,'4494487766452',60,NULL),
(3,'2017-02-16 00:12:09',9,NULL,NULL,'5599887766452',35,NULL),
(4,'2020-01-08 15:40:27',4,NULL,NULL,'000000',12,NULL),
(5,'2020-01-08 15:40:27',3,NULL,NULL,'000000',1007,NULL),
(6,'2020-01-13 11:14:15',5,NULL,NULL,'000000',0.8,NULL),
(7,'2020-01-08 16:41:18',4,NULL,NULL,'aaa',1.2,NULL),
(8,'2020-01-18 19:17:03',5,NULL,NULL,'string',2,NULL),
(9,'2021-04-15 11:40:18',11,NULL,NULL,'Lot 2021-02',1,NULL);

--
-- Table structure for table `llx_product_customer_price`
--

CREATE TABLE `llx_product_customer_price` (
  `rowid` int(11) NOT NULL AUTO_INCREMENT,
  `entity` int(11) NOT NULL DEFAULT 1,
  `datec` datetime DEFAULT NULL,
  `tms` timestamp NOT NULL DEFAULT current_timestamp() ON UPDATE current_timestamp(),
  `fk_product` int(11) NOT NULL,
  `fk_soc` int(11) NOT NULL,
  `price` double(24,8) DEFAULT 0.00000000,
  `price_ttc` double(24,8) DEFAULT 0.00000000,
  `price_min` double(24,8) DEFAULT 0.00000000,
  `price_min_ttc` double(24,8) DEFAULT 0.00000000,
  `price_base_type` varchar(3) DEFAULT 'HT',
  `tva_tx` double(6,3) DEFAULT NULL,
  `default_vat_code` varchar(10) DEFAULT NULL,
  `recuperableonly` int(11) NOT NULL DEFAULT 0,
  `localtax1_tx` double(6,3) DEFAULT 0.000,
  `localtax1_type` varchar(10) NOT NULL DEFAULT '0',
  `localtax2_tx` double(6,3) DEFAULT 0.000,
  `localtax2_type` varchar(10) NOT NULL DEFAULT '0',
  `discount_percent` double DEFAULT 0,
  `fk_user` int(11) DEFAULT NULL,
  `price_label` varchar(255) DEFAULT NULL,
  `import_key` varchar(14) DEFAULT NULL,
  `ref_customer` varchar(128) DEFAULT NULL,
  `date_begin` date DEFAULT NULL,
  `date_end` date DEFAULT NULL,
  PRIMARY KEY (`rowid`),
  UNIQUE KEY `uk_customer_price_fk_product_fk_soc` (`fk_product`,`fk_soc`,`date_begin`),
  KEY `idx_product_customer_price_fk_user` (`fk_user`),
  KEY `fk_customer_price_fk_soc` (`fk_soc`),
  KEY `idx_product_customer_price_fk_soc` (`fk_soc`),
  CONSTRAINT `fk_product_customer_price_fk_product` FOREIGN KEY (`fk_product`) REFERENCES `llx_product` (`rowid`),
  CONSTRAINT `fk_product_customer_price_fk_soc` FOREIGN KEY (`fk_soc`) REFERENCES `llx_societe` (`rowid`),
  CONSTRAINT `fk_product_customer_price_fk_user` FOREIGN KEY (`fk_user`) REFERENCES `llx_user` (`rowid`)
) ENGINE=InnoDB AUTO_INCREMENT=3 DEFAULT CHARSET=utf8mb3 COLLATE=utf8mb3_unicode_ci;

--
-- Dumping data for table `llx_product_customer_price`
--

INSERT INTO `llx_product_customer_price` VALUES
(1,1,'2020-01-17 15:26:08','2025-03-07 14:30:47',1,30,11.00000000,12.37500000,0.00000000,0.00000000,'HT',12.500,NULL,0,0.000,'0',0.000,'0',0,12,NULL,NULL,NULL,'2020-01-17',NULL),
(2,1,'2020-01-17 15:26:16','2025-03-07 14:30:47',1,4,12.00000000,13.50000000,0.00000000,0.00000000,'HT',12.500,NULL,0,0.000,'0',0.000,'0',0,12,NULL,NULL,NULL,'2020-01-17',NULL);

--
-- Table structure for table `llx_product_customer_price_extrafields`
--

CREATE TABLE `llx_product_customer_price_extrafields` (
  `rowid` int(11) NOT NULL AUTO_INCREMENT,
  `tms` timestamp NULL DEFAULT current_timestamp() ON UPDATE current_timestamp(),
  `fk_object` int(11) NOT NULL,
  `import_key` varchar(14) DEFAULT NULL,
  PRIMARY KEY (`rowid`),
  UNIQUE KEY `uk_product_customer_price_extrafields` (`fk_object`)
) ENGINE=InnoDB DEFAULT CHARSET=utf8mb4 COLLATE=utf8mb4_general_ci;

--
-- Dumping data for table `llx_product_customer_price_extrafields`
--


--
-- Table structure for table `llx_product_customer_price_log`
--

CREATE TABLE `llx_product_customer_price_log` (
  `rowid` int(11) NOT NULL AUTO_INCREMENT,
  `entity` int(11) NOT NULL DEFAULT 1,
  `datec` datetime DEFAULT NULL,
  `fk_product` int(11) NOT NULL,
  `fk_soc` int(11) NOT NULL,
  `price` double(24,8) DEFAULT 0.00000000,
  `price_ttc` double(24,8) DEFAULT 0.00000000,
  `price_min` double(24,8) DEFAULT 0.00000000,
  `price_min_ttc` double(24,8) DEFAULT 0.00000000,
  `price_base_type` varchar(3) DEFAULT 'HT',
  `tva_tx` double(6,3) DEFAULT NULL,
  `recuperableonly` int(11) NOT NULL DEFAULT 0,
  `localtax1_tx` double(6,3) DEFAULT 0.000,
  `localtax1_type` varchar(10) NOT NULL DEFAULT '0',
  `localtax2_tx` double(6,3) DEFAULT 0.000,
  `localtax2_type` varchar(10) NOT NULL DEFAULT '0',
  `discount_percent` double DEFAULT 0,
  `fk_user` int(11) DEFAULT NULL,
  `price_label` varchar(255) DEFAULT NULL,
  `import_key` varchar(14) DEFAULT NULL,
  `default_vat_code` varchar(10) DEFAULT NULL,
  `ref_customer` varchar(30) DEFAULT NULL,
  `date_begin` date DEFAULT NULL,
  `date_end` date DEFAULT NULL,
  PRIMARY KEY (`rowid`)
) ENGINE=InnoDB DEFAULT CHARSET=utf8mb3 COLLATE=utf8mb3_unicode_ci;

--
-- Dumping data for table `llx_product_customer_price_log`
--


--
-- Table structure for table `llx_product_extrafields`
--

CREATE TABLE `llx_product_extrafields` (
  `rowid` int(11) NOT NULL AUTO_INCREMENT,
  `tms` timestamp NOT NULL DEFAULT current_timestamp() ON UPDATE current_timestamp(),
  `fk_object` int(11) NOT NULL,
  `import_key` varchar(14) DEFAULT NULL,
  `app_or_option` varchar(255) DEFAULT NULL,
  `availabelforresellers` int(1) DEFAULT NULL,
  `package` int(11) DEFAULT NULL,
  `resource_formula` text DEFAULT NULL,
  `resource_label` varchar(32) DEFAULT NULL,
  `freeperioddays` int(6) DEFAULT NULL,
  `directaccess` varchar(255) DEFAULT NULL,
  `sshaccesstype` varchar(255) DEFAULT NULL,
  `typesupport` varchar(255) DEFAULT NULL,
  `register_text` varchar(255) DEFAULT NULL,
  `register_discountcode` varchar(255) DEFAULT NULL,
  `email_template_trialreminder` int(11) DEFAULT NULL,
  `email_template_trialsuspended` int(11) DEFAULT NULL,
  `position` int(5) DEFAULT NULL,
  `option_condition` varchar(200) DEFAULT NULL,
  `ecotaxdeee` double(24,8) DEFAULT NULL,
  `ecotaxdeeecode` varchar(16) DEFAULT NULL,
  `marketplace_module_version` varchar(12) DEFAULT NULL,
  `marketplace_min_version` varchar(12) DEFAULT NULL,
  `marketplace_max_version` varchar(12) DEFAULT NULL,
  `marketplace_allow_source_in_core` int(11) DEFAULT NULL,
  `marketplace_contact_support` varchar(255) DEFAULT NULL,
  `marketplace_reason_disabled` varchar(255) DEFAULT NULL,
  `marketplace_old_url` varchar(255) DEFAULT NULL,
  `marketplace_module_keywords` varchar(2555) DEFAULT NULL,
  `aaa` int(11) DEFAULT NULL,
  PRIMARY KEY (`rowid`),
  UNIQUE KEY `uk_product_extrafields` (`fk_object`)
) ENGINE=InnoDB AUTO_INCREMENT=57 DEFAULT CHARSET=utf8mb3 COLLATE=utf8mb3_unicode_ci;

--
-- Dumping data for table `llx_product_extrafields`
--

INSERT INTO `llx_product_extrafields` VALUES
(1,'2023-01-24 10:28:30',1,NULL,'0',NULL,NULL,NULL,NULL,NULL,'0',NULL,'0',NULL,NULL,NULL,NULL,NULL,NULL,NULL,NULL,NULL,NULL,NULL,NULL,NULL,NULL,NULL,NULL,NULL),
(19,'2024-12-12 14:00:09',10,NULL,NULL,NULL,NULL,NULL,NULL,NULL,NULL,NULL,NULL,NULL,NULL,NULL,NULL,NULL,NULL,0.50000000,NULL,NULL,NULL,NULL,NULL,NULL,NULL,NULL,NULL,NULL),
(20,'2024-12-23 21:55:04',35,NULL,'0',NULL,NULL,NULL,NULL,NULL,'0',NULL,'0',NULL,NULL,NULL,NULL,NULL,NULL,NULL,NULL,NULL,NULL,NULL,NULL,NULL,NULL,NULL,NULL,NULL),
(21,'2024-12-30 02:58:31',30,NULL,NULL,NULL,NULL,NULL,NULL,NULL,NULL,NULL,NULL,NULL,NULL,NULL,NULL,NULL,NULL,NULL,NULL,NULL,NULL,NULL,NULL,NULL,NULL,NULL,NULL,NULL),
(31,'2025-01-04 12:42:13',3,NULL,'0',NULL,NULL,NULL,NULL,NULL,'0',NULL,'0',NULL,NULL,NULL,NULL,NULL,NULL,NULL,NULL,NULL,NULL,NULL,NULL,NULL,NULL,NULL,NULL,NULL),
(34,'2025-03-12 18:38:26',12,NULL,'app',1,1,'1',NULL,15,'0',NULL,'basic','Ceci est un text pour le service DoliCloud tralala',NULL,NULL,NULL,NULL,NULL,NULL,NULL,NULL,NULL,NULL,NULL,NULL,NULL,NULL,NULL,NULL),
(56,'2025-04-07 13:04:56',4,NULL,'0',NULL,NULL,NULL,NULL,NULL,'0',NULL,'0',NULL,NULL,NULL,NULL,NULL,NULL,NULL,NULL,NULL,NULL,NULL,NULL,NULL,NULL,NULL,NULL,NULL);

--
-- Table structure for table `llx_product_fournisseur_price`
--

CREATE TABLE `llx_product_fournisseur_price` (
  `rowid` int(11) NOT NULL AUTO_INCREMENT,
  `datec` datetime DEFAULT NULL,
  `tms` timestamp NOT NULL DEFAULT current_timestamp() ON UPDATE current_timestamp(),
  `fk_product` int(11) DEFAULT NULL,
  `fk_soc` int(11) DEFAULT NULL,
  `ref_fourn` varchar(128) DEFAULT NULL,
  `desc_fourn` text DEFAULT NULL,
  `fk_availability` int(11) DEFAULT NULL,
  `price` double(24,8) DEFAULT 0.00000000,
  `quantity` double DEFAULT NULL,
  `remise_percent` double NOT NULL DEFAULT 0,
  `remise` double NOT NULL DEFAULT 0,
  `unitprice` double(24,8) DEFAULT 0.00000000,
  `charges` double(24,8) DEFAULT 0.00000000,
  `tva_tx` double(6,3) NOT NULL DEFAULT 0.000,
  `default_vat_code` varchar(10) DEFAULT NULL,
  `info_bits` int(11) NOT NULL DEFAULT 0,
  `fk_user` int(11) DEFAULT NULL,
  `import_key` varchar(14) DEFAULT NULL,
  `entity` int(11) NOT NULL DEFAULT 1,
  `fk_supplier_price_expression` int(11) DEFAULT NULL,
  `fk_price_expression` int(11) DEFAULT NULL,
  `delivery_time_days` int(11) DEFAULT NULL,
  `supplier_reputation` varchar(10) DEFAULT NULL,
  `multicurrency_tx` double(24,8) DEFAULT 1.00000000,
  `multicurrency_unitprice` double(24,8) DEFAULT NULL,
  `fk_multicurrency` int(11) DEFAULT NULL,
  `multicurrency_code` varchar(3) DEFAULT NULL,
  `multicurrency_price` double(24,8) DEFAULT NULL,
  `localtax1_tx` double(6,3) DEFAULT 0.000,
  `localtax1_type` varchar(10) NOT NULL DEFAULT '0',
  `localtax2_tx` double(6,3) DEFAULT 0.000,
  `localtax2_type` varchar(10) NOT NULL DEFAULT '0',
  `barcode` varchar(180) DEFAULT NULL,
  `fk_barcode_type` int(11) DEFAULT NULL,
  `packaging` varchar(64) DEFAULT NULL,
  `status` int(11) DEFAULT 1,
  PRIMARY KEY (`rowid`),
  UNIQUE KEY `uk_product_fournisseur_price_ref` (`ref_fourn`,`fk_soc`,`quantity`,`entity`),
  UNIQUE KEY `uk_product_barcode` (`barcode`,`fk_barcode_type`,`entity`),
  KEY `idx_product_fournisseur_price_fk_user` (`fk_user`),
  KEY `idx_product_fourn_price_fk_product` (`fk_product`,`entity`),
  KEY `idx_product_fourn_price_fk_soc` (`fk_soc`,`entity`),
  KEY `idx_product_barcode` (`barcode`),
  KEY `idx_product_fk_barcode_type` (`fk_barcode_type`),
  CONSTRAINT `fk_product_fournisseur_price_barcode_type` FOREIGN KEY (`fk_barcode_type`) REFERENCES `llx_c_barcode_type` (`rowid`),
  CONSTRAINT `fk_product_fournisseur_price_fk_product` FOREIGN KEY (`fk_product`) REFERENCES `llx_product` (`rowid`),
  CONSTRAINT `fk_product_fournisseur_price_fk_user` FOREIGN KEY (`fk_user`) REFERENCES `llx_user` (`rowid`)
) ENGINE=InnoDB AUTO_INCREMENT=15 DEFAULT CHARSET=utf8mb3 COLLATE=utf8mb3_unicode_ci;

--
-- Dumping data for table `llx_product_fournisseur_price`
--

INSERT INTO `llx_product_fournisseur_price` VALUES
(2,'2018-07-30 17:34:38','2018-07-30 13:34:38',12,10,'BASIC',NULL,0,9.00000000,1,0,0,9.00000000,0.00000000,0.000,NULL,0,12,NULL,1,NULL,NULL,NULL,'FAVORITE',1.00000000,NULL,NULL,NULL,NULL,0.000,'0',0.000,'0',NULL,NULL,NULL,1),
(3,'2017-02-02 05:17:08','2017-02-02 01:17:08',1,10,'aaa',NULL,0,100.00000000,1,10,0,100.00000000,0.00000000,12.500,NULL,0,12,NULL,1,NULL,NULL,NULL,NULL,1.00000000,NULL,NULL,NULL,NULL,0.000,'0',0.000,'0',NULL,NULL,NULL,1),
(4,'2019-10-08 19:21:34','2019-10-08 17:21:34',11,10,'ggg','',0,0.00000000,10,0,0,0.00000000,0.00000000,0.000,NULL,0,12,NULL,1,NULL,NULL,NULL,NULL,1.00000000,0.00000000,1,'EUR',0.00000000,0.000,'0',0.000,'0',NULL,2,NULL,1),
(5,'2020-01-01 18:04:14','2020-01-01 16:11:36',1,17,'BK01','',0,79.16667000,1,0,0,79.16667000,0.00000000,12.500,NULL,0,12,NULL,1,NULL,NULL,NULL,NULL,1.20000000,95.00000000,2,'USD',95.00000000,0.000,'0',0.000,'0',NULL,2,NULL,1),
(6,'2020-01-01 18:36:40','2020-01-01 14:36:40',2,17,'BKPEARPIE','',0,7.00000000,1,0,0,7.00000000,0.00000000,20.000,NULL,0,12,NULL,1,NULL,NULL,NULL,NULL,1.00000000,7.00000000,1,'EUR',7.00000000,0.000,'0',0.000,'0',NULL,2,NULL,1),
(7,'2020-01-20 12:22:00','2020-01-20 11:22:00',1,17,'bbb','',0,1000.00000000,10,0,0,100.00000000,0.00000000,12.500,NULL,0,12,NULL,1,NULL,NULL,NULL,NULL,1.00000000,100.00000000,1,'EUR',1000.00000000,0.000,'0',0.000,'0',NULL,2,NULL,1),
(8,'2022-12-16 10:01:17','2022-12-16 10:01:55',5,17,'aaa','',0,123.00000000,1,0,0,123.00000000,0.00000000,4.000,NULL,0,12,NULL,1,NULL,NULL,NULL,NULL,1.00000000,123.00000000,1,'EUR',123.00000000,0.000,'0',0.000,'0',NULL,2,NULL,1),
(9,'2022-12-16 10:03:15','2022-12-16 10:52:05',5,1,'iii','',0,5.00000000,1,0,0,5.00000000,0.00000000,4.000,'aaa',0,12,NULL,1,NULL,NULL,NULL,NULL,1.00000000,5.00000000,1,'EUR',5.00000000,0.000,'0',0.000,'0',NULL,2,NULL,1),
(10,'2024-11-30 12:49:34','2024-11-30 11:49:34',4,17,'aaaa','',0,50.00000000,1,0,0,50.00000000,0.00000000,10.000,NULL,0,12,NULL,1,NULL,NULL,NULL,NULL,1.00000000,50.00000000,1,'EUR',50.00000000,0.000,'0',0.000,'0',NULL,2,NULL,1);

--
-- Table structure for table `llx_product_fournisseur_price_extrafields`
--

CREATE TABLE `llx_product_fournisseur_price_extrafields` (
  `rowid` int(11) NOT NULL AUTO_INCREMENT,
  `tms` timestamp NOT NULL DEFAULT current_timestamp() ON UPDATE current_timestamp(),
  `fk_object` int(11) NOT NULL,
  `import_key` varchar(14) DEFAULT NULL,
  PRIMARY KEY (`rowid`),
  UNIQUE KEY `uk_product_fournisseur_price_extrafields` (`fk_object`)
) ENGINE=InnoDB AUTO_INCREMENT=3 DEFAULT CHARSET=utf8mb3 COLLATE=utf8mb3_unicode_ci;

--
-- Dumping data for table `llx_product_fournisseur_price_extrafields`
--

INSERT INTO `llx_product_fournisseur_price_extrafields` VALUES
(1,'2020-01-01 14:04:14',5,NULL),
(2,'2020-01-01 14:36:40',6,NULL);

--
-- Table structure for table `llx_product_fournisseur_price_log`
--

CREATE TABLE `llx_product_fournisseur_price_log` (
  `rowid` int(11) NOT NULL AUTO_INCREMENT,
  `datec` datetime DEFAULT NULL,
  `fk_product_fournisseur` int(11) NOT NULL,
  `price` double(24,8) DEFAULT 0.00000000,
  `quantity` double DEFAULT NULL,
  `fk_user` int(11) DEFAULT NULL,
  `fk_multicurrency` int(11) DEFAULT NULL,
  `multicurrency_code` varchar(3) DEFAULT NULL,
  `multicurrency_tx` double(24,8) DEFAULT 1.00000000,
  `multicurrency_price` double(24,8) DEFAULT NULL,
  `multicurrency_unitprice` double(24,8) DEFAULT NULL,
  PRIMARY KEY (`rowid`),
  KEY `idx_product_fournisseur_price_log_fk_product_fournisseur` (`fk_product_fournisseur`),
  KEY `idx_product_fournisseur_price_log_fk_user` (`fk_user`)
) ENGINE=InnoDB AUTO_INCREMENT=22 DEFAULT CHARSET=utf8mb3 COLLATE=utf8mb3_unicode_ci;

--
-- Dumping data for table `llx_product_fournisseur_price_log`
--

INSERT INTO `llx_product_fournisseur_price_log` VALUES
(1,'2012-07-11 18:45:42',1,10.00000000,1,1,NULL,NULL,1.00000000,NULL,NULL),
(2,'2019-10-08 19:21:34',4,0.00000000,10,12,1,'EUR',1.00000000,0.00000000,0.00000000),
(3,'2020-01-01 18:04:14',5,12.00000000,1,12,1,'EUR',1.00000000,12.00000000,12.00000000),
(4,'2020-01-01 18:04:31',5,95.00000000,1,12,1,'EUR',1.00000000,95.00000000,95.00000000),
(5,'2020-01-01 18:36:40',6,7.00000000,1,12,1,'EUR',1.00000000,7.00000000,7.00000000),
(6,'2020-01-01 19:32:31',5,95.00000000,1,12,1,'EUR',1.00000000,95.00000000,95.00000000),
(7,'2020-01-01 19:38:32',5,79.16667000,1,12,2,'USD',1.20000000,95.00000000,95.00000000),
(8,'2020-01-01 19:54:17',5,95.00000000,1,12,1,'EUR',1.00000000,95.00000000,95.00000000),
(9,'2020-01-01 19:54:54',5,79.16667000,1,12,2,'USD',1.20000000,95.00000000,95.00000000),
(10,'2020-01-01 20:05:02',5,95.00000000,1,12,1,'EUR',1.00000000,95.00000000,95.00000000),
(11,'2020-01-01 20:11:36',5,79.16667000,1,12,2,'USD',1.20000000,95.00000000,95.00000000),
(12,'2020-01-20 12:22:00',7,1000.00000000,10,12,1,'EUR',1.00000000,1000.00000000,100.00000000),
(13,'2022-12-16 10:01:17',8,123.00000000,1,12,1,'EUR',1.00000000,123.00000000,123.00000000),
(14,'2022-12-16 10:01:55',8,123.00000000,1,12,1,'EUR',1.00000000,123.00000000,123.00000000),
(15,'2022-12-16 10:03:15',9,0.00000000,1,12,1,'EUR',1.00000000,0.00000000,0.00000000),
(16,'2022-12-16 10:03:28',9,5.00000000,1,12,1,'EUR',1.00000000,5.00000000,5.00000000),
(17,'2024-11-30 12:49:34',10,50.00000000,1,12,1,'EUR',1.00000000,50.00000000,50.00000000);

--
-- Table structure for table `llx_product_lang`
--

CREATE TABLE `llx_product_lang` (
  `rowid` int(11) NOT NULL AUTO_INCREMENT,
  `fk_product` int(11) NOT NULL DEFAULT 0,
  `lang` varchar(5) NOT NULL DEFAULT '0',
  `label` varchar(255) NOT NULL,
  `description` text DEFAULT NULL,
  `note` mediumtext DEFAULT NULL,
  `import_key` varchar(14) DEFAULT NULL,
  PRIMARY KEY (`rowid`),
  UNIQUE KEY `uk_product_lang` (`fk_product`,`lang`),
  CONSTRAINT `fk_product_lang_fk_product` FOREIGN KEY (`fk_product`) REFERENCES `llx_product` (`rowid`)
) ENGINE=InnoDB AUTO_INCREMENT=33 DEFAULT CHARSET=utf8mb3 COLLATE=utf8mb3_unicode_ci;

--
-- Dumping data for table `llx_product_lang`
--

INSERT INTO `llx_product_lang` VALUES
(1,1,'en_US','Pink dress','A beatifull pink dress','',NULL),
(2,2,'en_US','Pear Pie','','',NULL),
(3,3,'en_US','Cake making contribution','','',NULL),
(4,4,'fr_FR','Decapsuleur','','',NULL),
(5,5,'en_US','DoliDroid, Android app for Dolibarr','<strong><span style=\"font-family:roboto,uilanguagefont,arial,sans-serif; font-size:14px\">DoliDroid is the Android front-end client for Dolibarr ERP &amp; CRM web software.</span><br />\r\n<span style=\"font-family:roboto,uilanguagefont,arial,sans-serif; font-size:14px\">This application is not a standalone program. It is a front end to use a online hosted Dolibarr ERP &amp; CRM software (an Open-source web software to manage your business).</span></strong>\r\n<p><u>The advantage of DoliDroid are :</u><br />\r\n- DoliDroid is not a duplicate code of Dolibarr, but a front-end of a Dolibarr web installation, so all your online existing features are supported by this application. This is also true for external modules features.<br />\r\n- Upgrading Dolibarr will not break DoliDroid.<br />\r\n- DoliDroid use embedded image resources to reduce bandwidth usage.<br />\r\n- DoliDroid use internal cache for pages that should not change (like menu page)<br />\r\n- Connections parameters are saved. No need to enter them each time you use DoliDroid.<br />\r\n- Integration with your phone or other applications (Clicking on PDF open PDF reader, clicking onto email or phone launch your email application or launch Android dialer, ...)</p>\r\n\r\n<p><span style=\"color:#DAA520\"><strong>WARNING !&nbsp;</strong></span></p>\r\n\r\n<p>This application need Android 4.0+ and a hosted Dolibarr ERP &amp; CRM version 3.5 or newer accessible by internet<br />\r\n(For example, when hosted on any SaaS solution like DoliCloud -&nbsp;<a href=\"https://www.google.com/url?q=https://www.google.com/url?q%3Dhttp://www.dolicloud.com%26sa%3DD%26usg%3DAFQjCNGdd9htz4JDciiMtScpBwK83qIRkw&amp;sa=D&amp;usg=AFQjCNGMpCbxNnU5BiK59e368K5AR0l_pg\" style=\"text-decoration: none; color: rgb(51, 105, 30); cursor: pointer;\" target=\"_blank\">http://www.dolicloud.com</a>).</p>','',NULL),
(9,11,'fr_FR','hfghf','','',NULL),
(10,2,'fr_FR','Product P1','','',NULL),
(11,4,'en_US','Apple Pie','Nice Bio Apple Pie.<br />\r\n&nbsp;','',NULL),
(12,11,'en_US','Rollup Dolibarr','A nice rollup','',NULL),
(13,10,'en_US','Computer XP4523','A powerfull computer XP4523&nbsp;','This product is imported.<br />\r\nWarning: Delay to get it are not reliable.',NULL),
(14,12,'en_US','SaaS hosting of Dolibarr ERP CRM','Cloud hosting of Dolibarr ERP and CRM software','',NULL),
(15,12,'fr_FR','Service SaaS Hébergement Dolibarr ERP CRM','Ceci est une description...<br>\na<br>\n<strong>et la suite</strong><br>\na<br>\naaaa','',NULL),
(16,13,'en_US','Computer XP4523','A powerfull computer XP4523&nbsp;',NULL,NULL),
(17,13,'fr_FR','Computer XP4523','A powerfull computer XP4523&nbsp;',NULL,NULL),
(19,24,'en_US','Carrot','',NULL,NULL),
(20,25,'en_US','Apple','',NULL,NULL),
(21,26,'en_US','Kiwi','',NULL,NULL),
(22,27,'en_US','Peach','',NULL,NULL),
(23,28,'en_US','Orange','',NULL,NULL),
(24,29,'en_US','Eggs','',NULL,NULL),
(25,30,'en_US','Chips','',NULL,NULL),
(26,31,'en_US','Product NFC - Unique','',NULL,NULL),
(27,32,'en_US','aaa','',NULL,NULL),
(28,33,'en_US','aaa Size XL Blue','<strong>Size:</strong> Size XL<br><strong>Color:</strong> Blue',NULL,NULL),
(29,34,'en_US','aaa Size L Red','(discussion, voting, 1+7 CHs, cooperates with HCS 5100Plus series can achieve 8 CHs simultaneous audio, charcoal gray, excl. battery)',NULL,NULL),
(30,3,'fr_FR','Cake making contribution','','',NULL),
(31,35,'en_US','ppp','',NULL,NULL);

--
-- Table structure for table `llx_product_lot`
--

CREATE TABLE `llx_product_lot` (
  `rowid` int(11) NOT NULL AUTO_INCREMENT,
  `entity` int(11) DEFAULT 1,
  `fk_product` int(11) NOT NULL,
  `batch` varchar(30) DEFAULT NULL,
  `note_public` text DEFAULT NULL,
  `note_private` text DEFAULT NULL,
  `eatby` date DEFAULT NULL,
  `sellby` date DEFAULT NULL,
  `datec` datetime DEFAULT NULL,
  `tms` timestamp NOT NULL DEFAULT current_timestamp() ON UPDATE current_timestamp(),
  `fk_user_creat` int(11) DEFAULT NULL,
  `fk_user_modif` int(11) DEFAULT NULL,
  `import_key` int(11) DEFAULT NULL,
  `eol_date` datetime DEFAULT NULL,
  `manufacturing_date` datetime DEFAULT NULL,
  `scrapping_date` datetime DEFAULT NULL,
  `model_pdf` varchar(255) DEFAULT NULL,
  `last_main_doc` varchar(255) DEFAULT NULL,
  `barcode` varchar(180) DEFAULT NULL,
  `fk_barcode_type` int(11) DEFAULT NULL,
  `qc_frequency` int(11) DEFAULT NULL,
  `lifetime` int(11) DEFAULT NULL,
  PRIMARY KEY (`rowid`),
  UNIQUE KEY `uk_product_lot` (`fk_product`,`batch`)
) ENGINE=InnoDB AUTO_INCREMENT=70 DEFAULT CHARSET=utf8mb3 COLLATE=utf8mb3_unicode_ci;

--
-- Dumping data for table `llx_product_lot`
--

INSERT INTO `llx_product_lot` VALUES
(1,1,2,'123456',NULL,NULL,'2018-07-07',NULL,'2018-07-21 20:55:19','2024-01-03 16:32:40',NULL,NULL,NULL,NULL,'2018-07-21 20:55:19',NULL,NULL,NULL,NULL,NULL,NULL,NULL),
(2,1,2,'2222',NULL,NULL,'2018-07-08','2018-07-07','2018-07-21 21:00:42','2024-01-03 16:32:40',NULL,NULL,NULL,NULL,'2018-07-21 21:00:42',NULL,NULL,NULL,NULL,NULL,NULL,NULL),
(3,1,10,'5599887766452',NULL,NULL,NULL,NULL,'2018-07-30 17:39:31','2024-01-03 16:32:40',NULL,NULL,NULL,NULL,'2018-07-30 17:39:31',NULL,NULL,NULL,NULL,NULL,NULL,NULL),
(4,1,10,'4494487766452',NULL,NULL,NULL,NULL,'2018-07-30 17:40:12','2024-01-03 16:32:40',NULL,NULL,NULL,NULL,'2018-07-30 17:40:12',NULL,NULL,NULL,NULL,NULL,NULL,NULL),
(39,1,1,'000000',NULL,NULL,NULL,NULL,'2020-01-08 20:41:18','2024-01-03 16:32:40',NULL,NULL,NULL,NULL,'2020-01-08 20:41:18',NULL,NULL,NULL,NULL,NULL,NULL,NULL),
(40,1,4,'aaa',NULL,NULL,'2020-01-01',NULL,'2020-01-08 20:41:18','2024-01-03 16:32:40',NULL,12,NULL,NULL,'2020-01-08 20:41:18',NULL,NULL,NULL,NULL,NULL,NULL,NULL),
(46,1,1,'string',NULL,NULL,NULL,NULL,'2020-01-18 20:16:58','2024-01-03 16:32:40',NULL,NULL,NULL,NULL,'2020-01-18 20:16:58',NULL,NULL,NULL,NULL,NULL,NULL,NULL),
(47,1,4,'000000',NULL,NULL,NULL,NULL,'2020-01-08 16:40:27','2024-01-03 16:32:40',1,1,NULL,NULL,'2020-01-08 16:40:27',NULL,NULL,NULL,NULL,NULL,NULL,NULL),
(50,1,4,'Lot 2021-02',NULL,NULL,NULL,NULL,'2021-04-15 08:40:18','2024-01-03 16:32:40',NULL,NULL,NULL,NULL,'2021-04-15 08:40:18',NULL,NULL,NULL,NULL,NULL,NULL,NULL);

--
-- Table structure for table `llx_product_lot_extrafields`
--

CREATE TABLE `llx_product_lot_extrafields` (
  `rowid` int(11) NOT NULL AUTO_INCREMENT,
  `tms` timestamp NOT NULL DEFAULT current_timestamp() ON UPDATE current_timestamp(),
  `fk_object` int(11) NOT NULL,
  `import_key` varchar(14) DEFAULT NULL,
  PRIMARY KEY (`rowid`),
  UNIQUE KEY `uk_product_lot_extrafields` (`fk_object`)
) ENGINE=InnoDB DEFAULT CHARSET=utf8mb3 COLLATE=utf8mb3_unicode_ci;

--
-- Dumping data for table `llx_product_lot_extrafields`
--


--
-- Table structure for table `llx_product_perentity`
--

CREATE TABLE `llx_product_perentity` (
  `rowid` int(11) NOT NULL AUTO_INCREMENT,
  `fk_product` int(11) DEFAULT NULL,
  `entity` int(11) NOT NULL DEFAULT 1,
  `accountancy_code_sell` varchar(32) DEFAULT NULL,
  `accountancy_code_sell_intra` varchar(32) DEFAULT NULL,
  `accountancy_code_sell_export` varchar(32) DEFAULT NULL,
  `accountancy_code_buy` varchar(32) DEFAULT NULL,
  `accountancy_code_buy_intra` varchar(32) DEFAULT NULL,
  `accountancy_code_buy_export` varchar(32) DEFAULT NULL,
  `pmp` double(24,8) DEFAULT NULL,
  PRIMARY KEY (`rowid`),
  UNIQUE KEY `uk_product_perentity` (`fk_product`,`entity`),
  KEY `idx_product_perentity_fk_product` (`fk_product`)
) ENGINE=InnoDB DEFAULT CHARSET=utf8mb3 COLLATE=utf8mb3_unicode_ci;

--
-- Dumping data for table `llx_product_perentity`
--


--
-- Table structure for table `llx_product_price`
--

CREATE TABLE `llx_product_price` (
  `rowid` int(11) NOT NULL AUTO_INCREMENT,
  `entity` int(11) NOT NULL DEFAULT 1,
  `tms` timestamp NOT NULL DEFAULT current_timestamp() ON UPDATE current_timestamp(),
  `fk_product` int(11) NOT NULL,
  `date_price` datetime DEFAULT NULL,
  `price_level` smallint(6) DEFAULT 1,
  `price` double(24,8) DEFAULT NULL,
  `price_ttc` double(24,8) DEFAULT NULL,
  `price_min` double(24,8) DEFAULT NULL,
  `price_min_ttc` double(24,8) DEFAULT NULL,
  `price_base_type` varchar(3) DEFAULT 'HT',
  `tva_tx` double(6,3) NOT NULL DEFAULT 0.000,
  `default_vat_code` varchar(10) DEFAULT NULL,
  `recuperableonly` int(11) NOT NULL DEFAULT 0,
  `localtax1_tx` double(6,3) DEFAULT 0.000,
  `localtax1_type` varchar(10) NOT NULL DEFAULT '0',
  `localtax2_tx` double(6,3) DEFAULT 0.000,
  `localtax2_type` varchar(10) NOT NULL DEFAULT '0',
  `fk_user_author` int(11) DEFAULT NULL,
  `price_label` varchar(255) DEFAULT NULL,
  `tosell` tinyint(4) DEFAULT 1,
  `price_by_qty` int(11) NOT NULL DEFAULT 0,
  `import_key` varchar(14) DEFAULT NULL,
  `fk_price_expression` int(11) DEFAULT NULL,
  `fk_multicurrency` int(11) DEFAULT NULL,
  `multicurrency_code` varchar(3) DEFAULT NULL,
  `multicurrency_price` double(24,8) DEFAULT 0.00000000,
  `multicurrency_tx` double(24,8) DEFAULT 1.00000000,
  `multicurrency_price_ttc` double(24,8) DEFAULT NULL,
  PRIMARY KEY (`rowid`),
  KEY `idx_product_price_fk_user_author` (`fk_user_author`),
  KEY `idx_product_price_fk_product` (`fk_product`),
  CONSTRAINT `fk_product_price_product` FOREIGN KEY (`fk_product`) REFERENCES `llx_product` (`rowid`),
  CONSTRAINT `fk_product_price_user_author` FOREIGN KEY (`fk_user_author`) REFERENCES `llx_user` (`rowid`)
) ENGINE=InnoDB AUTO_INCREMENT=50 DEFAULT CHARSET=utf8mb3 COLLATE=utf8mb3_unicode_ci;

--
-- Dumping data for table `llx_product_price`
--

INSERT INTO `llx_product_price` VALUES
(1,1,'2012-07-08 12:33:17',1,'2012-07-08 14:33:17',1,0.00000000,0.00000000,0.00000000,0.00000000,'HT',12.500,NULL,0,0.000,'0',0.000,'0',1,NULL,1,0,NULL,NULL,NULL,NULL,0.00000000,1.00000000,NULL),
(2,1,'2012-07-08 22:30:01',2,'2012-07-09 00:30:01',1,0.00000000,0.00000000,0.00000000,0.00000000,'HT',12.500,NULL,0,0.000,'0',0.000,'0',1,NULL,1,0,NULL,NULL,NULL,NULL,0.00000000,1.00000000,NULL),
(3,1,'2012-07-08 22:30:25',3,'2012-07-09 00:30:25',1,0.00000000,0.00000000,0.00000000,0.00000000,'HT',12.500,NULL,0,0.000,'0',0.000,'0',1,NULL,1,0,NULL,NULL,NULL,NULL,0.00000000,1.00000000,NULL),
(4,1,'2012-07-10 12:44:06',4,'2012-07-10 14:44:06',1,0.00000000,0.00000000,0.00000000,0.00000000,'HT',12.500,NULL,0,0.000,'0',0.000,'0',1,NULL,1,0,NULL,NULL,NULL,NULL,0.00000000,1.00000000,NULL),
(5,1,'2013-07-20 21:11:38',5,'2013-07-20 23:11:38',1,0.00000000,0.00000000,0.00000000,0.00000000,'HT',19.600,NULL,0,0.000,'0',0.000,'0',1,NULL,1,0,NULL,NULL,NULL,NULL,0.00000000,1.00000000,NULL),
(6,1,'2013-07-27 17:02:59',5,'2013-07-27 19:02:59',1,10.00000000,11.96000000,0.00000000,0.00000000,'HT',19.600,NULL,0,0.000,'0',0.000,'0',1,NULL,1,0,NULL,NULL,NULL,NULL,0.00000000,1.00000000,NULL),
(10,1,'2013-07-31 22:34:27',4,'2013-08-01 00:34:27',1,5.00000000,5.62500000,0.00000000,0.00000000,'HT',12.500,NULL,0,0.000,'0',0.000,'0',1,NULL,1,0,NULL,NULL,NULL,NULL,0.00000000,1.00000000,NULL),
(12,1,'2015-01-13 19:24:59',11,'2015-01-13 20:24:59',1,0.00000000,0.00000000,0.00000000,0.00000000,'HT',0.000,NULL,0,0.000,'0',0.000,'0',1,NULL,1,0,NULL,NULL,NULL,NULL,0.00000000,1.00000000,NULL),
(13,1,'2015-03-12 09:30:24',1,'2015-03-12 10:30:24',1,100.00000000,112.50000000,90.00000000,101.25000000,'HT',12.500,NULL,0,0.000,'0',0.000,'0',1,NULL,1,0,NULL,NULL,NULL,NULL,0.00000000,1.00000000,NULL),
(14,1,'2018-07-30 13:31:29',12,'2018-07-30 17:31:29',1,9.00000000,9.00000000,9.00000000,9.00000000,'HT',0.000,NULL,0,0.000,'0',0.000,'0',12,NULL,1,0,NULL,NULL,NULL,NULL,0.00000000,1.00000000,NULL),
(15,1,'2017-02-15 23:49:00',13,'2017-02-16 03:49:00',1,100.00000000,110.00000000,0.00000000,0.00000000,'HT',10.000,NULL,0,0.000,'0',0.000,'0',12,NULL,0,0,NULL,NULL,NULL,NULL,0.00000000,1.00000000,NULL),
(16,1,'2017-08-30 15:04:04',10,'2017-08-30 19:04:04',1,100.00000000,110.00000000,0.00000000,0.00000000,'HT',10.000,NULL,0,0.000,'0',0.000,'0',12,NULL,1,0,NULL,NULL,NULL,NULL,0.00000000,1.00000000,NULL),
(18,1,'2019-11-28 12:33:35',24,'2019-11-28 16:33:35',1,0.00000000,0.00000000,0.00000000,0.00000000,'HT',20.000,NULL,0,0.000,'0',0.000,'0',12,NULL,1,0,NULL,NULL,NULL,NULL,0.00000000,1.00000000,NULL),
(19,1,'2019-11-28 12:34:33',24,'2019-11-28 16:34:33',1,0.83333000,1.00000000,0.00000000,0.00000000,'TTC',20.000,NULL,0,0.000,'0',0.000,'0',12,NULL,1,0,NULL,NULL,NULL,NULL,0.00000000,1.00000000,NULL),
(20,1,'2019-11-28 12:37:36',25,'2019-11-28 16:37:36',1,0.00000000,0.00000000,0.00000000,0.00000000,'HT',20.000,NULL,0,0.000,'0',0.000,'0',12,NULL,1,0,NULL,NULL,NULL,NULL,0.00000000,1.00000000,NULL),
(21,1,'2019-11-28 12:37:58',25,'2019-11-28 16:37:58',1,1.25000000,1.50000000,0.00000000,0.00000000,'TTC',20.000,NULL,0,0.000,'0',0.000,'0',12,NULL,1,0,NULL,NULL,NULL,NULL,0.00000000,1.00000000,NULL),
(22,1,'2019-11-28 12:38:44',26,'2019-11-28 16:38:44',1,1.08333000,1.30000000,0.00000000,0.00000000,'TTC',20.000,NULL,0,0.000,'0',0.000,'0',12,NULL,1,0,NULL,NULL,NULL,NULL,0.00000000,1.00000000,NULL),
(23,1,'2019-11-28 12:39:21',27,'2019-11-28 16:39:21',1,1.08333000,1.30000000,0.00000000,0.00000000,'TTC',20.000,NULL,0,0.000,'0',0.000,'0',12,NULL,1,0,NULL,NULL,NULL,NULL,0.00000000,1.00000000,NULL),
(24,1,'2019-11-28 12:39:58',28,'2019-11-28 16:39:58',1,2.00000000,2.40000000,0.00000000,0.00000000,'HT',20.000,NULL,0,0.000,'0',0.000,'0',12,NULL,1,0,NULL,NULL,NULL,NULL,0.00000000,1.00000000,NULL),
(25,1,'2019-11-28 13:03:14',29,'2019-11-28 17:03:14',1,1.66667000,2.00000000,0.00000000,0.00000000,'TTC',20.000,NULL,0,0.000,'0',0.000,'0',12,NULL,1,0,NULL,NULL,NULL,NULL,0.00000000,1.00000000,NULL),
(26,1,'2019-11-28 13:09:14',30,'2019-11-28 17:09:14',1,0.41667000,0.50000000,0.00000000,0.00000000,'TTC',20.000,NULL,0,0.000,'0',0.000,'0',12,NULL,1,0,NULL,NULL,NULL,NULL,0.00000000,1.00000000,NULL),
(28,1,'2019-11-28 15:12:50',2,'2019-11-28 19:12:50',1,10.00000000,12.00000000,8.33333000,10.00000000,'TTC',20.000,NULL,0,0.000,'0',0.000,'0',12,NULL,1,0,NULL,NULL,NULL,NULL,0.00000000,1.00000000,NULL),
(29,1,'2020-01-01 19:54:16',4,'2020-01-01 23:54:16',1,5.00000000,5.00000000,0.00000000,0.00000000,'HT',0.000,'CGST+SGST',0,9.000,'1',9.000,'1',12,NULL,1,0,NULL,NULL,NULL,NULL,0.00000000,1.00000000,NULL),
(30,1,'2020-01-02 19:02:35',4,'2020-01-02 23:02:35',1,5.00000000,5.00000000,2.00000000,2.00000000,'HT',0.000,'CGST+SGST',0,9.000,'1',9.000,'1',12,NULL,1,0,NULL,NULL,NULL,NULL,0.00000000,1.00000000,NULL),
(31,1,'2020-01-02 19:02:35',4,'2020-01-02 23:02:35',2,6.00000000,6.00000000,3.00000000,3.00000000,'HT',0.000,'CGST+SGST',0,9.000,'1',9.000,'1',12,NULL,1,0,NULL,NULL,NULL,NULL,0.00000000,1.00000000,NULL),
(32,1,'2020-01-02 19:02:35',4,'2020-01-02 23:02:35',3,7.00000000,7.00000000,4.00000000,4.00000000,'HT',0.000,'CGST+SGST',0,9.000,'1',9.000,'1',12,NULL,1,0,NULL,NULL,NULL,NULL,0.00000000,1.00000000,NULL),
(33,1,'2020-01-02 19:02:35',4,'2020-01-02 23:02:35',4,8.00000000,8.00000000,5.00000000,5.00000000,'HT',0.000,'CGST+SGST',0,9.000,'1',9.000,'1',12,NULL,1,0,NULL,NULL,NULL,NULL,0.00000000,1.00000000,NULL),
(34,1,'2020-01-02 19:02:35',4,'2020-01-02 23:02:35',5,9.00000000,9.00000000,6.00000000,6.00000000,'HT',0.000,'CGST+SGST',0,9.000,'1',9.000,'1',12,NULL,1,0,NULL,NULL,NULL,NULL,0.00000000,1.00000000,NULL),
(35,1,'2020-01-17 13:54:18',1,'2020-01-17 14:54:18',1,11.00000000,12.37500000,9.00000000,10.12500000,'HT',12.500,NULL,0,0.000,'0',0.000,'0',12,NULL,1,0,NULL,NULL,NULL,NULL,0.00000000,1.00000000,NULL),
(36,1,'2020-01-17 13:54:18',1,'2020-01-17 14:54:18',2,0.00000000,0.00000000,0.00000000,0.00000000,'HT',12.500,NULL,0,0.000,'0',0.000,'0',12,NULL,1,0,NULL,NULL,NULL,NULL,0.00000000,1.00000000,NULL),
(37,1,'2020-01-17 13:54:18',1,'2020-01-17 14:54:18',3,13.00000000,14.62500000,0.00000000,0.00000000,'HT',12.500,NULL,0,0.000,'0',0.000,'0',12,NULL,1,0,NULL,NULL,NULL,NULL,0.00000000,1.00000000,NULL),
(38,1,'2020-01-17 13:54:18',1,'2020-01-17 14:54:18',4,14.00000000,15.75000000,0.00000000,0.00000000,'HT',12.500,NULL,0,0.000,'0',0.000,'0',12,NULL,1,0,NULL,NULL,NULL,NULL,0.00000000,1.00000000,NULL),
(39,1,'2020-01-17 13:54:18',1,'2020-01-17 14:54:18',5,15.00000000,16.87500000,0.00000000,0.00000000,'HT',12.500,NULL,0,0.000,'0',0.000,'0',12,NULL,1,0,NULL,NULL,NULL,NULL,0.00000000,1.00000000,NULL),
(40,1,'2020-01-17 14:22:28',1,'2020-01-17 15:22:28',1,9.00000000,10.12500000,0.00000000,0.00000000,'HT',12.500,NULL,0,0.000,'0',0.000,'0',12,NULL,1,0,NULL,NULL,NULL,NULL,0.00000000,1.00000000,NULL),
(41,1,'2021-04-15 11:38:02',31,'2021-04-15 08:38:02',1,0.00000000,0.00000000,0.00000000,0.00000000,'HT',19.600,NULL,0,0.000,'0',0.000,'0',12,NULL,1,0,NULL,NULL,NULL,NULL,0.00000000,1.00000000,NULL),
(42,1,'2022-12-16 10:00:14',5,'2022-12-16 10:00:14',1,10.00000000,10.00000000,0.00000000,0.00000000,'HT',0.000,'CGST+SGST',0,9.000,'1',9.000,'1',12,NULL,1,0,NULL,NULL,NULL,NULL,0.00000000,1.00000000,NULL),
(43,1,'2022-12-30 13:44:06',32,'2022-12-30 10:44:06',1,0.00000000,0.00000000,0.00000000,0.00000000,'HT',20.000,NULL,0,0.000,'0',0.000,'0',12,NULL,1,0,NULL,NULL,NULL,NULL,0.00000000,1.00000000,NULL),
(44,1,'2023-01-03 14:07:52',33,'2023-01-03 11:07:52',1,0.00000000,0.00000000,0.00000000,0.00000000,'HT',20.000,NULL,0,0.000,'0',0.000,'0',12,NULL,1,0,NULL,NULL,NULL,NULL,0.00000000,1.00000000,NULL),
(45,1,'2023-01-03 14:07:52',33,'2023-01-03 11:07:52',1,0.00000000,0.00000000,0.00000000,0.00000000,'HT',20.000,NULL,0,0.000,'0',0.000,'0',12,NULL,1,0,NULL,NULL,NULL,NULL,0.00000000,1.00000000,NULL),
(46,1,'2023-01-03 14:15:51',34,'2023-01-03 11:15:51',1,0.00000000,0.00000000,0.00000000,0.00000000,'HT',20.000,NULL,0,0.000,'0',0.000,'0',12,NULL,1,0,NULL,NULL,NULL,NULL,0.00000000,1.00000000,NULL),
(47,1,'2023-01-03 14:15:51',34,'2023-01-03 11:15:51',1,0.00000000,0.00000000,0.00000000,0.00000000,'HT',20.000,NULL,0,0.000,'0',0.000,'0',12,NULL,1,0,NULL,NULL,NULL,NULL,0.00000000,1.00000000,NULL),
(48,1,'2024-12-23 21:55:04',35,'2024-12-23 21:55:04',1,0.00000000,0.00000000,0.00000000,0.00000000,'HT',28.000,'I-28',0,0.000,'0',0.000,'0',12,NULL,1,0,NULL,NULL,NULL,NULL,0.00000000,1.00000000,NULL);

--
-- Table structure for table `llx_product_price_by_qty`
--

CREATE TABLE `llx_product_price_by_qty` (
  `rowid` int(11) NOT NULL AUTO_INCREMENT,
  `fk_product_price` int(11) NOT NULL,
  `price` double(24,8) DEFAULT 0.00000000,
  `price_ttc` double(24,8) DEFAULT 0.00000000,
  `remise_percent` double NOT NULL DEFAULT 0,
  `remise` double NOT NULL DEFAULT 0,
  `qty_min` double DEFAULT 0,
  `fk_user_creat` int(11) DEFAULT NULL,
  `fk_user_modif` int(11) DEFAULT NULL,
  `tms` timestamp NOT NULL DEFAULT current_timestamp() ON UPDATE current_timestamp(),
  `import_key` varchar(14) DEFAULT NULL,
  `quantity` double DEFAULT NULL,
  `unitprice` double(24,8) DEFAULT 0.00000000,
  `price_base_type` varchar(3) DEFAULT 'HT',
  `fk_multicurrency` int(11) DEFAULT NULL,
  `multicurrency_code` varchar(3) DEFAULT NULL,
  `multicurrency_tx` double(24,8) DEFAULT 1.00000000,
  `multicurrency_price` double(24,8) DEFAULT NULL,
  `multicurrency_price_ttc` double(24,8) DEFAULT NULL,
  PRIMARY KEY (`rowid`),
  UNIQUE KEY `uk_product_price_by_qty_level` (`fk_product_price`,`quantity`),
  KEY `idx_product_price_by_qty_fk_product_price` (`fk_product_price`),
  CONSTRAINT `fk_product_price_by_qty_fk_product_price` FOREIGN KEY (`fk_product_price`) REFERENCES `llx_product_price` (`rowid`)
) ENGINE=InnoDB DEFAULT CHARSET=utf8mb3 COLLATE=utf8mb3_unicode_ci;

--
-- Dumping data for table `llx_product_price_by_qty`
--


--
-- Table structure for table `llx_product_price_extrafields`
--

CREATE TABLE `llx_product_price_extrafields` (
  `rowid` int(11) NOT NULL AUTO_INCREMENT,
  `tms` timestamp NULL DEFAULT current_timestamp() ON UPDATE current_timestamp(),
  `fk_object` int(11) NOT NULL,
  `import_key` varchar(14) DEFAULT NULL,
  PRIMARY KEY (`rowid`),
  UNIQUE KEY `uk_product_price_extrafields` (`fk_object`)
) ENGINE=InnoDB DEFAULT CHARSET=utf8mb4 COLLATE=utf8mb4_general_ci;

--
-- Dumping data for table `llx_product_price_extrafields`
--


--
-- Table structure for table `llx_product_pricerules`
--

CREATE TABLE `llx_product_pricerules` (
  `rowid` int(11) NOT NULL AUTO_INCREMENT,
  `level` int(11) NOT NULL,
  `fk_level` int(11) NOT NULL,
  `var_percent` float NOT NULL,
  `var_min_percent` float NOT NULL,
  PRIMARY KEY (`rowid`),
  UNIQUE KEY `unique_level` (`level`)
) ENGINE=InnoDB DEFAULT CHARSET=utf8mb3 COLLATE=utf8mb3_unicode_ci;

--
-- Dumping data for table `llx_product_pricerules`
--


--
-- Table structure for table `llx_product_stock`
--

CREATE TABLE `llx_product_stock` (
  `rowid` int(11) NOT NULL AUTO_INCREMENT,
  `tms` timestamp NOT NULL DEFAULT current_timestamp() ON UPDATE current_timestamp(),
  `fk_product` int(11) NOT NULL,
  `fk_entrepot` int(11) NOT NULL,
  `reel` double DEFAULT NULL,
  `import_key` varchar(14) DEFAULT NULL,
  PRIMARY KEY (`rowid`),
  UNIQUE KEY `uk_product_stock` (`fk_product`,`fk_entrepot`),
  KEY `idx_product_stock_fk_product` (`fk_product`),
  KEY `idx_product_stock_fk_entrepot` (`fk_entrepot`),
  CONSTRAINT `fk_entrepot_entrepot_rowid` FOREIGN KEY (`fk_entrepot`) REFERENCES `llx_entrepot` (`rowid`),
  CONSTRAINT `fk_product_product_rowid` FOREIGN KEY (`fk_product`) REFERENCES `llx_product` (`rowid`)
) ENGINE=InnoDB AUTO_INCREMENT=14 DEFAULT CHARSET=utf8mb3 COLLATE=utf8mb3_unicode_ci;

--
-- Dumping data for table `llx_product_stock`
--

INSERT INTO `llx_product_stock` VALUES
(1,'2012-07-08 22:43:51',2,2,1000,NULL),
(3,'2020-01-07 16:25:02',4,2,1007,NULL),
(4,'2020-01-08 16:41:18',4,1,13.2,NULL),
(5,'2025-03-19 11:34:39',1,1,2.8,NULL),
(6,'2015-01-19 17:22:48',11,1,-1,NULL),
(7,'2015-01-19 17:31:58',2,1,-2,NULL),
(8,'2018-07-30 13:40:39',10,2,75,NULL),
(9,'2017-02-16 00:12:09',10,1,35,NULL),
(10,'2020-01-13 11:13:19',25,1,15.599999999999994,NULL),
(11,'2021-04-15 11:40:18',4,20,1,NULL);

--
-- Table structure for table `llx_product_thirdparty`
--

CREATE TABLE `llx_product_thirdparty` (
  `rowid` int(11) NOT NULL AUTO_INCREMENT,
  `fk_product` int(11) NOT NULL,
  `fk_soc` int(11) NOT NULL,
  `fk_product_thirdparty_relation_type` int(11) NOT NULL,
  `date_start` datetime DEFAULT NULL,
  `date_end` datetime DEFAULT NULL,
  `fk_project` int(11) DEFAULT NULL,
  `description` text DEFAULT NULL,
  `note_public` text DEFAULT NULL,
  `note_private` text DEFAULT NULL,
  `date_creation` datetime NOT NULL,
  `tms` timestamp NOT NULL DEFAULT current_timestamp() ON UPDATE current_timestamp(),
  `fk_user_creat` int(11) NOT NULL,
  `fk_user_modif` int(11) DEFAULT NULL,
  `last_main_doc` varchar(255) DEFAULT NULL,
  `import_key` varchar(14) DEFAULT NULL,
  `model_pdf` varchar(255) DEFAULT NULL,
  `status` int(11) NOT NULL DEFAULT 1,
  PRIMARY KEY (`rowid`)
) ENGINE=InnoDB DEFAULT CHARSET=utf8mb3 COLLATE=utf8mb3_unicode_ci;

--
-- Dumping data for table `llx_product_thirdparty`
--


--
-- Table structure for table `llx_product_warehouse_properties`
--

CREATE TABLE `llx_product_warehouse_properties` (
  `rowid` int(11) NOT NULL AUTO_INCREMENT,
  `tms` timestamp NOT NULL DEFAULT current_timestamp() ON UPDATE current_timestamp(),
  `fk_product` int(11) NOT NULL,
  `fk_entrepot` int(11) NOT NULL,
  `seuil_stock_alerte` float DEFAULT 0,
  `desiredstock` float DEFAULT 0,
  `import_key` varchar(14) DEFAULT NULL,
  PRIMARY KEY (`rowid`)
) ENGINE=InnoDB DEFAULT CHARSET=utf8mb3 COLLATE=utf8mb3_unicode_ci;

--
-- Dumping data for table `llx_product_warehouse_properties`
--


--
-- Table structure for table `llx_projet`
--

CREATE TABLE `llx_projet` (
  `rowid` int(11) NOT NULL AUTO_INCREMENT,
  `fk_soc` int(11) DEFAULT NULL,
  `datec` datetime DEFAULT NULL,
  `tms` timestamp NOT NULL DEFAULT current_timestamp() ON UPDATE current_timestamp(),
  `dateo` date DEFAULT NULL,
  `datee` date DEFAULT NULL,
  `ref` varchar(50) DEFAULT NULL,
  `ref_ext` varchar(50) DEFAULT NULL,
  `entity` int(11) NOT NULL DEFAULT 1,
  `title` varchar(255) NOT NULL,
  `description` text DEFAULT NULL,
  `fk_user_creat` int(11) NOT NULL,
  `public` int(11) DEFAULT NULL,
  `fk_statut` smallint(6) NOT NULL DEFAULT 0,
  `fk_opp_status` int(11) DEFAULT NULL,
  `opp_percent` double(5,2) DEFAULT NULL,
  `note_private` text DEFAULT NULL,
  `note_public` text DEFAULT NULL,
  `model_pdf` varchar(255) DEFAULT NULL,
  `last_main_doc` varchar(255) DEFAULT NULL,
  `budget_amount` double(24,8) DEFAULT NULL,
  `date_close` datetime DEFAULT NULL,
  `fk_user_close` int(11) DEFAULT NULL,
  `opp_amount` double(24,8) DEFAULT NULL,
  `import_key` varchar(14) DEFAULT NULL,
  `fk_user_modif` int(11) DEFAULT NULL,
  `usage_bill_time` int(11) DEFAULT 0,
  `usage_opportunity` int(11) DEFAULT 0,
  `usage_task` int(11) DEFAULT 1,
  `usage_organize_event` int(11) DEFAULT 0,
  `email_msgid` varchar(175) DEFAULT NULL,
  `email_date` datetime DEFAULT NULL,
  `fk_opp_status_end` int(11) DEFAULT NULL,
  `accept_conference_suggestions` int(11) DEFAULT 0,
  `accept_booth_suggestions` int(11) DEFAULT 0,
  `price_registration` double(24,8) DEFAULT NULL,
  `price_booth` double(24,8) DEFAULT NULL,
  `max_attendees` int(11) DEFAULT 0,
  `ip` varchar(250) DEFAULT NULL,
  `date_start_event` datetime DEFAULT NULL,
  `date_end_event` datetime DEFAULT NULL,
  `location` varchar(255) DEFAULT NULL,
  `extraparams` varchar(255) DEFAULT NULL,
  `fk_project` int(11) DEFAULT NULL,
  PRIMARY KEY (`rowid`),
  UNIQUE KEY `uk_projet_ref` (`ref`,`entity`),
  KEY `idx_projet_fk_soc` (`fk_soc`),
  CONSTRAINT `fk_projet_fk_soc` FOREIGN KEY (`fk_soc`) REFERENCES `llx_societe` (`rowid`)
) ENGINE=InnoDB AUTO_INCREMENT=16 DEFAULT CHARSET=utf8mb3 COLLATE=utf8mb3_unicode_ci;

--
-- Dumping data for table `llx_projet`
--

INSERT INTO `llx_projet` VALUES
(1,11,'2012-07-09 00:00:00','2017-10-05 20:51:28','2012-07-09',NULL,'PROJ1',NULL,1,'Project One','',1,0,1,NULL,NULL,NULL,'gdfgdfg','baleine',NULL,NULL,NULL,NULL,NULL,NULL,NULL,0,0,1,0,NULL,NULL,NULL,0,0,NULL,NULL,0,NULL,NULL,NULL,NULL,NULL,NULL),
(2,13,'2012-07-09 00:00:00','2025-06-18 14:14:19','2012-07-09',NULL,'PROJ2',NULL,1,'Project Two','',1,0,1,1,60.00,NULL,NULL,NULL,'projet/PROJ2/PROJ2.pdf',NULL,NULL,NULL,1250.25000000,NULL,12,0,1,1,0,NULL,NULL,NULL,0,0,NULL,NULL,0,NULL,NULL,NULL,'',NULL,NULL),
(3,1,'2012-07-09 00:00:00','2020-01-15 12:40:50','2012-07-09',NULL,'PROJINDIAN',NULL,1,'Project for Indian company move','',1,0,1,NULL,NULL,NULL,NULL,NULL,NULL,NULL,NULL,NULL,NULL,NULL,12,1,0,1,0,NULL,NULL,NULL,0,0,NULL,NULL,0,NULL,NULL,NULL,NULL,NULL,NULL),
(4,NULL,'2012-07-09 00:00:00','2012-07-08 22:50:49','2012-07-09',NULL,'PROJSHARED',NULL,1,'The Global project','',1,1,1,NULL,NULL,NULL,NULL,NULL,NULL,NULL,NULL,NULL,NULL,NULL,NULL,0,0,1,0,NULL,NULL,NULL,0,0,NULL,NULL,0,NULL,NULL,NULL,NULL,NULL,NULL),
(5,NULL,'2012-07-11 00:00:00','2020-01-15 12:27:15','2012-07-11','2013-07-14','RMLL',NULL,1,'Project management RMLL','',1,1,1,NULL,NULL,NULL,NULL,NULL,NULL,NULL,NULL,NULL,NULL,NULL,12,1,0,1,0,NULL,NULL,NULL,0,0,NULL,NULL,0,NULL,NULL,NULL,NULL,NULL,NULL),
(6,10,'2018-07-30 00:00:00','2025-06-27 11:05:27','2018-07-30',NULL,'PJ1607-0001b',NULL,1,'PROJALICE1','The Alice project number 1',12,0,1,4,100.00,NULL,NULL,NULL,NULL,5000.00000000,NULL,NULL,8000.00000000,NULL,12,1,1,1,0,NULL,NULL,NULL,0,0,NULL,NULL,0,NULL,NULL,NULL,'',NULL,NULL),
(7,10,'2018-07-30 00:00:00','2019-11-28 11:52:54','2018-07-30',NULL,'PJ1607-0002',NULL,1,'PROJALICE2','The Alice project number 2',12,0,1,6,100.00,NULL,NULL,NULL,NULL,NULL,'2017-02-01 16:24:31',12,7000.00000000,NULL,NULL,0,1,1,0,NULL,NULL,NULL,0,0,NULL,NULL,0,NULL,NULL,NULL,NULL,NULL,NULL),
(8,10,'2018-07-30 00:00:00','2019-11-28 11:52:54','2018-07-30',NULL,'PJ1607-0003',NULL,1,'PROJALICE2','The Alice project number 3',12,0,1,6,100.00,NULL,NULL,NULL,NULL,NULL,NULL,NULL,3550.00000000,NULL,NULL,0,1,1,0,NULL,NULL,NULL,0,0,NULL,NULL,0,NULL,NULL,NULL,NULL,NULL,NULL),
(9,4,'2018-07-31 00:00:00','2019-12-20 16:33:15','2018-07-31',NULL,'PJ1607-0004',NULL,1,'Project Top X','',12,0,2,2,27.00,NULL,NULL,NULL,NULL,NULL,'2019-12-20 20:33:15',12,4000.00000000,NULL,NULL,0,1,1,0,NULL,NULL,NULL,0,0,NULL,NULL,0,NULL,NULL,NULL,NULL,NULL,NULL),
(10,1,'2019-12-21 19:46:33','2025-06-18 14:14:07','2019-12-21',NULL,'PJ1912-0005',NULL,1,'Contact for a new shop in Delhi','',12,0,1,1,20.00,NULL,NULL,NULL,NULL,NULL,NULL,NULL,18000.00000000,NULL,12,0,1,1,0,NULL,NULL,NULL,0,0,NULL,NULL,0,NULL,NULL,NULL,NULL,NULL,NULL),
(11,10,'2019-12-21 19:49:28','2025-06-18 14:14:08','2019-12-02','2019-12-13','PJ1912-0006',NULL,1,'Request for new development of logo','Request to redesign a new logo',12,0,1,4,60.00,NULL,NULL,NULL,NULL,NULL,NULL,NULL,6500.00000000,NULL,12,1,1,1,0,NULL,NULL,NULL,0,0,NULL,NULL,0,NULL,NULL,NULL,NULL,NULL,NULL),
(12,4,'2019-12-21 19:52:12','2025-06-17 13:11:47','2019-12-21',NULL,'PJ1912-0007',NULL,1,'Adding new tool for Customer Relationship Management','',12,1,1,2,0.00,NULL,NULL,NULL,'projet/PJ1912-0007/PJ1912-0007.pdf',NULL,'2023-02-19 12:38:04',12,16000.00000000,NULL,12,1,1,1,0,NULL,NULL,NULL,0,0,NULL,NULL,0,NULL,NULL,NULL,NULL,NULL,NULL),
(13,26,'2019-12-21 19:53:21','2019-12-21 15:53:59','2019-12-21',NULL,'PJ1912-0008',NULL,1,'Cooking 100 apple pie for chrsitmas','',12,0,1,NULL,NULL,NULL,NULL,NULL,NULL,NULL,NULL,NULL,NULL,NULL,12,1,0,1,0,NULL,NULL,NULL,0,0,NULL,NULL,0,NULL,NULL,NULL,NULL,NULL,NULL),
(14,10,'2025-01-20 12:13:25','2025-06-18 13:04:24','2025-01-20',NULL,'PJ2501-0009',NULL,1,'pppp','',12,0,1,3,20.00,NULL,NULL,NULL,NULL,0.00000000,'2025-01-20 12:16:54',NULL,0.00000000,NULL,12,0,1,1,1,NULL,NULL,NULL,1,0,NULL,NULL,NULL,NULL,NULL,NULL,'',NULL,NULL),
(15,32,'2025-06-25 10:12:55','2025-06-25 10:12:55','2025-06-25',NULL,'PJ2506-0010',NULL,1,'aaaaa','',12,0,0,1,0.00,NULL,NULL,NULL,NULL,0.00000000,NULL,NULL,0.00000000,NULL,NULL,0,1,1,0,NULL,NULL,NULL,0,0,NULL,NULL,NULL,NULL,NULL,NULL,NULL,NULL,NULL);

--
-- Table structure for table `llx_projet_extrafields`
--

CREATE TABLE `llx_projet_extrafields` (
  `rowid` int(11) NOT NULL AUTO_INCREMENT,
  `tms` timestamp NOT NULL DEFAULT current_timestamp() ON UPDATE current_timestamp(),
  `fk_object` int(11) NOT NULL,
  `import_key` varchar(14) DEFAULT NULL,
  `priority` mediumtext DEFAULT NULL,
  PRIMARY KEY (`rowid`),
  UNIQUE KEY `uk_projet_extrafields` (`fk_object`)
) ENGINE=InnoDB AUTO_INCREMENT=38 DEFAULT CHARSET=utf8mb3 COLLATE=utf8mb3_unicode_ci;

--
-- Dumping data for table `llx_projet_extrafields`
--

INSERT INTO `llx_projet_extrafields` VALUES
(7,'2018-07-30 15:53:23',8,NULL,'5'),
(9,'2018-07-31 14:27:24',9,NULL,'0'),
(15,'2017-02-01 12:24:31',7,NULL,'1'),
(17,'2019-10-01 11:48:36',6,NULL,'3'),
(22,'2019-12-21 15:48:06',10,NULL,'0'),
(24,'2019-12-21 15:52:12',12,NULL,'4'),
(26,'2019-12-21 15:53:42',13,NULL,'0'),
(28,'2019-12-21 16:10:21',11,NULL,'0'),
(29,'2020-01-15 12:27:15',5,NULL,'0'),
(30,'2020-01-15 12:40:50',3,NULL,'0'),
(33,'2025-06-25 10:12:11',2,NULL,'4'),
(36,'2025-04-18 11:26:31',14,NULL,'0'),
(37,'2025-06-25 10:12:55',15,NULL,'0');

--
-- Table structure for table `llx_projet_task`
--

CREATE TABLE `llx_projet_task` (
  `rowid` int(11) NOT NULL AUTO_INCREMENT,
  `ref` varchar(50) DEFAULT NULL,
  `entity` int(11) NOT NULL DEFAULT 1,
  `fk_projet` int(11) NOT NULL,
  `fk_task_parent` int(11) NOT NULL DEFAULT 0,
  `datec` datetime DEFAULT NULL,
  `tms` timestamp NOT NULL DEFAULT current_timestamp() ON UPDATE current_timestamp(),
  `dateo` datetime DEFAULT NULL,
  `datee` datetime DEFAULT NULL,
  `datev` datetime DEFAULT NULL,
  `label` varchar(255) NOT NULL,
  `description` text DEFAULT NULL,
  `duration_effective` double DEFAULT 0,
  `planned_workload` double DEFAULT 0,
  `progress` int(11) DEFAULT 0,
  `priority` int(11) DEFAULT 0,
  `budget_amount` double(24,8) DEFAULT NULL,
  `fk_user_creat` int(11) DEFAULT NULL,
  `fk_user_valid` int(11) DEFAULT NULL,
  `fk_statut` smallint(6) NOT NULL DEFAULT 0,
  `note_private` text DEFAULT NULL,
  `note_public` text DEFAULT NULL,
  `rang` int(11) DEFAULT 0,
  `model_pdf` varchar(255) DEFAULT NULL,
  `import_key` varchar(14) DEFAULT NULL,
  `status` int(11) NOT NULL DEFAULT 1,
  `billable` smallint(6) DEFAULT 1,
  PRIMARY KEY (`rowid`),
  UNIQUE KEY `uk_projet_task_ref` (`ref`,`entity`),
  KEY `idx_projet_task_fk_projet` (`fk_projet`),
  KEY `idx_projet_task_fk_user_creat` (`fk_user_creat`),
  KEY `idx_projet_task_fk_user_valid` (`fk_user_valid`),
  CONSTRAINT `fk_projet_task_fk_projet` FOREIGN KEY (`fk_projet`) REFERENCES `llx_projet` (`rowid`),
  CONSTRAINT `fk_projet_task_fk_user_creat` FOREIGN KEY (`fk_user_creat`) REFERENCES `llx_user` (`rowid`),
  CONSTRAINT `fk_projet_task_fk_user_valid` FOREIGN KEY (`fk_user_valid`) REFERENCES `llx_user` (`rowid`)
) ENGINE=InnoDB AUTO_INCREMENT=11 DEFAULT CHARSET=utf8mb3 COLLATE=utf8mb3_unicode_ci;

--
-- Dumping data for table `llx_projet_task`
--

INSERT INTO `llx_projet_task` VALUES
(2,'2',1,5,0,'2012-07-11 16:23:53','2015-09-08 23:06:14','2012-07-11 12:00:00','2013-07-14 12:00:00',NULL,'Heberger site RMLL','',0,0,0,0,NULL,1,NULL,0,NULL,NULL,0,NULL,NULL,1,1),
(3,'TK1007-0001',1,1,0,'2016-12-21 13:52:41','2018-07-30 11:35:40','2016-12-21 16:52:00',NULL,NULL,'Analyze','',9000,36000,0,0,NULL,1,NULL,0,NULL,'gdfgdfgdf',0,NULL,NULL,1,1),
(4,'TK1007-0002',1,1,0,'2016-12-21 13:55:39','2020-06-12 17:13:30','2016-12-21 16:55:00',NULL,NULL,'Specification','',10800,18000,25,0,NULL,1,NULL,0,NULL,NULL,0,NULL,NULL,1,1),
(5,'TK1007-0003',1,1,0,'2016-12-21 14:16:58','2018-07-30 11:35:59','2016-12-21 17:16:00',NULL,NULL,'Development','',0,0,0,0,NULL,1,NULL,0,NULL,NULL,0,NULL,NULL,1,1),
(6,'TK1607-0004',1,6,0,'2018-07-30 15:33:27','2023-08-15 11:50:39','2018-07-30 02:00:00',NULL,NULL,'Project preparation phase A','',21720,720000,10,0,NULL,12,NULL,0,NULL,NULL,0,NULL,NULL,1,1),
(7,'TK1607-0005',1,6,0,'2018-07-30 15:33:39','2025-06-27 11:02:19','2018-07-30 02:00:00',NULL,NULL,'Project preparation phase B','',660,1080000,5,0,NULL,12,NULL,2,NULL,NULL,0,NULL,NULL,1,1),
(8,'TK1607-0006',1,6,0,'2018-07-30 15:33:53','2023-02-23 21:11:30','2018-07-30 02:00:00',NULL,NULL,'Project execution phase A','',7200,162000,0,0,NULL,12,NULL,0,NULL,NULL,0,NULL,NULL,1,1),
(9,'TK1607-0007',1,6,0,'2018-07-30 15:34:09','2018-07-30 11:34:09','2018-10-27 02:00:00',NULL,NULL,'Project execution phase B','',0,2160000,0,0,NULL,12,NULL,0,NULL,NULL,0,NULL,NULL,1,1),
(10,'TK1007-0008',1,1,0,'2018-07-30 15:36:31','2018-07-30 11:36:31','2018-07-30 02:00:00',NULL,NULL,'Tests','',0,316800,0,0,NULL,12,NULL,0,NULL,NULL,0,NULL,NULL,1,1);

--
-- Table structure for table `llx_projet_task_extrafields`
--

CREATE TABLE `llx_projet_task_extrafields` (
  `rowid` int(11) NOT NULL AUTO_INCREMENT,
  `tms` timestamp NOT NULL DEFAULT current_timestamp() ON UPDATE current_timestamp(),
  `fk_object` int(11) NOT NULL,
  `import_key` varchar(14) DEFAULT NULL,
  PRIMARY KEY (`rowid`),
  UNIQUE KEY `uk_projet_task_extrafields` (`fk_object`)
) ENGINE=InnoDB DEFAULT CHARSET=utf8mb3 COLLATE=utf8mb3_unicode_ci;

--
-- Dumping data for table `llx_projet_task_extrafields`
--


--
-- Table structure for table `llx_propal`
--

CREATE TABLE `llx_propal` (
  `rowid` int(11) NOT NULL AUTO_INCREMENT,
  `fk_soc` int(11) DEFAULT NULL,
  `fk_projet` int(11) DEFAULT NULL,
  `tms` timestamp NOT NULL DEFAULT current_timestamp() ON UPDATE current_timestamp(),
  `ref` varchar(30) NOT NULL,
  `entity` int(11) NOT NULL DEFAULT 1,
  `ref_ext` varchar(255) DEFAULT NULL,
  `ref_int` varchar(255) DEFAULT NULL,
  `ref_client` varchar(255) DEFAULT NULL,
  `datec` datetime DEFAULT NULL,
  `datep` date DEFAULT NULL,
  `fin_validite` datetime DEFAULT NULL,
  `date_valid` datetime DEFAULT NULL,
  `date_signature` datetime DEFAULT NULL,
  `date_cloture` datetime DEFAULT NULL,
  `fk_user_author` int(11) DEFAULT NULL,
  `fk_user_modif` int(11) DEFAULT NULL,
  `fk_user_valid` int(11) DEFAULT NULL,
  `fk_user_signature` int(11) DEFAULT NULL,
  `fk_user_cloture` int(11) DEFAULT NULL,
  `fk_statut` smallint(6) NOT NULL DEFAULT 0,
  `price` double DEFAULT 0,
  `remise_percent` double DEFAULT 0,
  `remise_absolue` double DEFAULT 0,
  `remise` double DEFAULT 0,
  `total_ht` double(24,8) DEFAULT 0.00000000,
  `total_tva` double(24,8) DEFAULT 0.00000000,
  `localtax1` double(24,8) DEFAULT 0.00000000,
  `localtax2` double(24,8) DEFAULT 0.00000000,
  `total_ttc` double(24,8) DEFAULT 0.00000000,
  `fk_account` int(11) DEFAULT NULL,
  `fk_currency` varchar(3) DEFAULT NULL,
  `fk_cond_reglement` int(11) DEFAULT NULL,
  `deposit_percent` varchar(63) DEFAULT NULL,
  `fk_mode_reglement` int(11) DEFAULT NULL,
  `note_private` text DEFAULT NULL,
  `note_public` text DEFAULT NULL,
  `model_pdf` varchar(255) DEFAULT NULL,
  `model_pdf_pos_sign` varchar(32) DEFAULT NULL,
  `date_livraison` date DEFAULT NULL,
  `fk_shipping_method` int(11) DEFAULT NULL,
  `fk_warehouse` int(11) DEFAULT NULL,
  `fk_availability` int(11) DEFAULT NULL,
  `fk_delivery_address` int(11) DEFAULT NULL,
  `fk_input_reason` int(11) DEFAULT NULL,
  `import_key` varchar(14) DEFAULT NULL,
  `extraparams` varchar(255) DEFAULT NULL,
  `fk_incoterms` int(11) DEFAULT NULL,
  `location_incoterms` varchar(255) DEFAULT NULL,
  `fk_multicurrency` int(11) DEFAULT NULL,
  `multicurrency_code` varchar(3) DEFAULT NULL,
  `multicurrency_tx` double(24,8) DEFAULT 1.00000000,
  `multicurrency_total_ht` double(24,8) DEFAULT 0.00000000,
  `multicurrency_total_tva` double(24,8) DEFAULT 0.00000000,
  `multicurrency_total_ttc` double(24,8) DEFAULT 0.00000000,
  `last_main_doc` varchar(255) DEFAULT NULL,
  `online_sign_ip` varchar(48) DEFAULT NULL,
  `online_sign_name` varchar(64) DEFAULT NULL,
  PRIMARY KEY (`rowid`),
  UNIQUE KEY `uk_propal_ref` (`ref`,`entity`),
  KEY `idx_propal_fk_soc` (`fk_soc`),
  KEY `idx_propal_fk_user_author` (`fk_user_author`),
  KEY `idx_propal_fk_user_valid` (`fk_user_valid`),
  KEY `idx_propal_fk_user_cloture` (`fk_user_cloture`),
  KEY `idx_propal_fk_projet` (`fk_projet`),
  KEY `idx_propal_fk_account` (`fk_account`),
  KEY `idx_propal_fk_currency` (`fk_currency`),
  KEY `idx_propal_fk_warehouse` (`fk_warehouse`),
  KEY `fk_propal_fk_user_signature` (`fk_user_signature`),
  CONSTRAINT `fk_propal_fk_projet` FOREIGN KEY (`fk_projet`) REFERENCES `llx_projet` (`rowid`),
  CONSTRAINT `fk_propal_fk_soc` FOREIGN KEY (`fk_soc`) REFERENCES `llx_societe` (`rowid`),
  CONSTRAINT `fk_propal_fk_user_author` FOREIGN KEY (`fk_user_author`) REFERENCES `llx_user` (`rowid`),
  CONSTRAINT `fk_propal_fk_user_cloture` FOREIGN KEY (`fk_user_cloture`) REFERENCES `llx_user` (`rowid`),
  CONSTRAINT `fk_propal_fk_user_signature` FOREIGN KEY (`fk_user_signature`) REFERENCES `llx_user` (`rowid`),
  CONSTRAINT `fk_propal_fk_user_valid` FOREIGN KEY (`fk_user_valid`) REFERENCES `llx_user` (`rowid`)
) ENGINE=InnoDB AUTO_INCREMENT=44 DEFAULT CHARSET=utf8mb3 COLLATE=utf8mb3_unicode_ci;

--
-- Dumping data for table `llx_propal`
--

INSERT INTO `llx_propal` VALUES
(1,2,NULL,'2025-07-10 14:29:00','PR1007-0001',1,NULL,NULL,'','2012-07-09 01:33:49','2025-07-09','2024-07-24 12:00:00','2024-08-08 14:24:18',NULL,NULL,1,NULL,1,NULL,NULL,1,0,NULL,NULL,0,30.00000000,3.84000000,0.00000000,0.00000000,33.84000000,NULL,NULL,1,NULL,0,'','','azur',NULL,NULL,NULL,NULL,NULL,NULL,0,NULL,NULL,NULL,NULL,NULL,NULL,1.00000000,0.00000000,0.00000000,0.00000000,'propale/PR1007-0001/PR1007-0001.pdf',NULL,NULL),
(2,1,NULL,'2025-07-10 14:29:00','PR1007-0002',1,NULL,NULL,'','2012-07-10 02:11:44','2025-07-10','2024-07-25 12:00:00','2025-07-10 02:12:55','2020-07-20 15:23:12','2024-07-20 15:23:12',1,NULL,1,1,1,2,0,NULL,NULL,0,10.00000000,0.00000000,0.00000000,0.00000000,10.00000000,NULL,NULL,1,NULL,1,'','','azur',NULL,NULL,NULL,NULL,NULL,NULL,0,NULL,NULL,NULL,NULL,NULL,NULL,1.00000000,0.00000000,0.00000000,0.00000000,'propale/PR1007-0002/PR1007-0002.pdf',NULL,NULL),
(3,4,NULL,'2024-12-20 14:14:20','PR1007-0003',1,NULL,NULL,'','2012-07-18 11:35:11','2024-07-18','2024-08-02 12:00:00','2024-07-18 11:36:18','2020-07-20 15:21:15','2024-07-20 15:21:15',1,NULL,1,1,1,2,0,NULL,NULL,0,10.00000000,0.00000000,0.00000000,0.00000000,10.00000000,NULL,NULL,1,NULL,0,'','','azur',NULL,NULL,NULL,NULL,NULL,NULL,0,NULL,NULL,NULL,NULL,NULL,NULL,1.00000000,0.00000000,0.00000000,0.00000000,'propale/PR1007-0003/PR1007-0003.pdf',NULL,NULL),
(5,19,NULL,'2025-07-10 14:29:00','PR1302-0005',1,NULL,NULL,'','2015-02-17 15:39:56','2025-02-17','2025-03-04 12:00:00','2024-11-15 23:27:10',NULL,NULL,1,NULL,12,NULL,NULL,1,0,NULL,NULL,0,10.00000000,2.00000000,0.00000000,0.00000000,12.00000000,NULL,NULL,1,NULL,0,'','','azur',NULL,NULL,NULL,NULL,0,NULL,0,NULL,NULL,NULL,NULL,NULL,NULL,1.00000000,0.00000000,0.00000000,0.00000000,'propale/PR1302-0005/PR1302-0005.pdf',NULL,NULL),
(6,19,NULL,'2025-07-10 14:29:00','PR1302-0006',1,NULL,NULL,'','2015-02-17 15:40:12','2025-02-17','2025-03-04 12:00:00',NULL,NULL,NULL,1,NULL,NULL,NULL,NULL,0,0,NULL,NULL,0,0.00000000,0.00000000,0.00000000,0.00000000,0.00000000,NULL,NULL,1,NULL,0,'','','azur',NULL,NULL,NULL,NULL,0,NULL,0,NULL,NULL,NULL,NULL,NULL,NULL,1.00000000,0.00000000,0.00000000,0.00000000,'propale/PR1302-0006/PR1302-0006.pdf',NULL,NULL),
(7,19,NULL,'2025-07-10 14:29:00','PR1302-0007',1,NULL,NULL,'','2015-02-17 15:41:15','2025-02-17','2025-03-04 12:00:00','2024-01-29 21:49:33',NULL,NULL,1,NULL,12,NULL,NULL,1,0,NULL,NULL,0,400.00000000,0.00000000,0.00000000,0.00000000,400.00000000,NULL,NULL,1,NULL,0,'','','azur',NULL,NULL,NULL,NULL,0,NULL,0,NULL,NULL,NULL,NULL,NULL,NULL,1.00000000,400.00000000,0.00000000,400.00000000,'propale/PR1302-0007/PR1302-0007.pdf',NULL,NULL),
(8,19,NULL,'2025-07-10 14:29:00','PR1302-0008',1,NULL,NULL,'','2015-02-17 15:43:39','2025-02-17','2025-03-04 12:00:00',NULL,NULL,NULL,1,NULL,NULL,NULL,NULL,0,0,NULL,NULL,0,0.00000000,0.00000000,0.00000000,0.00000000,0.00000000,NULL,NULL,1,NULL,0,'','','azur',NULL,NULL,NULL,NULL,0,NULL,0,NULL,NULL,NULL,NULL,NULL,NULL,1.00000000,0.00000000,0.00000000,0.00000000,'propale/PR1302-0008/PR1302-0008.pdf',NULL,NULL),
(10,7,4,'2024-11-27 15:36:28','PR1909-0031',1,NULL,NULL,'','2017-11-15 23:37:08','2024-11-15','2023-11-30 12:00:00','2024-09-27 16:54:30',NULL,NULL,12,NULL,12,NULL,NULL,1,0,NULL,NULL,0,10.00000000,0.00000000,0.00000000,0.00000000,10.00000000,NULL,NULL,1,NULL,3,'','','azur',NULL,NULL,NULL,NULL,0,NULL,0,NULL,NULL,0,'',NULL,NULL,1.00000000,10.00000000,0.00000000,10.00000000,'propale/PR1909-0031/PR1909-0031.pdf',NULL,NULL),
(11,1,NULL,'2025-07-10 14:29:00','PR1702-0009',1,NULL,NULL,'','2017-02-16 01:44:58','2025-05-13','2025-05-28 12:00:00','2025-02-16 01:44:58',NULL,NULL,1,NULL,1,NULL,NULL,1,0,NULL,NULL,0,60.00000000,0.00000000,0.00000000,0.00000000,60.00000000,NULL,NULL,3,NULL,3,'','','',NULL,NULL,NULL,NULL,0,NULL,0,NULL,NULL,0,'',0,'EUR',1.00000000,60.00000000,0.00000000,60.00000000,'propale/PR1702-0009/PR1702-0009.pdf',NULL,NULL),
(12,7,NULL,'2025-07-10 14:29:00','PR1702-0010',1,NULL,NULL,'','2017-02-16 01:45:44','2025-06-24','2024-07-09 12:00:00','2025-02-16 01:45:44',NULL,NULL,2,NULL,2,NULL,NULL,1,0,NULL,NULL,0,832.00000000,0.00000000,0.00000000,0.00000000,832.00000000,NULL,NULL,3,NULL,3,'','','',NULL,NULL,NULL,NULL,0,NULL,0,NULL,NULL,0,'',0,'EUR',1.00000000,832.00000000,0.00000000,832.00000000,'propale/PR1702-0010/PR1702-0010.pdf',NULL,NULL),
(13,26,NULL,'2025-07-10 14:29:00','PR1702-0011',1,NULL,NULL,'','2017-02-16 01:46:15','2025-04-03','2024-04-18 12:00:00','2025-02-16 01:46:15',NULL,NULL,1,NULL,1,NULL,NULL,1,0,NULL,NULL,0,242.00000000,0.00000000,0.00000000,0.00000000,242.00000000,NULL,NULL,3,NULL,3,'','','',NULL,NULL,NULL,NULL,0,NULL,0,NULL,NULL,0,'',0,'EUR',1.00000000,242.00000000,0.00000000,242.00000000,'propale/PR1702-0011/PR1702-0011.pdf',NULL,NULL),
(14,3,NULL,'2025-07-10 14:29:00','PR1702-0012',1,NULL,NULL,'','2017-02-16 01:46:15','2025-06-19','2024-07-04 12:00:00','2025-02-16 01:46:15',NULL,NULL,2,NULL,2,NULL,NULL,1,0,NULL,NULL,0,245.00000000,0.00000000,0.00000000,0.00000000,245.00000000,NULL,NULL,3,NULL,3,'','','',NULL,NULL,NULL,NULL,0,NULL,0,NULL,NULL,0,'',0,'EUR',1.00000000,245.00000000,0.00000000,245.00000000,'propale/PR1702-0012/PR1702-0012.pdf',NULL,NULL),
(15,26,NULL,'2025-07-10 14:29:00','PR1702-0013',1,NULL,NULL,'','2017-02-16 01:46:15','2025-05-01','2025-05-16 12:00:00','2024-02-16 01:46:15',NULL,NULL,2,NULL,2,NULL,NULL,1,0,NULL,NULL,0,940.00000000,0.00000000,0.00000000,0.00000000,940.00000000,NULL,NULL,3,NULL,3,'','','',NULL,NULL,NULL,NULL,0,NULL,0,NULL,NULL,0,'',0,'EUR',1.00000000,940.00000000,0.00000000,940.00000000,'propale/PR1702-0013/PR1702-0013.pdf',NULL,NULL),
(16,1,NULL,'2025-07-10 14:29:00','PR1702-0014',1,NULL,NULL,'','2017-02-16 01:46:15','2025-05-13','2025-05-28 12:00:00','2025-02-16 01:46:15',NULL,NULL,2,NULL,2,NULL,NULL,1,0,NULL,NULL,0,125.00000000,0.00000000,0.00000000,0.00000000,125.00000000,NULL,NULL,3,NULL,3,'','','',NULL,NULL,NULL,NULL,0,NULL,0,NULL,NULL,0,'',0,'EUR',1.00000000,125.00000000,0.00000000,125.00000000,'propale/PR1702-0014/PR1702-0014.pdf',NULL,NULL),
(17,1,NULL,'2024-12-20 14:14:20','PR1702-0015',1,NULL,NULL,'','2017-02-16 01:46:15','2024-07-23','2024-08-07 12:00:00','2024-02-16 01:46:15',NULL,NULL,1,NULL,1,NULL,NULL,1,0,NULL,NULL,0,163.00000000,0.00000000,0.00000000,0.00000000,163.00000000,NULL,NULL,3,NULL,3,'','','',NULL,NULL,NULL,NULL,0,NULL,0,NULL,NULL,0,'',0,'EUR',1.00000000,163.00000000,0.00000000,163.00000000,'propale/PR1702-0015/PR1702-0015.pdf',NULL,NULL),
(18,26,NULL,'2025-07-10 14:29:00','PR1702-0016',1,NULL,NULL,'','2017-02-16 01:46:15','2025-02-13','2025-02-28 12:00:00','2025-02-16 01:46:15',NULL,NULL,2,NULL,2,NULL,NULL,1,0,NULL,NULL,0,900.00000000,0.00000000,0.00000000,0.00000000,900.00000000,NULL,NULL,3,NULL,3,'','','',NULL,NULL,NULL,NULL,0,NULL,0,NULL,NULL,0,'',0,'EUR',1.00000000,900.00000000,0.00000000,900.00000000,'propale/PR1702-0016/PR1702-0016.pdf',NULL,NULL),
(19,12,NULL,'2025-07-10 14:29:00','PR1702-0017',1,NULL,NULL,'','2017-02-16 01:46:15','2025-03-30','2025-04-14 12:00:00','2025-02-16 01:46:15',NULL,NULL,2,NULL,2,NULL,NULL,1,0,NULL,NULL,0,200.00000000,0.00000000,0.00000000,0.00000000,200.00000000,NULL,NULL,3,NULL,3,'','','',NULL,NULL,NULL,NULL,0,NULL,0,NULL,NULL,0,'',0,'EUR',1.00000000,200.00000000,0.00000000,200.00000000,'propale/PR1702-0017/PR1702-0017.pdf',NULL,NULL),
(20,26,NULL,'2024-12-20 14:14:20','PR1702-0018',1,NULL,NULL,'','2017-02-16 01:46:15','2024-11-13','2023-11-28 12:00:00','2024-02-16 01:46:15',NULL,NULL,1,NULL,1,NULL,NULL,1,0,NULL,NULL,0,830.00000000,0.00000000,0.00000000,0.00000000,830.00000000,NULL,NULL,3,NULL,3,'','','',NULL,NULL,NULL,NULL,0,NULL,0,NULL,NULL,0,'',0,'EUR',1.00000000,830.00000000,0.00000000,830.00000000,'propale/PR1702-0018/PR1702-0018.pdf',NULL,NULL),
(21,1,NULL,'2024-12-20 14:14:20','PR1702-0019',1,NULL,NULL,'','2017-02-16 01:46:15','2024-09-23','2024-10-08 12:00:00','2024-02-16 04:47:09',NULL,NULL,1,NULL,12,NULL,NULL,1,0,NULL,NULL,0,89.00000000,0.00000000,0.00000000,0.00000000,89.00000000,NULL,NULL,3,NULL,3,'','','',NULL,NULL,NULL,NULL,0,NULL,0,NULL,NULL,0,'',0,'EUR',1.00000000,89.00000000,0.00000000,89.00000000,'propale/PR1702-0019/PR1702-0019.pdf',NULL,NULL),
(22,26,NULL,'2024-11-27 15:36:28','PR1702-0020',1,NULL,NULL,'','2017-02-16 01:46:15','2024-11-13','2023-11-28 12:00:00','2024-02-16 01:46:15',NULL,NULL,1,NULL,1,NULL,NULL,0,0,NULL,NULL,0,75.00000000,0.30000000,0.00000000,0.00000000,75.30000000,NULL,NULL,3,NULL,3,'','','',NULL,NULL,NULL,NULL,0,NULL,0,NULL,NULL,0,'',0,'EUR',1.00000000,75.00000000,0.30000000,75.30000000,'propale/PR1702-0020/PR1702-0020.pdf',NULL,NULL),
(23,12,NULL,'2025-07-10 14:29:00','PR1702-0021',1,NULL,NULL,'','2017-02-16 01:46:17','2025-04-03','2024-04-18 12:00:00','2024-02-17 16:07:18',NULL,NULL,2,NULL,12,NULL,NULL,1,0,NULL,NULL,0,715.00000000,0.00000000,0.00000000,0.00000000,715.00000000,NULL,NULL,3,NULL,3,'','','',NULL,NULL,NULL,NULL,0,NULL,0,NULL,NULL,0,'',0,'EUR',1.00000000,715.00000000,0.00000000,715.00000000,'propale/PR1702-0021/PR1702-0021.pdf',NULL,NULL),
(24,7,NULL,'2024-12-20 14:14:20','PR1702-0022',1,NULL,NULL,'','2017-02-16 01:46:17','2024-11-13','2023-11-28 12:00:00','2024-02-16 01:46:17',NULL,NULL,2,NULL,2,NULL,NULL,1,0,NULL,NULL,0,250.00000000,0.00000000,0.00000000,0.00000000,250.00000000,NULL,NULL,3,NULL,3,'','','',NULL,NULL,NULL,NULL,0,NULL,0,NULL,NULL,0,'',0,'EUR',1.00000000,250.00000000,0.00000000,250.00000000,'propale/PR1702-0022/PR1702-0022.pdf',NULL,NULL),
(25,3,NULL,'2025-07-10 14:29:00','PR1702-0023',1,NULL,NULL,'','2017-02-16 01:46:17','2025-07-09','2024-07-24 12:00:00','2025-02-16 01:46:17','2020-02-16 04:47:29','2025-02-16 04:47:29',1,NULL,1,12,12,4,0,NULL,NULL,0,1018.00000000,0.00000000,0.00000000,0.00000000,1018.00000000,NULL,NULL,3,NULL,3,'','','',NULL,NULL,NULL,NULL,0,NULL,0,NULL,NULL,0,'',0,'EUR',1.00000000,1018.00000000,0.00000000,1018.00000000,'propale/PR1702-0023/PR1702-0023.pdf',NULL,NULL),
(26,1,NULL,'2025-07-10 14:29:00','PR1702-0024',1,NULL,NULL,'','2017-02-16 01:46:17','2025-04-03','2024-04-18 12:00:00','2024-02-16 01:46:18',NULL,NULL,2,NULL,2,NULL,NULL,1,0,NULL,NULL,0,710.00000000,0.00000000,0.00000000,0.00000000,710.00000000,NULL,NULL,3,NULL,3,'','','',NULL,NULL,NULL,NULL,0,NULL,0,NULL,NULL,0,'',0,'EUR',1.00000000,710.00000000,0.00000000,710.00000000,'propale/PR1702-0024/PR1702-0024.pdf',NULL,NULL),
(27,6,NULL,'2024-12-20 14:14:20','PR1702-0025',1,NULL,NULL,'','2017-02-16 01:46:18','2024-11-12','2024-11-27 12:00:00','2024-02-16 01:46:18',NULL,NULL,1,NULL,1,NULL,NULL,1,0,NULL,NULL,0,300.00000000,0.00000000,0.00000000,0.00000000,300.00000000,NULL,NULL,3,NULL,3,'','','',NULL,NULL,NULL,NULL,0,NULL,0,NULL,NULL,0,'',0,'EUR',1.00000000,300.00000000,0.00000000,300.00000000,'propale/PR1702-0025/PR1702-0025.pdf',NULL,NULL),
(28,19,NULL,'2024-12-20 14:14:20','PR1702-0026',1,NULL,NULL,'','2017-02-16 01:46:18','2024-07-30','2023-08-14 12:00:00','2024-02-16 01:46:18','2020-02-16 04:46:31','2024-02-16 04:46:31',2,NULL,2,12,12,2,0,NULL,NULL,0,440.00000000,0.00000000,0.00000000,0.00000000,440.00000000,NULL,NULL,3,NULL,3,'','','',NULL,NULL,NULL,NULL,0,NULL,0,NULL,NULL,0,'',0,'EUR',1.00000000,440.00000000,0.00000000,440.00000000,'propale/PR1702-0026/PR1702-0026.pdf',NULL,NULL),
(29,1,NULL,'2024-11-27 15:36:28','PR1702-0027',1,NULL,NULL,'','2017-02-16 01:46:18','2024-07-23','2024-08-07 12:00:00','2024-02-16 01:46:18','2021-12-20 20:50:23','2023-12-20 20:50:23',2,NULL,2,12,12,2,0,NULL,NULL,0,1000.00000000,0.00000000,0.00000000,0.00000000,1000.00000000,NULL,NULL,3,NULL,3,'','','',NULL,NULL,NULL,NULL,0,NULL,0,NULL,NULL,0,'',0,'EUR',1.00000000,1000.00000000,0.00000000,1000.00000000,'propale/PR1702-0027/PR1702-0027.pdf',NULL,NULL),
(30,1,NULL,'2025-07-10 14:29:00','PR1702-0028',1,NULL,NULL,'','2017-02-16 01:46:18','2025-05-01','2025-05-16 12:00:00','2024-02-16 01:46:18','2019-02-16 04:46:42','2024-02-16 04:46:42',2,NULL,2,12,12,3,0,NULL,NULL,0,1200.00000000,0.00000000,0.00000000,0.00000000,1200.00000000,NULL,NULL,3,NULL,3,'','','',NULL,NULL,NULL,NULL,0,NULL,0,NULL,NULL,0,'',0,'EUR',1.00000000,1200.00000000,0.00000000,1200.00000000,'propale/PR1702-0028/PR1702-0028.pdf',NULL,NULL),
(31,11,NULL,'2025-07-10 14:29:00','PR1702-0029',1,NULL,NULL,'','2017-02-16 01:46:18','2025-06-24','2024-07-09 12:00:00','2025-02-16 01:46:18',NULL,NULL,1,NULL,1,NULL,NULL,1,0,NULL,NULL,0,720.00000000,0.00000000,0.00000000,0.00000000,720.00000000,NULL,NULL,3,NULL,3,'','','',NULL,NULL,NULL,NULL,0,NULL,0,NULL,NULL,0,'',0,'EUR',1.00000000,720.00000000,0.00000000,720.00000000,'propale/PR1702-0029/PR1702-0029.pdf',NULL,NULL),
(32,19,NULL,'2024-12-20 14:14:21','PR1702-0030',1,NULL,NULL,'','2017-02-16 01:46:18','2024-11-12','2024-11-27 12:00:00','2024-02-16 01:46:18',NULL,NULL,2,NULL,2,NULL,NULL,1,0,NULL,NULL,0,608.00000000,0.00000000,0.00000000,0.00000000,608.00000000,NULL,NULL,3,NULL,3,'','','',NULL,NULL,NULL,NULL,0,NULL,0,NULL,NULL,0,'',0,'EUR',1.00000000,608.00000000,0.00000000,608.00000000,'propale/PR1702-0030/PR1702-0030.pdf',NULL,NULL),
(33,10,6,'2024-11-27 15:36:28','PR1909-0032',1,NULL,NULL,'','2019-09-27 17:07:40','2024-09-27','2024-10-12 12:00:00','2024-09-27 17:08:59',NULL,NULL,12,12,12,NULL,NULL,1,0,NULL,NULL,0,0.00000000,0.00000000,0.00000000,0.00000000,0.00000000,NULL,NULL,NULL,NULL,NULL,'This is a private note','This is a public note','azur',NULL,NULL,NULL,NULL,0,NULL,0,NULL,NULL,0,'',1,'EUR',1.00000000,0.00000000,0.00000000,0.00000000,'propale/PR1909-0032/PR1909-0032.pdf',NULL,NULL),
(34,10,6,'2025-06-19 08:18:31','PR1909-0033',1,NULL,NULL,'','2019-09-27 17:11:21','2024-09-27','2024-10-12 12:00:00','2024-09-27 17:13:13','2020-01-07 23:43:06',NULL,12,12,12,12,NULL,0,0,NULL,NULL,0,18.00000000,0.00000000,0.00000000,0.00000000,18.00000000,NULL,NULL,NULL,NULL,NULL,NULL,'a &amp; a<br />\r\nb &lt; r','azur',NULL,NULL,NULL,NULL,0,NULL,0,NULL,NULL,0,'',1,'EUR',1.00000000,18.00000000,0.00000000,18.00000000,'propale/PR1909-0033/PR1909-0033.pdf',NULL,NULL),
(35,10,NULL,'2024-11-27 15:36:28','(PROV35)',1,NULL,NULL,'','2019-09-27 17:53:44','2024-09-27','2024-10-12 12:00:00',NULL,NULL,NULL,12,NULL,NULL,NULL,NULL,0,0,NULL,NULL,0,5.00000000,0.00000000,0.00000000,0.00000000,5.00000000,NULL,NULL,NULL,NULL,NULL,'','','azur',NULL,NULL,NULL,NULL,0,NULL,0,NULL,NULL,0,'',1,'EUR',1.00000000,5.00000000,0.00000000,5.00000000,'propale/(PROV35)/(PROV35).pdf',NULL,NULL),
(36,1,10,'2025-07-10 14:29:00','PR2001-0034',1,NULL,NULL,'','2020-01-01 23:55:35','2025-01-01','2024-01-16 12:00:00','2025-03-20 10:08:48','2025-03-20 10:57:57',NULL,12,12,12,12,NULL,2,0,NULL,NULL,0,38.00000000,0.24000000,1.62000000,1.62000000,41.48000000,NULL,NULL,NULL,NULL,NULL,'','','cyan',NULL,NULL,2,NULL,0,NULL,0,NULL,'{\"concatpdf\":[\"bordereau-CHK2503-0147\"]}',0,'',1,'EUR',1.00000000,38.00000000,0.24000000,41.48000000,'propale/PR2001-0034/PR2001-0034.pdf','192.168.0.1',NULL),
(37,10,NULL,'2025-07-10 14:29:00','(PROV37)',1,NULL,NULL,'','2020-01-06 00:44:16','2025-01-05','2025-01-20 12:00:00',NULL,NULL,NULL,12,NULL,NULL,NULL,NULL,0,0,NULL,NULL,0,10.00000000,0.00000000,0.00000000,0.00000000,10.00000000,NULL,NULL,NULL,NULL,NULL,'','','azur',NULL,NULL,NULL,NULL,0,NULL,0,NULL,NULL,0,'',1,'EUR',1.00000000,10.00000000,0.00000000,10.00000000,'propale/(PROV37)/(PROV37).pdf',NULL,NULL),
(38,30,NULL,'2025-07-10 14:29:00','(PROV38)',1,NULL,NULL,'','2020-01-13 17:25:28','2025-01-13','2025-01-28 12:00:00',NULL,NULL,NULL,12,NULL,NULL,NULL,NULL,0,0,NULL,NULL,0,0.00000000,0.00000000,0.00000000,0.00000000,0.00000000,NULL,NULL,NULL,NULL,NULL,'','','azur',NULL,NULL,NULL,NULL,0,NULL,0,NULL,NULL,0,'',1,'EUR',1.00000000,0.00000000,0.00000000,0.00000000,'propale/(PROV38)/(PROV38).pdf',NULL,NULL),
(39,1,NULL,'2025-07-10 14:29:00','(PROV39)',1,'',NULL,'','2023-03-11 15:30:02','2025-03-11','2025-03-26 12:00:00',NULL,NULL,NULL,12,NULL,NULL,NULL,NULL,0,0,NULL,NULL,0,41.97000000,3.63000000,1.96000000,1.96000000,49.52000000,NULL,NULL,NULL,NULL,NULL,'','','azur',NULL,NULL,NULL,NULL,0,NULL,0,NULL,NULL,0,'',1,'EUR',1.00000000,41.97000000,3.63000000,49.52000000,'propale/(PROV39)/(PROV39).pdf',NULL,NULL),
(40,34,NULL,'2024-12-18 20:36:36','(PROV40)',1,'',NULL,'','2024-12-18 20:36:36','2024-12-18','2025-01-02 12:00:00',NULL,NULL,NULL,12,NULL,NULL,NULL,NULL,0,0,0,0,0,0.00000000,0.00000000,0.00000000,0.00000000,0.00000000,NULL,NULL,NULL,NULL,NULL,'','','azur',NULL,NULL,NULL,NULL,0,NULL,0,NULL,NULL,0,'',1,'EUR',1.00000000,0.00000000,0.00000000,0.00000000,'propale/(PROV40)/(PROV40).pdf',NULL,NULL),
(42,32,NULL,'2025-04-07 13:05:51','(PROV42)',1,'',NULL,'','2025-04-07 14:53:14','2025-04-07','2025-04-22 12:00:00',NULL,NULL,NULL,12,NULL,NULL,NULL,NULL,0,0,0,0,0,9.00000000,0.00000000,0.00000000,0.00000000,9.00000000,NULL,NULL,NULL,NULL,NULL,'','','azur',NULL,NULL,NULL,NULL,0,NULL,0,NULL,NULL,0,'',1,'EUR',1.00000000,9.00000000,0.00000000,9.00000000,'propale/(PROV42)/(PROV42).pdf',NULL,NULL),
(43,32,NULL,'2025-04-25 09:44:35','(PROV43)',1,'',NULL,'','2025-04-25 11:44:35','2025-04-25','2025-05-10 12:00:00',NULL,NULL,NULL,12,NULL,NULL,NULL,NULL,0,0,0,0,0,0.00000000,0.00000000,0.00000000,0.00000000,0.00000000,NULL,NULL,NULL,NULL,NULL,'','','azur',NULL,NULL,NULL,NULL,0,NULL,0,NULL,NULL,0,'',1,'EUR',1.00000000,0.00000000,0.00000000,0.00000000,'propale/(PROV43)/(PROV43).pdf',NULL,NULL);

--
-- Table structure for table `llx_propal_extrafields`
--

CREATE TABLE `llx_propal_extrafields` (
  `rowid` int(11) NOT NULL AUTO_INCREMENT,
  `tms` timestamp NOT NULL DEFAULT current_timestamp() ON UPDATE current_timestamp(),
  `fk_object` int(11) NOT NULL,
  `import_key` varchar(14) DEFAULT NULL,
  PRIMARY KEY (`rowid`),
  UNIQUE KEY `uk_propal_extrafields` (`fk_object`)
) ENGINE=InnoDB DEFAULT CHARSET=utf8mb3 COLLATE=utf8mb3_unicode_ci;

--
-- Dumping data for table `llx_propal_extrafields`
--


--
-- Table structure for table `llx_propal_merge_pdf_product`
--

CREATE TABLE `llx_propal_merge_pdf_product` (
  `rowid` int(11) NOT NULL AUTO_INCREMENT,
  `fk_product` int(11) NOT NULL,
  `file_name` varchar(200) NOT NULL,
  `lang` varchar(5) DEFAULT NULL,
  `fk_user_author` int(11) DEFAULT NULL,
  `fk_user_mod` int(11) NOT NULL,
  `datec` datetime NOT NULL,
  `tms` timestamp NOT NULL DEFAULT current_timestamp() ON UPDATE current_timestamp(),
  `import_key` varchar(14) DEFAULT NULL,
  PRIMARY KEY (`rowid`)
) ENGINE=InnoDB DEFAULT CHARSET=utf8mb3 COLLATE=utf8mb3_unicode_ci;

--
-- Dumping data for table `llx_propal_merge_pdf_product`
--


--
-- Table structure for table `llx_propaldet`
--

CREATE TABLE `llx_propaldet` (
  `rowid` int(11) NOT NULL AUTO_INCREMENT,
  `fk_propal` int(11) DEFAULT NULL,
  `fk_parent_line` int(11) DEFAULT NULL,
  `fk_product` int(11) DEFAULT NULL,
  `label` varchar(255) DEFAULT NULL,
  `description` text DEFAULT NULL,
  `fk_remise_except` int(11) DEFAULT NULL,
  `tva_tx` double(6,3) DEFAULT 0.000,
  `vat_src_code` varchar(10) DEFAULT '',
  `localtax1_tx` double(6,3) DEFAULT 0.000,
  `localtax1_type` varchar(10) NOT NULL DEFAULT '0',
  `localtax2_tx` double(6,3) DEFAULT 0.000,
  `localtax2_type` varchar(10) NOT NULL DEFAULT '0',
  `qty` double DEFAULT NULL,
  `remise_percent` double DEFAULT 0,
  `remise` double DEFAULT 0,
  `price` double DEFAULT NULL,
  `subprice` double(24,8) DEFAULT 0.00000000,
  `subprice_ttc` double(24,8) DEFAULT 0.00000000,
  `total_ht` double(24,8) DEFAULT 0.00000000,
  `total_tva` double(24,8) DEFAULT 0.00000000,
  `total_localtax1` double(24,8) DEFAULT 0.00000000,
  `total_localtax2` double(24,8) DEFAULT 0.00000000,
  `total_ttc` double(24,8) DEFAULT 0.00000000,
  `product_type` int(11) DEFAULT 0,
  `date_start` datetime DEFAULT NULL,
  `date_end` datetime DEFAULT NULL,
  `info_bits` int(11) DEFAULT 0,
  `fk_product_fournisseur_price` int(11) DEFAULT NULL,
  `buy_price_ht` double(24,8) DEFAULT 0.00000000,
  `special_code` int(10) unsigned DEFAULT 0,
  `rang` int(11) DEFAULT 0,
  `fk_unit` int(11) DEFAULT NULL,
  `fk_multicurrency` int(11) DEFAULT NULL,
  `multicurrency_code` varchar(3) DEFAULT NULL,
  `multicurrency_subprice` double(24,8) DEFAULT 0.00000000,
  `multicurrency_subprice_ttc` double(24,8) DEFAULT 0.00000000,
  `multicurrency_total_ht` double(24,8) DEFAULT 0.00000000,
  `multicurrency_total_tva` double(24,8) DEFAULT 0.00000000,
  `multicurrency_total_ttc` double(24,8) DEFAULT 0.00000000,
  `extraparams` varchar(255) DEFAULT NULL,
  PRIMARY KEY (`rowid`),
  KEY `idx_propaldet_fk_propal` (`fk_propal`),
  KEY `idx_propaldet_fk_product` (`fk_product`),
  KEY `fk_propaldet_fk_unit` (`fk_unit`),
  CONSTRAINT `fk_propaldet_fk_propal` FOREIGN KEY (`fk_propal`) REFERENCES `llx_propal` (`rowid`),
  CONSTRAINT `fk_propaldet_fk_unit` FOREIGN KEY (`fk_unit`) REFERENCES `llx_c_units` (`rowid`)
) ENGINE=InnoDB AUTO_INCREMENT=150 DEFAULT CHARSET=utf8mb3 COLLATE=utf8mb3_unicode_ci;

--
-- Dumping data for table `llx_propaldet`
--

INSERT INTO `llx_propaldet` VALUES
(1,1,NULL,NULL,NULL,'Une machine à café',NULL,12.500,'',0.000,'',0.000,'',1,0,0,NULL,10.00000000,0.00000000,10.00000000,1.25000000,0.00000000,0.00000000,11.25000000,0,NULL,NULL,0,NULL,0.00000000,0,1,NULL,NULL,NULL,0.00000000,0.00000000,0.00000000,0.00000000,0.00000000,NULL),
(2,2,NULL,NULL,NULL,'Product 1',NULL,0.000,'',0.000,'',0.000,'',1,0,0,NULL,10.00000000,0.00000000,10.00000000,0.00000000,0.00000000,0.00000000,10.00000000,0,NULL,NULL,0,NULL,0.00000000,0,1,NULL,NULL,NULL,0.00000000,0.00000000,0.00000000,0.00000000,0.00000000,NULL),
(3,2,NULL,2,NULL,'',NULL,0.000,'',0.000,'',0.000,'',1,0,0,NULL,NULL,0.00000000,0.00000000,0.00000000,0.00000000,0.00000000,0.00000000,0,NULL,NULL,0,NULL,0.00000000,0,2,NULL,NULL,NULL,0.00000000,0.00000000,0.00000000,0.00000000,0.00000000,NULL),
(4,3,NULL,NULL,NULL,'A new marvelous product',NULL,0.000,'',0.000,'',0.000,'',1,0,0,NULL,10.00000000,0.00000000,10.00000000,0.00000000,0.00000000,0.00000000,10.00000000,0,NULL,NULL,0,NULL,0.00000000,0,1,NULL,NULL,NULL,0.00000000,0.00000000,0.00000000,0.00000000,0.00000000,NULL),
(5,1,NULL,5,NULL,'cccc',NULL,19.600,'',0.000,'',0.000,'',1,0,0,NULL,10.00000000,0.00000000,10.00000000,1.96000000,0.00000000,0.00000000,11.96000000,0,NULL,NULL,0,NULL,0.00000000,0,2,NULL,NULL,NULL,0.00000000,0.00000000,0.00000000,0.00000000,0.00000000,NULL),
(11,1,NULL,4,NULL,'',NULL,0.000,'',0.000,'',0.000,'',1,0,0,NULL,NULL,0.00000000,0.00000000,0.00000000,0.00000000,0.00000000,0.00000000,0,NULL,NULL,0,NULL,0.00000000,0,3,NULL,NULL,NULL,0.00000000,0.00000000,0.00000000,0.00000000,0.00000000,NULL),
(12,1,NULL,4,NULL,'',NULL,0.000,'',0.000,'',0.000,'',1,0,0,NULL,5.00000000,0.00000000,5.00000000,0.00000000,0.00000000,0.00000000,5.00000000,0,NULL,NULL,0,NULL,0.00000000,0,4,NULL,NULL,NULL,0.00000000,0.00000000,0.00000000,0.00000000,0.00000000,NULL),
(13,1,NULL,4,NULL,'',NULL,12.500,'',0.000,'',0.000,'',1,0,0,NULL,5.00000000,0.00000000,5.00000000,0.63000000,0.00000000,0.00000000,5.63000000,0,NULL,NULL,0,NULL,0.00000000,0,5,NULL,NULL,NULL,0.00000000,0.00000000,0.00000000,0.00000000,0.00000000,NULL),
(24,5,NULL,NULL,NULL,'On demand Apple pie',NULL,20.000,'',0.000,'0',0.000,'0',1,0,0,NULL,10.00000000,0.00000000,10.00000000,2.00000000,0.00000000,0.00000000,12.00000000,0,NULL,NULL,0,NULL,0.00000000,0,1,NULL,NULL,NULL,0.00000000,0.00000000,0.00000000,0.00000000,0.00000000,NULL),
(25,7,NULL,NULL,NULL,'Help to setup Magic Food computer',NULL,0.000,'',0.000,'0',0.000,'0',1,0,0,NULL,400.00000000,0.00000000,400.00000000,0.00000000,0.00000000,0.00000000,400.00000000,1,NULL,NULL,0,NULL,0.00000000,0,1,NULL,NULL,'',400.00000000,0.00000000,400.00000000,0.00000000,400.00000000,NULL),
(26,11,NULL,5,NULL,'<strong><span style=\"font-family:roboto,uilanguagefont,arial,sans-serif; font-size:14px\">DoliDroid is the Android front-end client for Dolibarr ERP &amp; CRM web software.</span><br />\r\n<span style=\"font-family:roboto,uilanguagefont,arial,sans-serif; font-size:14px\">This application is not a standalone program. It is a front end to use a online hosted Dolibarr ERP &amp; CRM software (an Open-source web software to manage your business).</span></strong>\r\n<p><u>The advantage of DoliDroid are :</u><br />\r\n- DoliDroid is not a duplicate code of Dolibarr, but a front-end of a Dolibarr web installation, so all your online existing features are supported by this application. This is also true for external modules features.<br />\r\n- Upgrading Dolibarr will not break DoliDroid.<br />\r\n- DoliDroid use embedded image resources to reduce bandwidth usage.<br />\r\n- DoliDroid use internal cache for pages that should not change (like menu page)<br />\r\n- Connections parameters are saved. No need to enter them each time you use DoliDroid.<br />\r\n- Integration with your phone or other applications (Clicking on PDF open PDF reader, clicking onto email or phone launch your email application or launch Android dialer, ...)</p>\r\n\r\n<p><span style=\"color:#DAA520\"><strong>WARNING !&nbsp;</strong></span></p>\r\n\r\n<p>This application need Android 4.0+ and a hosted Dolibarr ERP &amp; CRM version 3.5 or newer accessible by internet<br />\r\n(For example, when hosted on any SaaS solution like DoliCloud -&nbsp;<a href=\"https://www.google.com/url?q=https://www.google.com/url?q%3Dhttp://www.dolicloud.com%26sa%3DD%26usg%3DAFQjCNGdd9htz4JDciiMtScpBwK83qIRkw&amp;sa=D&amp;usg=AFQjCNGMpCbxNnU5BiK59e368K5AR0l_pg\" style=\"text-decoration: none; color: rgb(51, 105, 30); cursor: pointer;\" target=\"_blank\">http://www.dolicloud.com</a>).</p>',NULL,0.000,'',0.000,'0',0.000,'0',5,0,0,NULL,10.00000000,0.00000000,50.00000000,0.00000000,0.00000000,0.00000000,50.00000000,0,NULL,NULL,0,NULL,0.00000000,0,1,NULL,NULL,'EUR',10.00000000,0.00000000,50.00000000,0.00000000,50.00000000,NULL),
(27,11,NULL,5,NULL,'<strong><span style=\"font-family:roboto,uilanguagefont,arial,sans-serif; font-size:14px\">DoliDroid is the Android front-end client for Dolibarr ERP &amp; CRM web software.</span><br />\r\n<span style=\"font-family:roboto,uilanguagefont,arial,sans-serif; font-size:14px\">This application is not a standalone program. It is a front end to use a online hosted Dolibarr ERP &amp; CRM software (an Open-source web software to manage your business).</span></strong>\r\n<p><u>The advantage of DoliDroid are :</u><br />\r\n- DoliDroid is not a duplicate code of Dolibarr, but a front-end of a Dolibarr web installation, so all your online existing features are supported by this application. This is also true for external modules features.<br />\r\n- Upgrading Dolibarr will not break DoliDroid.<br />\r\n- DoliDroid use embedded image resources to reduce bandwidth usage.<br />\r\n- DoliDroid use internal cache for pages that should not change (like menu page)<br />\r\n- Connections parameters are saved. No need to enter them each time you use DoliDroid.<br />\r\n- Integration with your phone or other applications (Clicking on PDF open PDF reader, clicking onto email or phone launch your email application or launch Android dialer, ...)</p>\r\n\r\n<p><span style=\"color:#DAA520\"><strong>WARNING !&nbsp;</strong></span></p>\r\n\r\n<p>This application need Android 4.0+ and a hosted Dolibarr ERP &amp; CRM version 3.5 or newer accessible by internet<br />\r\n(For example, when hosted on any SaaS solution like DoliCloud -&nbsp;<a href=\"https://www.google.com/url?q=https://www.google.com/url?q%3Dhttp://www.dolicloud.com%26sa%3DD%26usg%3DAFQjCNGdd9htz4JDciiMtScpBwK83qIRkw&amp;sa=D&amp;usg=AFQjCNGMpCbxNnU5BiK59e368K5AR0l_pg\" style=\"text-decoration: none; color: rgb(51, 105, 30); cursor: pointer;\" target=\"_blank\">http://www.dolicloud.com</a>).</p>',NULL,0.000,'',0.000,'0',0.000,'0',1,0,0,NULL,10.00000000,0.00000000,10.00000000,0.00000000,0.00000000,0.00000000,10.00000000,0,NULL,NULL,0,NULL,0.00000000,0,2,NULL,NULL,'EUR',10.00000000,0.00000000,10.00000000,0.00000000,10.00000000,NULL),
(28,12,NULL,4,NULL,'Nice Bio Apple Pie.<br />\r\n&nbsp;',NULL,0.000,'',0.000,'0',0.000,'0',1,0,0,NULL,5.00000000,0.00000000,5.00000000,0.00000000,0.00000000,0.00000000,5.00000000,0,NULL,NULL,0,NULL,0.00000000,0,1,NULL,NULL,'EUR',5.00000000,0.00000000,5.00000000,0.00000000,5.00000000,NULL),
(29,12,NULL,1,NULL,'A beatifull pink dress',NULL,0.000,'',0.000,'0',0.000,'0',3,0,0,NULL,100.00000000,0.00000000,300.00000000,0.00000000,0.00000000,0.00000000,300.00000000,0,NULL,NULL,0,NULL,0.00000000,0,2,NULL,NULL,'EUR',100.00000000,0.00000000,300.00000000,0.00000000,300.00000000,NULL),
(30,12,NULL,10,NULL,'A powerfull computer XP4523&nbsp;',NULL,0.000,'',0.000,'0',0.000,'0',4,0,0,NULL,100.00000000,0.00000000,400.00000000,0.00000000,0.00000000,0.00000000,400.00000000,0,NULL,NULL,0,NULL,0.00000000,0,3,NULL,NULL,'EUR',100.00000000,0.00000000,400.00000000,0.00000000,400.00000000,NULL),
(31,12,NULL,12,NULL,'Cloud hosting of Dolibarr ERP and CRM software',NULL,0.000,'',0.000,'0',0.000,'0',3,0,0,NULL,9.00000000,0.00000000,27.00000000,0.00000000,0.00000000,0.00000000,27.00000000,0,NULL,NULL,0,NULL,0.00000000,0,4,NULL,NULL,'EUR',9.00000000,0.00000000,27.00000000,0.00000000,27.00000000,NULL),
(32,12,NULL,10,NULL,'A powerfull computer XP4523&nbsp;',NULL,0.000,'',0.000,'0',0.000,'0',1,0,0,NULL,100.00000000,0.00000000,100.00000000,0.00000000,0.00000000,0.00000000,100.00000000,0,NULL,NULL,0,NULL,0.00000000,0,5,NULL,NULL,'EUR',100.00000000,0.00000000,100.00000000,0.00000000,100.00000000,NULL),
(33,13,NULL,2,NULL,'',NULL,0.000,'',0.000,'0',0.000,'0',5,0,0,NULL,NULL,0.00000000,0.00000000,0.00000000,0.00000000,0.00000000,0.00000000,0,NULL,NULL,0,NULL,0.00000000,0,1,NULL,NULL,'EUR',0.00000000,0.00000000,0.00000000,0.00000000,0.00000000,NULL),
(34,13,NULL,4,NULL,'Nice Bio Apple Pie.<br />\r\n&nbsp;',NULL,0.000,'',0.000,'0',0.000,'0',3,0,0,NULL,5.00000000,0.00000000,15.00000000,0.00000000,0.00000000,0.00000000,15.00000000,0,NULL,NULL,0,NULL,0.00000000,0,2,NULL,NULL,'EUR',5.00000000,0.00000000,15.00000000,0.00000000,15.00000000,NULL),
(35,13,NULL,12,NULL,'Cloud hosting of Dolibarr ERP and CRM software',NULL,0.000,'',0.000,'0',0.000,'0',3,0,0,NULL,9.00000000,0.00000000,27.00000000,0.00000000,0.00000000,0.00000000,27.00000000,0,NULL,NULL,0,NULL,0.00000000,0,3,NULL,NULL,'EUR',9.00000000,0.00000000,27.00000000,0.00000000,27.00000000,NULL),
(36,13,NULL,10,NULL,'A powerfull computer XP4523&nbsp;',NULL,0.000,'',0.000,'0',0.000,'0',2,0,0,NULL,100.00000000,0.00000000,200.00000000,0.00000000,0.00000000,0.00000000,200.00000000,0,NULL,NULL,0,NULL,0.00000000,0,4,NULL,NULL,'EUR',100.00000000,0.00000000,200.00000000,0.00000000,200.00000000,NULL),
(37,14,NULL,10,NULL,'A powerfull computer XP4523&nbsp;',NULL,0.000,'',0.000,'0',0.000,'0',2,0,0,NULL,100.00000000,0.00000000,200.00000000,0.00000000,0.00000000,0.00000000,200.00000000,0,NULL,NULL,0,NULL,0.00000000,0,1,NULL,NULL,'EUR',100.00000000,0.00000000,200.00000000,0.00000000,200.00000000,NULL),
(38,14,NULL,12,NULL,'Cloud hosting of Dolibarr ERP and CRM software',NULL,0.000,'',0.000,'0',0.000,'0',5,0,0,NULL,9.00000000,0.00000000,45.00000000,0.00000000,0.00000000,0.00000000,45.00000000,0,NULL,NULL,0,NULL,0.00000000,0,2,NULL,NULL,'EUR',9.00000000,0.00000000,45.00000000,0.00000000,45.00000000,NULL),
(39,15,NULL,13,NULL,'A powerfull computer XP4523&nbsp;',NULL,0.000,'',0.000,'0',0.000,'0',3,0,0,NULL,100.00000000,0.00000000,300.00000000,0.00000000,0.00000000,0.00000000,300.00000000,0,NULL,NULL,0,NULL,0.00000000,0,1,NULL,NULL,'EUR',100.00000000,0.00000000,300.00000000,0.00000000,300.00000000,NULL),
(40,15,NULL,10,NULL,'A powerfull computer XP4523&nbsp;',NULL,0.000,'',0.000,'0',0.000,'0',3,0,0,NULL,100.00000000,0.00000000,300.00000000,0.00000000,0.00000000,0.00000000,300.00000000,0,NULL,NULL,0,NULL,0.00000000,0,2,NULL,NULL,'EUR',100.00000000,0.00000000,300.00000000,0.00000000,300.00000000,NULL),
(41,15,NULL,10,NULL,'A powerfull computer XP4523&nbsp;',NULL,0.000,'',0.000,'0',0.000,'0',3,0,0,NULL,100.00000000,0.00000000,300.00000000,0.00000000,0.00000000,0.00000000,300.00000000,0,NULL,NULL,0,NULL,0.00000000,0,3,NULL,NULL,'EUR',100.00000000,0.00000000,300.00000000,0.00000000,300.00000000,NULL),
(42,15,NULL,5,NULL,'<strong><span style=\"font-family:roboto,uilanguagefont,arial,sans-serif; font-size:14px\">DoliDroid is the Android front-end client for Dolibarr ERP &amp; CRM web software.</span><br />\r\n<span style=\"font-family:roboto,uilanguagefont,arial,sans-serif; font-size:14px\">This application is not a standalone program. It is a front end to use a online hosted Dolibarr ERP &amp; CRM software (an Open-source web software to manage your business).</span></strong>\r\n<p><u>The advantage of DoliDroid are :</u><br />\r\n- DoliDroid is not a duplicate code of Dolibarr, but a front-end of a Dolibarr web installation, so all your online existing features are supported by this application. This is also true for external modules features.<br />\r\n- Upgrading Dolibarr will not break DoliDroid.<br />\r\n- DoliDroid use embedded image resources to reduce bandwidth usage.<br />\r\n- DoliDroid use internal cache for pages that should not change (like menu page)<br />\r\n- Connections parameters are saved. No need to enter them each time you use DoliDroid.<br />\r\n- Integration with your phone or other applications (Clicking on PDF open PDF reader, clicking onto email or phone launch your email application or launch Android dialer, ...)</p>\r\n\r\n<p><span style=\"color:#DAA520\"><strong>WARNING !&nbsp;</strong></span></p>\r\n\r\n<p>This application need Android 4.0+ and a hosted Dolibarr ERP &amp; CRM version 3.5 or newer accessible by internet<br />\r\n(For example, when hosted on any SaaS solution like DoliCloud -&nbsp;<a href=\"https://www.google.com/url?q=https://www.google.com/url?q%3Dhttp://www.dolicloud.com%26sa%3DD%26usg%3DAFQjCNGdd9htz4JDciiMtScpBwK83qIRkw&amp;sa=D&amp;usg=AFQjCNGMpCbxNnU5BiK59e368K5AR0l_pg\" style=\"text-decoration: none; color: rgb(51, 105, 30); cursor: pointer;\" target=\"_blank\">http://www.dolicloud.com</a>).</p>',NULL,0.000,'',0.000,'0',0.000,'0',4,0,0,NULL,10.00000000,0.00000000,40.00000000,0.00000000,0.00000000,0.00000000,40.00000000,0,NULL,NULL,0,NULL,0.00000000,0,4,NULL,NULL,'EUR',10.00000000,0.00000000,40.00000000,0.00000000,40.00000000,NULL),
(43,16,NULL,5,NULL,'<strong><span style=\"font-family:roboto,uilanguagefont,arial,sans-serif; font-size:14px\">DoliDroid is the Android front-end client for Dolibarr ERP &amp; CRM web software.</span><br />\r\n<span style=\"font-family:roboto,uilanguagefont,arial,sans-serif; font-size:14px\">This application is not a standalone program. It is a front end to use a online hosted Dolibarr ERP &amp; CRM software (an Open-source web software to manage your business).</span></strong>\r\n<p><u>The advantage of DoliDroid are :</u><br />\r\n- DoliDroid is not a duplicate code of Dolibarr, but a front-end of a Dolibarr web installation, so all your online existing features are supported by this application. This is also true for external modules features.<br />\r\n- Upgrading Dolibarr will not break DoliDroid.<br />\r\n- DoliDroid use embedded image resources to reduce bandwidth usage.<br />\r\n- DoliDroid use internal cache for pages that should not change (like menu page)<br />\r\n- Connections parameters are saved. No need to enter them each time you use DoliDroid.<br />\r\n- Integration with your phone or other applications (Clicking on PDF open PDF reader, clicking onto email or phone launch your email application or launch Android dialer, ...)</p>\r\n\r\n<p><span style=\"color:#DAA520\"><strong>WARNING !&nbsp;</strong></span></p>\r\n\r\n<p>This application need Android 4.0+ and a hosted Dolibarr ERP &amp; CRM version 3.5 or newer accessible by internet<br />\r\n(For example, when hosted on any SaaS solution like DoliCloud -&nbsp;<a href=\"https://www.google.com/url?q=https://www.google.com/url?q%3Dhttp://www.dolicloud.com%26sa%3DD%26usg%3DAFQjCNGdd9htz4JDciiMtScpBwK83qIRkw&amp;sa=D&amp;usg=AFQjCNGMpCbxNnU5BiK59e368K5AR0l_pg\" style=\"text-decoration: none; color: rgb(51, 105, 30); cursor: pointer;\" target=\"_blank\">http://www.dolicloud.com</a>).</p>',NULL,0.000,'',0.000,'0',0.000,'0',4,0,0,NULL,10.00000000,0.00000000,40.00000000,0.00000000,0.00000000,0.00000000,40.00000000,0,NULL,NULL,0,NULL,0.00000000,0,1,NULL,NULL,'EUR',10.00000000,0.00000000,40.00000000,0.00000000,40.00000000,NULL),
(44,16,NULL,5,NULL,'<strong><span style=\"font-family:roboto,uilanguagefont,arial,sans-serif; font-size:14px\">DoliDroid is the Android front-end client for Dolibarr ERP &amp; CRM web software.</span><br />\r\n<span style=\"font-family:roboto,uilanguagefont,arial,sans-serif; font-size:14px\">This application is not a standalone program. It is a front end to use a online hosted Dolibarr ERP &amp; CRM software (an Open-source web software to manage your business).</span></strong>\r\n<p><u>The advantage of DoliDroid are :</u><br />\r\n- DoliDroid is not a duplicate code of Dolibarr, but a front-end of a Dolibarr web installation, so all your online existing features are supported by this application. This is also true for external modules features.<br />\r\n- Upgrading Dolibarr will not break DoliDroid.<br />\r\n- DoliDroid use embedded image resources to reduce bandwidth usage.<br />\r\n- DoliDroid use internal cache for pages that should not change (like menu page)<br />\r\n- Connections parameters are saved. No need to enter them each time you use DoliDroid.<br />\r\n- Integration with your phone or other applications (Clicking on PDF open PDF reader, clicking onto email or phone launch your email application or launch Android dialer, ...)</p>\r\n\r\n<p><span style=\"color:#DAA520\"><strong>WARNING !&nbsp;</strong></span></p>\r\n\r\n<p>This application need Android 4.0+ and a hosted Dolibarr ERP &amp; CRM version 3.5 or newer accessible by internet<br />\r\n(For example, when hosted on any SaaS solution like DoliCloud -&nbsp;<a href=\"https://www.google.com/url?q=https://www.google.com/url?q%3Dhttp://www.dolicloud.com%26sa%3DD%26usg%3DAFQjCNGdd9htz4JDciiMtScpBwK83qIRkw&amp;sa=D&amp;usg=AFQjCNGMpCbxNnU5BiK59e368K5AR0l_pg\" style=\"text-decoration: none; color: rgb(51, 105, 30); cursor: pointer;\" target=\"_blank\">http://www.dolicloud.com</a>).</p>',NULL,0.000,'',0.000,'0',0.000,'0',4,0,0,NULL,10.00000000,0.00000000,40.00000000,0.00000000,0.00000000,0.00000000,40.00000000,0,NULL,NULL,0,NULL,0.00000000,0,2,NULL,NULL,'EUR',10.00000000,0.00000000,40.00000000,0.00000000,40.00000000,NULL),
(45,16,NULL,12,NULL,'Cloud hosting of Dolibarr ERP and CRM software',NULL,0.000,'',0.000,'0',0.000,'0',5,0,0,NULL,9.00000000,0.00000000,45.00000000,0.00000000,0.00000000,0.00000000,45.00000000,0,NULL,NULL,0,NULL,0.00000000,0,3,NULL,NULL,'EUR',9.00000000,0.00000000,45.00000000,0.00000000,45.00000000,NULL),
(46,17,NULL,12,NULL,'Cloud hosting of Dolibarr ERP and CRM software',NULL,0.000,'',0.000,'0',0.000,'0',5,0,0,NULL,9.00000000,0.00000000,45.00000000,0.00000000,0.00000000,0.00000000,45.00000000,0,NULL,NULL,0,NULL,0.00000000,0,1,NULL,NULL,'EUR',9.00000000,0.00000000,45.00000000,0.00000000,45.00000000,NULL),
(47,17,NULL,12,NULL,'Cloud hosting of Dolibarr ERP and CRM software',NULL,0.000,'',0.000,'0',0.000,'0',2,0,0,NULL,9.00000000,0.00000000,18.00000000,0.00000000,0.00000000,0.00000000,18.00000000,0,NULL,NULL,0,NULL,0.00000000,0,2,NULL,NULL,'EUR',9.00000000,0.00000000,18.00000000,0.00000000,18.00000000,NULL),
(48,17,NULL,10,NULL,'A powerfull computer XP4523&nbsp;',NULL,0.000,'',0.000,'0',0.000,'0',1,0,0,NULL,100.00000000,0.00000000,100.00000000,0.00000000,0.00000000,0.00000000,100.00000000,0,NULL,NULL,0,NULL,0.00000000,0,3,NULL,NULL,'EUR',100.00000000,0.00000000,100.00000000,0.00000000,100.00000000,NULL),
(49,17,NULL,2,NULL,'',NULL,0.000,'',0.000,'0',0.000,'0',3,0,0,NULL,NULL,0.00000000,0.00000000,0.00000000,0.00000000,0.00000000,0.00000000,0,NULL,NULL,0,NULL,0.00000000,0,4,NULL,NULL,'EUR',0.00000000,0.00000000,0.00000000,0.00000000,0.00000000,NULL),
(50,17,NULL,3,NULL,'',NULL,0.000,'',0.000,'0',0.000,'0',1,0,0,NULL,NULL,0.00000000,0.00000000,0.00000000,0.00000000,0.00000000,0.00000000,0,NULL,NULL,0,NULL,0.00000000,0,5,NULL,NULL,'EUR',0.00000000,0.00000000,0.00000000,0.00000000,0.00000000,NULL),
(51,18,NULL,1,NULL,'A beatifull pink dress',NULL,0.000,'',0.000,'0',0.000,'0',4,0,0,NULL,100.00000000,0.00000000,400.00000000,0.00000000,0.00000000,0.00000000,400.00000000,0,NULL,NULL,0,NULL,0.00000000,0,1,NULL,NULL,'EUR',100.00000000,0.00000000,400.00000000,0.00000000,400.00000000,NULL),
(52,18,NULL,1,NULL,'A beatifull pink dress',NULL,0.000,'',0.000,'0',0.000,'0',1,0,0,NULL,100.00000000,0.00000000,100.00000000,0.00000000,0.00000000,0.00000000,100.00000000,0,NULL,NULL,0,NULL,0.00000000,0,2,NULL,NULL,'EUR',100.00000000,0.00000000,100.00000000,0.00000000,100.00000000,NULL),
(53,18,NULL,13,NULL,'A powerfull computer XP4523&nbsp;',NULL,0.000,'',0.000,'0',0.000,'0',4,0,0,NULL,100.00000000,0.00000000,400.00000000,0.00000000,0.00000000,0.00000000,400.00000000,0,NULL,NULL,0,NULL,0.00000000,0,3,NULL,NULL,'EUR',100.00000000,0.00000000,400.00000000,0.00000000,400.00000000,NULL),
(54,19,NULL,10,NULL,'A powerfull computer XP4523&nbsp;',NULL,0.000,'',0.000,'0',0.000,'0',1,0,0,NULL,100.00000000,0.00000000,100.00000000,0.00000000,0.00000000,0.00000000,100.00000000,0,NULL,NULL,0,NULL,0.00000000,0,1,NULL,NULL,'EUR',100.00000000,0.00000000,100.00000000,0.00000000,100.00000000,NULL),
(55,19,NULL,13,NULL,'A powerfull computer XP4523&nbsp;',NULL,0.000,'',0.000,'0',0.000,'0',1,0,0,NULL,100.00000000,0.00000000,100.00000000,0.00000000,0.00000000,0.00000000,100.00000000,0,NULL,NULL,0,NULL,0.00000000,0,2,NULL,NULL,'EUR',100.00000000,0.00000000,100.00000000,0.00000000,100.00000000,NULL),
(56,19,NULL,2,NULL,'',NULL,0.000,'',0.000,'0',0.000,'0',2,0,0,NULL,NULL,0.00000000,0.00000000,0.00000000,0.00000000,0.00000000,0.00000000,0,NULL,NULL,0,NULL,0.00000000,0,3,NULL,NULL,'EUR',0.00000000,0.00000000,0.00000000,0.00000000,0.00000000,NULL),
(57,19,NULL,2,NULL,'',NULL,0.000,'',0.000,'0',0.000,'0',1,0,0,NULL,NULL,0.00000000,0.00000000,0.00000000,0.00000000,0.00000000,0.00000000,0,NULL,NULL,0,NULL,0.00000000,0,4,NULL,NULL,'EUR',0.00000000,0.00000000,0.00000000,0.00000000,0.00000000,NULL),
(58,19,NULL,2,NULL,'',NULL,0.000,'',0.000,'0',0.000,'0',2,0,0,NULL,NULL,0.00000000,0.00000000,0.00000000,0.00000000,0.00000000,0.00000000,0,NULL,NULL,0,NULL,0.00000000,0,5,NULL,NULL,'EUR',0.00000000,0.00000000,0.00000000,0.00000000,0.00000000,NULL),
(59,20,NULL,1,NULL,'A beatifull pink dress',NULL,0.000,'',0.000,'0',0.000,'0',3,0,0,NULL,100.00000000,0.00000000,300.00000000,0.00000000,0.00000000,0.00000000,300.00000000,0,NULL,NULL,0,NULL,0.00000000,0,1,NULL,NULL,'EUR',100.00000000,0.00000000,300.00000000,0.00000000,300.00000000,NULL),
(60,20,NULL,5,NULL,'<strong><span style=\"font-family:roboto,uilanguagefont,arial,sans-serif; font-size:14px\">DoliDroid is the Android front-end client for Dolibarr ERP &amp; CRM web software.</span><br />\r\n<span style=\"font-family:roboto,uilanguagefont,arial,sans-serif; font-size:14px\">This application is not a standalone program. It is a front end to use a online hosted Dolibarr ERP &amp; CRM software (an Open-source web software to manage your business).</span></strong>\r\n<p><u>The advantage of DoliDroid are :</u><br />\r\n- DoliDroid is not a duplicate code of Dolibarr, but a front-end of a Dolibarr web installation, so all your online existing features are supported by this application. This is also true for external modules features.<br />\r\n- Upgrading Dolibarr will not break DoliDroid.<br />\r\n- DoliDroid use embedded image resources to reduce bandwidth usage.<br />\r\n- DoliDroid use internal cache for pages that should not change (like menu page)<br />\r\n- Connections parameters are saved. No need to enter them each time you use DoliDroid.<br />\r\n- Integration with your phone or other applications (Clicking on PDF open PDF reader, clicking onto email or phone launch your email application or launch Android dialer, ...)</p>\r\n\r\n<p><span style=\"color:#DAA520\"><strong>WARNING !&nbsp;</strong></span></p>\r\n\r\n<p>This application need Android 4.0+ and a hosted Dolibarr ERP &amp; CRM version 3.5 or newer accessible by internet<br />\r\n(For example, when hosted on any SaaS solution like DoliCloud -&nbsp;<a href=\"https://www.google.com/url?q=https://www.google.com/url?q%3Dhttp://www.dolicloud.com%26sa%3DD%26usg%3DAFQjCNGdd9htz4JDciiMtScpBwK83qIRkw&amp;sa=D&amp;usg=AFQjCNGMpCbxNnU5BiK59e368K5AR0l_pg\" style=\"text-decoration: none; color: rgb(51, 105, 30); cursor: pointer;\" target=\"_blank\">http://www.dolicloud.com</a>).</p>',NULL,0.000,'',0.000,'0',0.000,'0',1,0,0,NULL,10.00000000,0.00000000,10.00000000,0.00000000,0.00000000,0.00000000,10.00000000,0,NULL,NULL,0,NULL,0.00000000,0,2,NULL,NULL,'EUR',10.00000000,0.00000000,10.00000000,0.00000000,10.00000000,NULL),
(61,20,NULL,5,NULL,'<strong><span style=\"font-family:roboto,uilanguagefont,arial,sans-serif; font-size:14px\">DoliDroid is the Android front-end client for Dolibarr ERP &amp; CRM web software.</span><br />\r\n<span style=\"font-family:roboto,uilanguagefont,arial,sans-serif; font-size:14px\">This application is not a standalone program. It is a front end to use a online hosted Dolibarr ERP &amp; CRM software (an Open-source web software to manage your business).</span></strong>\r\n<p><u>The advantage of DoliDroid are :</u><br />\r\n- DoliDroid is not a duplicate code of Dolibarr, but a front-end of a Dolibarr web installation, so all your online existing features are supported by this application. This is also true for external modules features.<br />\r\n- Upgrading Dolibarr will not break DoliDroid.<br />\r\n- DoliDroid use embedded image resources to reduce bandwidth usage.<br />\r\n- DoliDroid use internal cache for pages that should not change (like menu page)<br />\r\n- Connections parameters are saved. No need to enter them each time you use DoliDroid.<br />\r\n- Integration with your phone or other applications (Clicking on PDF open PDF reader, clicking onto email or phone launch your email application or launch Android dialer, ...)</p>\r\n\r\n<p><span style=\"color:#DAA520\"><strong>WARNING !&nbsp;</strong></span></p>\r\n\r\n<p>This application need Android 4.0+ and a hosted Dolibarr ERP &amp; CRM version 3.5 or newer accessible by internet<br />\r\n(For example, when hosted on any SaaS solution like DoliCloud -&nbsp;<a href=\"https://www.google.com/url?q=https://www.google.com/url?q%3Dhttp://www.dolicloud.com%26sa%3DD%26usg%3DAFQjCNGdd9htz4JDciiMtScpBwK83qIRkw&amp;sa=D&amp;usg=AFQjCNGMpCbxNnU5BiK59e368K5AR0l_pg\" style=\"text-decoration: none; color: rgb(51, 105, 30); cursor: pointer;\" target=\"_blank\">http://www.dolicloud.com</a>).</p>',NULL,0.000,'',0.000,'0',0.000,'0',2,0,0,NULL,10.00000000,0.00000000,20.00000000,0.00000000,0.00000000,0.00000000,20.00000000,0,NULL,NULL,0,NULL,0.00000000,0,3,NULL,NULL,'EUR',10.00000000,0.00000000,20.00000000,0.00000000,20.00000000,NULL),
(62,20,NULL,10,NULL,'A powerfull computer XP4523&nbsp;',NULL,0.000,'',0.000,'0',0.000,'0',5,0,0,NULL,100.00000000,0.00000000,500.00000000,0.00000000,0.00000000,0.00000000,500.00000000,0,NULL,NULL,0,NULL,0.00000000,0,4,NULL,NULL,'EUR',100.00000000,0.00000000,500.00000000,0.00000000,500.00000000,NULL),
(63,21,NULL,5,NULL,'<strong><span style=\"font-family:roboto,uilanguagefont,arial,sans-serif; font-size:14px\">DoliDroid is the Android front-end client for Dolibarr ERP &amp; CRM web software.</span><br />\r\n<span style=\"font-family:roboto,uilanguagefont,arial,sans-serif; font-size:14px\">This application is not a standalone program. It is a front end to use a online hosted Dolibarr ERP &amp; CRM software (an Open-source web software to manage your business).</span></strong>\r\n<p><u>The advantage of DoliDroid are :</u><br />\r\n- DoliDroid is not a duplicate code of Dolibarr, but a front-end of a Dolibarr web installation, so all your online existing features are supported by this application. This is also true for external modules features.<br />\r\n- Upgrading Dolibarr will not break DoliDroid.<br />\r\n- DoliDroid use embedded image resources to reduce bandwidth usage.<br />\r\n- DoliDroid use internal cache for pages that should not change (like menu page)<br />\r\n- Connections parameters are saved. No need to enter them each time you use DoliDroid.<br />\r\n- Integration with your phone or other applications (Clicking on PDF open PDF reader, clicking onto email or phone launch your email application or launch Android dialer, ...)</p>\r\n\r\n<p><span style=\"color:#DAA520\"><strong>WARNING !&nbsp;</strong></span></p>\r\n\r\n<p>This application need Android 4.0+ and a hosted Dolibarr ERP &amp; CRM version 3.5 or newer accessible by internet<br />\r\n(For example, when hosted on any SaaS solution like DoliCloud -&nbsp;<a href=\"https://www.google.com/url?q=https://www.google.com/url?q%3Dhttp://www.dolicloud.com%26sa%3DD%26usg%3DAFQjCNGdd9htz4JDciiMtScpBwK83qIRkw&amp;sa=D&amp;usg=AFQjCNGMpCbxNnU5BiK59e368K5AR0l_pg\" style=\"text-decoration: none; color: rgb(51, 105, 30); cursor: pointer;\" target=\"_blank\">http://www.dolicloud.com</a>).</p>',NULL,0.000,'',0.000,'0',0.000,'0',2,0,0,NULL,10.00000000,0.00000000,20.00000000,0.00000000,0.00000000,0.00000000,20.00000000,0,NULL,NULL,0,NULL,0.00000000,0,1,NULL,NULL,'EUR',10.00000000,0.00000000,20.00000000,0.00000000,20.00000000,NULL),
(64,21,NULL,12,NULL,'Cloud hosting of Dolibarr ERP and CRM software',NULL,0.000,'',0.000,'0',0.000,'0',1,0,0,NULL,9.00000000,0.00000000,9.00000000,0.00000000,0.00000000,0.00000000,9.00000000,0,NULL,NULL,0,NULL,0.00000000,0,2,NULL,NULL,'EUR',9.00000000,0.00000000,9.00000000,0.00000000,9.00000000,NULL),
(65,21,NULL,4,NULL,'Nice Bio Apple Pie.<br />\r\n&nbsp;',NULL,0.000,'',0.000,'0',0.000,'0',3,0,0,NULL,5.00000000,0.00000000,15.00000000,0.00000000,0.00000000,0.00000000,15.00000000,0,NULL,NULL,0,NULL,0.00000000,0,3,NULL,NULL,'EUR',5.00000000,0.00000000,15.00000000,0.00000000,15.00000000,NULL),
(66,21,NULL,12,NULL,'Cloud hosting of Dolibarr ERP and CRM software',NULL,0.000,'',0.000,'0',0.000,'0',5,0,0,NULL,9.00000000,0.00000000,45.00000000,0.00000000,0.00000000,0.00000000,45.00000000,0,NULL,NULL,0,NULL,0.00000000,0,4,NULL,NULL,'EUR',9.00000000,0.00000000,45.00000000,0.00000000,45.00000000,NULL),
(67,22,NULL,5,NULL,'<strong><span style=\"font-family:roboto,uilanguagefont,arial,sans-serif; font-size:14px\">DoliDroid is the Android front-end client for Dolibarr ERP &amp; CRM web software.</span><br />\r\n<span style=\"font-family:roboto,uilanguagefont,arial,sans-serif; font-size:14px\">This application is not a standalone program. It is a front end to use a online hosted Dolibarr ERP &amp; CRM software (an Open-source web software to manage your business).</span></strong>\r\n<p><u>The advantage of DoliDroid are :</u><br />\r\n- DoliDroid is not a duplicate code of Dolibarr, but a front-end of a Dolibarr web installation, so all your online existing features are supported by this application. This is also true for external modules features.<br />\r\n- Upgrading Dolibarr will not break DoliDroid.<br />\r\n- DoliDroid use embedded image resources to reduce bandwidth usage.<br />\r\n- DoliDroid use internal cache for pages that should not change (like menu page)<br />\r\n- Connections parameters are saved. No need to enter them each time you use DoliDroid.<br />\r\n- Integration with your phone or other applications (Clicking on PDF open PDF reader, clicking onto email or phone launch your email application or launch Android dialer, ...)</p>\r\n\r\n<p><span style=\"color:#DAA520\"><strong>WARNING !&nbsp;</strong></span></p>\r\n\r\n<p>This application need Android 4.0+ and a hosted Dolibarr ERP &amp; CRM version 3.5 or newer accessible by internet<br />\r\n(For example, when hosted on any SaaS solution like DoliCloud -&nbsp;<a href=\"https://www.google.com/url?q=https://www.google.com/url?q%3Dhttp://www.dolicloud.com%26sa%3DD%26usg%3DAFQjCNGdd9htz4JDciiMtScpBwK83qIRkw&amp;sa=D&amp;usg=AFQjCNGMpCbxNnU5BiK59e368K5AR0l_pg\" style=\"text-decoration: none; color: rgb(51, 105, 30); cursor: pointer;\" target=\"_blank\">http://www.dolicloud.com</a>).</p>',NULL,0.000,'',0.000,'0',0.000,'0',5,0,0,NULL,10.00000000,0.00000000,50.00000000,0.00000000,0.00000000,0.00000000,50.00000000,0,NULL,NULL,0,NULL,0.00000000,0,1,NULL,NULL,'EUR',10.00000000,0.00000000,50.00000000,0.00000000,50.00000000,NULL),
(68,22,NULL,5,NULL,'<strong><span style=\"font-family:roboto,uilanguagefont,arial,sans-serif; font-size:14px\">DoliDroid is the Android front-end client for Dolibarr ERP &amp; CRM web software.</span><br />\r\n<span style=\"font-family:roboto,uilanguagefont,arial,sans-serif; font-size:14px\">This application is not a standalone program. It is a front end to use a online hosted Dolibarr ERP &amp; CRM software (an Open-source web software to manage your business).</span></strong>\r\n<p><u>The advantage of DoliDroid are :</u><br />\r\n- DoliDroid is not a duplicate code of Dolibarr, but a front-end of a Dolibarr web installation, so all your online existing features are supported by this application. This is also true for external modules features.<br />\r\n- Upgrading Dolibarr will not break DoliDroid.<br />\r\n- DoliDroid use embedded image resources to reduce bandwidth usage.<br />\r\n- DoliDroid use internal cache for pages that should not change (like menu page)<br />\r\n- Connections parameters are saved. No need to enter them each time you use DoliDroid.<br />\r\n- Integration with your phone or other applications (Clicking on PDF open PDF reader, clicking onto email or phone launch your email application or launch Android dialer, ...)</p>\r\n\r\n<p><span style=\"color:#DAA520\"><strong>WARNING !&nbsp;</strong></span></p>\r\n\r\n<p>This application need Android 4.0+ and a hosted Dolibarr ERP &amp; CRM version 3.5 or newer accessible by internet<br />\r\n(For example, when hosted on any SaaS solution like DoliCloud -&nbsp;<a href=\"https://www.google.com/url?q=https://www.google.com/url?q%3Dhttp://www.dolicloud.com%26sa%3DD%26usg%3DAFQjCNGdd9htz4JDciiMtScpBwK83qIRkw&amp;sa=D&amp;usg=AFQjCNGMpCbxNnU5BiK59e368K5AR0l_pg\" style=\"text-decoration: none; color: rgb(51, 105, 30); cursor: pointer;\" target=\"_blank\">http://www.dolicloud.com</a>).</p>',NULL,0.000,'',0.000,'0',0.000,'0',2,0,0,NULL,10.00000000,0.00000000,20.00000000,0.00000000,0.00000000,0.00000000,20.00000000,0,NULL,NULL,0,NULL,0.00000000,0,2,NULL,NULL,'EUR',10.00000000,0.00000000,20.00000000,0.00000000,20.00000000,NULL),
(69,23,NULL,2,NULL,'',NULL,0.000,'',0.000,'0',0.000,'0',2,0,0,NULL,NULL,0.00000000,0.00000000,0.00000000,0.00000000,0.00000000,0.00000000,0,NULL,NULL,0,NULL,0.00000000,0,1,NULL,NULL,'EUR',0.00000000,0.00000000,0.00000000,0.00000000,0.00000000,NULL),
(70,23,NULL,4,NULL,'Nice Bio Apple Pie.<br />\r\n&nbsp;',NULL,0.000,'',0.000,'0',0.000,'0',3,0,0,NULL,5.00000000,0.00000000,15.00000000,0.00000000,0.00000000,0.00000000,15.00000000,0,NULL,NULL,0,NULL,0.00000000,0,2,NULL,NULL,'EUR',5.00000000,0.00000000,15.00000000,0.00000000,15.00000000,NULL),
(71,23,NULL,13,NULL,'A powerfull computer XP4523&nbsp;',NULL,0.000,'',0.000,'0',0.000,'0',3,0,0,NULL,100.00000000,0.00000000,300.00000000,0.00000000,0.00000000,0.00000000,300.00000000,0,NULL,NULL,0,NULL,0.00000000,0,3,NULL,NULL,'EUR',100.00000000,0.00000000,300.00000000,0.00000000,300.00000000,NULL),
(72,23,NULL,1,NULL,'A beatifull pink dress',NULL,0.000,'',0.000,'0',0.000,'0',4,0,0,NULL,100.00000000,0.00000000,400.00000000,0.00000000,0.00000000,0.00000000,400.00000000,0,NULL,NULL,0,NULL,0.00000000,0,4,NULL,NULL,'EUR',100.00000000,0.00000000,400.00000000,0.00000000,400.00000000,NULL),
(73,24,NULL,4,NULL,'Nice Bio Apple Pie.<br />\r\n&nbsp;',NULL,0.000,'',0.000,'0',0.000,'0',1,0,0,NULL,5.00000000,0.00000000,5.00000000,0.00000000,0.00000000,0.00000000,5.00000000,0,NULL,NULL,0,NULL,0.00000000,0,1,NULL,NULL,'EUR',5.00000000,0.00000000,5.00000000,0.00000000,5.00000000,NULL),
(74,24,NULL,12,NULL,'Cloud hosting of Dolibarr ERP and CRM software',NULL,0.000,'',0.000,'0',0.000,'0',5,0,0,NULL,9.00000000,0.00000000,45.00000000,0.00000000,0.00000000,0.00000000,45.00000000,0,NULL,NULL,0,NULL,0.00000000,0,2,NULL,NULL,'EUR',9.00000000,0.00000000,45.00000000,0.00000000,45.00000000,NULL),
(75,24,NULL,2,NULL,'',NULL,0.000,'',0.000,'0',0.000,'0',4,0,0,NULL,NULL,0.00000000,0.00000000,0.00000000,0.00000000,0.00000000,0.00000000,0,NULL,NULL,0,NULL,0.00000000,0,3,NULL,NULL,'EUR',0.00000000,0.00000000,0.00000000,0.00000000,0.00000000,NULL),
(76,24,NULL,1,NULL,'A beatifull pink dress',NULL,0.000,'',0.000,'0',0.000,'0',2,0,0,NULL,100.00000000,0.00000000,200.00000000,0.00000000,0.00000000,0.00000000,200.00000000,0,NULL,NULL,0,NULL,0.00000000,0,4,NULL,NULL,'EUR',100.00000000,0.00000000,200.00000000,0.00000000,200.00000000,NULL),
(77,25,NULL,10,NULL,'A powerfull computer XP4523&nbsp;',NULL,0.000,'',0.000,'0',0.000,'0',4,0,0,NULL,100.00000000,0.00000000,400.00000000,0.00000000,0.00000000,0.00000000,400.00000000,0,NULL,NULL,0,NULL,0.00000000,0,1,NULL,NULL,'EUR',100.00000000,0.00000000,400.00000000,0.00000000,400.00000000,NULL),
(78,25,NULL,13,NULL,'A powerfull computer XP4523&nbsp;',NULL,0.000,'',0.000,'0',0.000,'0',3,0,0,NULL,100.00000000,0.00000000,300.00000000,0.00000000,0.00000000,0.00000000,300.00000000,0,NULL,NULL,0,NULL,0.00000000,0,2,NULL,NULL,'EUR',100.00000000,0.00000000,300.00000000,0.00000000,300.00000000,NULL),
(79,25,NULL,10,NULL,'A powerfull computer XP4523&nbsp;',NULL,0.000,'',0.000,'0',0.000,'0',2,0,0,NULL,100.00000000,0.00000000,200.00000000,0.00000000,0.00000000,0.00000000,200.00000000,0,NULL,NULL,0,NULL,0.00000000,0,3,NULL,NULL,'EUR',100.00000000,0.00000000,200.00000000,0.00000000,200.00000000,NULL),
(80,25,NULL,13,NULL,'A powerfull computer XP4523&nbsp;',NULL,0.000,'',0.000,'0',0.000,'0',1,0,0,NULL,100.00000000,0.00000000,100.00000000,0.00000000,0.00000000,0.00000000,100.00000000,0,NULL,NULL,0,NULL,0.00000000,0,4,NULL,NULL,'EUR',100.00000000,0.00000000,100.00000000,0.00000000,100.00000000,NULL),
(81,25,NULL,12,NULL,'Cloud hosting of Dolibarr ERP and CRM software',NULL,0.000,'',0.000,'0',0.000,'0',2,0,0,NULL,9.00000000,0.00000000,18.00000000,0.00000000,0.00000000,0.00000000,18.00000000,0,NULL,NULL,0,NULL,0.00000000,0,5,NULL,NULL,'EUR',9.00000000,0.00000000,18.00000000,0.00000000,18.00000000,NULL),
(82,26,NULL,10,NULL,'A powerfull computer XP4523&nbsp;',NULL,0.000,'',0.000,'0',0.000,'0',2,0,0,NULL,100.00000000,0.00000000,200.00000000,0.00000000,0.00000000,0.00000000,200.00000000,0,NULL,NULL,0,NULL,0.00000000,0,1,NULL,NULL,'EUR',100.00000000,0.00000000,200.00000000,0.00000000,200.00000000,NULL),
(83,26,NULL,5,NULL,'<strong><span style=\"font-family:roboto,uilanguagefont,arial,sans-serif; font-size:14px\">DoliDroid is the Android front-end client for Dolibarr ERP &amp; CRM web software.</span><br />\r\n<span style=\"font-family:roboto,uilanguagefont,arial,sans-serif; font-size:14px\">This application is not a standalone program. It is a front end to use a online hosted Dolibarr ERP &amp; CRM software (an Open-source web software to manage your business).</span></strong>\r\n<p><u>The advantage of DoliDroid are :</u><br />\r\n- DoliDroid is not a duplicate code of Dolibarr, but a front-end of a Dolibarr web installation, so all your online existing features are supported by this application. This is also true for external modules features.<br />\r\n- Upgrading Dolibarr will not break DoliDroid.<br />\r\n- DoliDroid use embedded image resources to reduce bandwidth usage.<br />\r\n- DoliDroid use internal cache for pages that should not change (like menu page)<br />\r\n- Connections parameters are saved. No need to enter them each time you use DoliDroid.<br />\r\n- Integration with your phone or other applications (Clicking on PDF open PDF reader, clicking onto email or phone launch your email application or launch Android dialer, ...)</p>\r\n\r\n<p><span style=\"color:#DAA520\"><strong>WARNING !&nbsp;</strong></span></p>\r\n\r\n<p>This application need Android 4.0+ and a hosted Dolibarr ERP &amp; CRM version 3.5 or newer accessible by internet<br />\r\n(For example, when hosted on any SaaS solution like DoliCloud -&nbsp;<a href=\"https://www.google.com/url?q=https://www.google.com/url?q%3Dhttp://www.dolicloud.com%26sa%3DD%26usg%3DAFQjCNGdd9htz4JDciiMtScpBwK83qIRkw&amp;sa=D&amp;usg=AFQjCNGMpCbxNnU5BiK59e368K5AR0l_pg\" style=\"text-decoration: none; color: rgb(51, 105, 30); cursor: pointer;\" target=\"_blank\">http://www.dolicloud.com</a>).</p>',NULL,0.000,'',0.000,'0',0.000,'0',1,0,0,NULL,10.00000000,0.00000000,10.00000000,0.00000000,0.00000000,0.00000000,10.00000000,0,NULL,NULL,0,NULL,0.00000000,0,2,NULL,NULL,'EUR',10.00000000,0.00000000,10.00000000,0.00000000,10.00000000,NULL),
(84,26,NULL,10,NULL,'A powerfull computer XP4523&nbsp;',NULL,0.000,'',0.000,'0',0.000,'0',3,0,0,NULL,100.00000000,0.00000000,300.00000000,0.00000000,0.00000000,0.00000000,300.00000000,0,NULL,NULL,0,NULL,0.00000000,0,3,NULL,NULL,'EUR',100.00000000,0.00000000,300.00000000,0.00000000,300.00000000,NULL),
(85,26,NULL,13,NULL,'A powerfull computer XP4523&nbsp;',NULL,0.000,'',0.000,'0',0.000,'0',2,0,0,NULL,100.00000000,0.00000000,200.00000000,0.00000000,0.00000000,0.00000000,200.00000000,0,NULL,NULL,0,NULL,0.00000000,0,4,NULL,NULL,'EUR',100.00000000,0.00000000,200.00000000,0.00000000,200.00000000,NULL),
(86,26,NULL,3,NULL,'',NULL,0.000,'',0.000,'0',0.000,'0',2,0,0,NULL,NULL,0.00000000,0.00000000,0.00000000,0.00000000,0.00000000,0.00000000,0,NULL,NULL,0,NULL,0.00000000,0,5,NULL,NULL,'EUR',0.00000000,0.00000000,0.00000000,0.00000000,0.00000000,NULL),
(87,27,NULL,13,NULL,'A powerfull computer XP4523&nbsp;',NULL,0.000,'',0.000,'0',0.000,'0',3,0,0,NULL,100.00000000,0.00000000,300.00000000,0.00000000,0.00000000,0.00000000,300.00000000,0,NULL,NULL,0,NULL,0.00000000,0,1,NULL,NULL,'EUR',100.00000000,0.00000000,300.00000000,0.00000000,300.00000000,NULL),
(88,27,NULL,3,NULL,'',NULL,0.000,'',0.000,'0',0.000,'0',2,0,0,NULL,NULL,0.00000000,0.00000000,0.00000000,0.00000000,0.00000000,0.00000000,0,NULL,NULL,0,NULL,0.00000000,0,2,NULL,NULL,'EUR',0.00000000,0.00000000,0.00000000,0.00000000,0.00000000,NULL),
(89,28,NULL,4,NULL,'Nice Bio Apple Pie.<br />\r\n&nbsp;',NULL,0.000,'',0.000,'0',0.000,'0',2,0,0,NULL,5.00000000,0.00000000,10.00000000,0.00000000,0.00000000,0.00000000,10.00000000,0,NULL,NULL,0,NULL,0.00000000,0,1,NULL,NULL,'EUR',5.00000000,0.00000000,10.00000000,0.00000000,10.00000000,NULL),
(90,28,NULL,5,NULL,'<strong><span style=\"font-family:roboto,uilanguagefont,arial,sans-serif; font-size:14px\">DoliDroid is the Android front-end client for Dolibarr ERP &amp; CRM web software.</span><br />\r\n<span style=\"font-family:roboto,uilanguagefont,arial,sans-serif; font-size:14px\">This application is not a standalone program. It is a front end to use a online hosted Dolibarr ERP &amp; CRM software (an Open-source web software to manage your business).</span></strong>\r\n<p><u>The advantage of DoliDroid are :</u><br />\r\n- DoliDroid is not a duplicate code of Dolibarr, but a front-end of a Dolibarr web installation, so all your online existing features are supported by this application. This is also true for external modules features.<br />\r\n- Upgrading Dolibarr will not break DoliDroid.<br />\r\n- DoliDroid use embedded image resources to reduce bandwidth usage.<br />\r\n- DoliDroid use internal cache for pages that should not change (like menu page)<br />\r\n- Connections parameters are saved. No need to enter them each time you use DoliDroid.<br />\r\n- Integration with your phone or other applications (Clicking on PDF open PDF reader, clicking onto email or phone launch your email application or launch Android dialer, ...)</p>\r\n\r\n<p><span style=\"color:#DAA520\"><strong>WARNING !&nbsp;</strong></span></p>\r\n\r\n<p>This application need Android 4.0+ and a hosted Dolibarr ERP &amp; CRM version 3.5 or newer accessible by internet<br />\r\n(For example, when hosted on any SaaS solution like DoliCloud -&nbsp;<a href=\"https://www.google.com/url?q=https://www.google.com/url?q%3Dhttp://www.dolicloud.com%26sa%3DD%26usg%3DAFQjCNGdd9htz4JDciiMtScpBwK83qIRkw&amp;sa=D&amp;usg=AFQjCNGMpCbxNnU5BiK59e368K5AR0l_pg\" style=\"text-decoration: none; color: rgb(51, 105, 30); cursor: pointer;\" target=\"_blank\">http://www.dolicloud.com</a>).</p>',NULL,0.000,'',0.000,'0',0.000,'0',3,0,0,NULL,10.00000000,0.00000000,30.00000000,0.00000000,0.00000000,0.00000000,30.00000000,0,NULL,NULL,0,NULL,0.00000000,0,2,NULL,NULL,'EUR',10.00000000,0.00000000,30.00000000,0.00000000,30.00000000,NULL),
(91,28,NULL,2,NULL,'',NULL,0.000,'',0.000,'0',0.000,'0',5,0,0,NULL,NULL,0.00000000,0.00000000,0.00000000,0.00000000,0.00000000,0.00000000,0,NULL,NULL,0,NULL,0.00000000,0,3,NULL,NULL,'EUR',0.00000000,0.00000000,0.00000000,0.00000000,0.00000000,NULL),
(92,28,NULL,1,NULL,'A beatifull pink dress',NULL,0.000,'',0.000,'0',0.000,'0',4,0,0,NULL,100.00000000,0.00000000,400.00000000,0.00000000,0.00000000,0.00000000,400.00000000,0,NULL,NULL,0,NULL,0.00000000,0,4,NULL,NULL,'EUR',100.00000000,0.00000000,400.00000000,0.00000000,400.00000000,NULL),
(93,29,NULL,1,NULL,'A beatifull pink dress',NULL,0.000,'',0.000,'0',0.000,'0',3,0,0,NULL,100.00000000,0.00000000,300.00000000,0.00000000,0.00000000,0.00000000,300.00000000,0,NULL,NULL,0,NULL,0.00000000,0,1,NULL,NULL,'EUR',100.00000000,0.00000000,300.00000000,0.00000000,300.00000000,NULL),
(94,29,NULL,1,NULL,'A beatifull pink dress',NULL,0.000,'',0.000,'0',0.000,'0',5,0,0,NULL,100.00000000,0.00000000,500.00000000,0.00000000,0.00000000,0.00000000,500.00000000,0,NULL,NULL,0,NULL,0.00000000,0,2,NULL,NULL,'EUR',100.00000000,0.00000000,500.00000000,0.00000000,500.00000000,NULL),
(95,29,NULL,13,NULL,'A powerfull computer XP4523&nbsp;',NULL,0.000,'',0.000,'0',0.000,'0',2,0,0,NULL,100.00000000,0.00000000,200.00000000,0.00000000,0.00000000,0.00000000,200.00000000,0,NULL,NULL,0,NULL,0.00000000,0,3,NULL,NULL,'EUR',100.00000000,0.00000000,200.00000000,0.00000000,200.00000000,NULL),
(96,30,NULL,13,NULL,'A powerfull computer XP4523&nbsp;',NULL,0.000,'',0.000,'0',0.000,'0',4,0,0,NULL,100.00000000,0.00000000,400.00000000,0.00000000,0.00000000,0.00000000,400.00000000,0,NULL,NULL,0,NULL,0.00000000,0,1,NULL,NULL,'EUR',100.00000000,0.00000000,400.00000000,0.00000000,400.00000000,NULL),
(97,30,NULL,1,NULL,'A beatifull pink dress',NULL,0.000,'',0.000,'0',0.000,'0',2,0,0,NULL,100.00000000,0.00000000,200.00000000,0.00000000,0.00000000,0.00000000,200.00000000,0,NULL,NULL,0,NULL,0.00000000,0,2,NULL,NULL,'EUR',100.00000000,0.00000000,200.00000000,0.00000000,200.00000000,NULL),
(98,30,NULL,10,NULL,'A powerfull computer XP4523&nbsp;',NULL,0.000,'',0.000,'0',0.000,'0',2,0,0,NULL,100.00000000,0.00000000,200.00000000,0.00000000,0.00000000,0.00000000,200.00000000,0,NULL,NULL,0,NULL,0.00000000,0,3,NULL,NULL,'EUR',100.00000000,0.00000000,200.00000000,0.00000000,200.00000000,NULL),
(99,30,NULL,13,NULL,'A powerfull computer XP4523&nbsp;',NULL,0.000,'',0.000,'0',0.000,'0',4,0,0,NULL,100.00000000,0.00000000,400.00000000,0.00000000,0.00000000,0.00000000,400.00000000,0,NULL,NULL,0,NULL,0.00000000,0,4,NULL,NULL,'EUR',100.00000000,0.00000000,400.00000000,0.00000000,400.00000000,NULL),
(100,31,NULL,4,NULL,'Nice Bio Apple Pie.<br />\r\n&nbsp;',NULL,0.000,'',0.000,'0',0.000,'0',4,0,0,NULL,5.00000000,0.00000000,20.00000000,0.00000000,0.00000000,0.00000000,20.00000000,0,NULL,NULL,0,NULL,0.00000000,0,1,NULL,NULL,'EUR',5.00000000,0.00000000,20.00000000,0.00000000,20.00000000,NULL),
(101,31,NULL,13,NULL,'A powerfull computer XP4523&nbsp;',NULL,0.000,'',0.000,'0',0.000,'0',4,0,0,NULL,100.00000000,0.00000000,400.00000000,0.00000000,0.00000000,0.00000000,400.00000000,0,NULL,NULL,0,NULL,0.00000000,0,2,NULL,NULL,'EUR',100.00000000,0.00000000,400.00000000,0.00000000,400.00000000,NULL),
(102,31,NULL,13,NULL,'A powerfull computer XP4523&nbsp;',NULL,0.000,'',0.000,'0',0.000,'0',3,0,0,NULL,100.00000000,0.00000000,300.00000000,0.00000000,0.00000000,0.00000000,300.00000000,0,NULL,NULL,0,NULL,0.00000000,0,3,NULL,NULL,'EUR',100.00000000,0.00000000,300.00000000,0.00000000,300.00000000,NULL),
(103,31,NULL,3,NULL,'',NULL,0.000,'',0.000,'0',0.000,'0',2,0,0,NULL,NULL,0.00000000,0.00000000,0.00000000,0.00000000,0.00000000,0.00000000,0,NULL,NULL,0,NULL,0.00000000,0,4,NULL,NULL,'EUR',0.00000000,0.00000000,0.00000000,0.00000000,0.00000000,NULL),
(104,32,NULL,12,NULL,'Cloud hosting of Dolibarr ERP and CRM software',NULL,0.000,'',0.000,'0',0.000,'0',5,0,0,NULL,9.00000000,0.00000000,45.00000000,0.00000000,0.00000000,0.00000000,45.00000000,0,NULL,NULL,0,NULL,0.00000000,0,1,NULL,NULL,'EUR',9.00000000,0.00000000,45.00000000,0.00000000,45.00000000,NULL),
(105,32,NULL,10,NULL,'A powerfull computer XP4523&nbsp;',NULL,0.000,'',0.000,'0',0.000,'0',1,0,0,NULL,100.00000000,0.00000000,100.00000000,0.00000000,0.00000000,0.00000000,100.00000000,0,NULL,NULL,0,NULL,0.00000000,0,2,NULL,NULL,'EUR',100.00000000,0.00000000,100.00000000,0.00000000,100.00000000,NULL),
(106,32,NULL,12,NULL,'Cloud hosting of Dolibarr ERP and CRM software',NULL,0.000,'',0.000,'0',0.000,'0',5,0,0,NULL,9.00000000,0.00000000,45.00000000,0.00000000,0.00000000,0.00000000,45.00000000,0,NULL,NULL,0,NULL,0.00000000,0,3,NULL,NULL,'EUR',9.00000000,0.00000000,45.00000000,0.00000000,45.00000000,NULL),
(107,32,NULL,13,NULL,'A powerfull computer XP4523&nbsp;',NULL,0.000,'',0.000,'0',0.000,'0',4,0,0,NULL,100.00000000,0.00000000,400.00000000,0.00000000,0.00000000,0.00000000,400.00000000,0,NULL,NULL,0,NULL,0.00000000,0,4,NULL,NULL,'EUR',100.00000000,0.00000000,400.00000000,0.00000000,400.00000000,NULL),
(108,32,NULL,12,NULL,'Cloud hosting of Dolibarr ERP and CRM software',NULL,0.000,'',0.000,'0',0.000,'0',2,0,0,NULL,9.00000000,0.00000000,18.00000000,0.00000000,0.00000000,0.00000000,18.00000000,0,NULL,NULL,0,NULL,0.00000000,0,5,NULL,NULL,'EUR',9.00000000,0.00000000,18.00000000,0.00000000,18.00000000,NULL),
(109,10,NULL,NULL,NULL,'fdfd',NULL,0.000,'',0.000,'0',0.000,'0',1,0,0,NULL,10.00000000,0.00000000,10.00000000,0.00000000,0.00000000,0.00000000,10.00000000,0,NULL,NULL,0,NULL,0.00000000,0,1,NULL,NULL,'',10.00000000,0.00000000,10.00000000,0.00000000,10.00000000,NULL),
(110,33,NULL,3,NULL,'aaa',NULL,0.000,'',0.000,'0',0.000,'0',1,0,0,NULL,0.00000000,0.00000000,0.00000000,0.00000000,0.00000000,0.00000000,0.00000000,1,NULL,NULL,0,NULL,0.00000000,0,1,NULL,1,'EUR',0.00000000,0.00000000,0.00000000,0.00000000,0.00000000,NULL),
(114,22,NULL,11,NULL,'A nice rollup',NULL,0.000,'',0.000,'0',0.000,'0',1,0,0,NULL,0.00000000,0.00000000,0.00000000,0.00000000,0.00000000,0.00000000,0.00000000,0,NULL,NULL,0,NULL,0.00000000,0,3,NULL,NULL,'EUR',0.00000000,0.00000000,0.00000000,0.00000000,0.00000000,NULL),
(115,35,NULL,11,NULL,'A nice rollup',NULL,0.000,'',0.000,'0',0.000,'0',1,0,0,NULL,0.00000000,0.00000000,0.00000000,0.00000000,0.00000000,0.00000000,0.00000000,0,NULL,NULL,0,NULL,12.00000000,0,1,NULL,1,'EUR',0.00000000,0.00000000,0.00000000,0.00000000,0.00000000,NULL),
(116,35,NULL,4,NULL,'Nice Bio Apple Pie.<br />\r\n&nbsp;',NULL,0.000,'',0.000,'0',0.000,'0',1,0,0,NULL,5.00000000,0.00000000,5.00000000,0.00000000,0.00000000,0.00000000,5.00000000,0,NULL,NULL,0,NULL,10.00000000,0,2,NULL,1,'EUR',5.00000000,0.00000000,5.00000000,0.00000000,5.00000000,NULL),
(119,36,NULL,4,NULL,'Nice Bio Apple Pie.<br />\r\n&nbsp;',NULL,4.000,'',0.000,'0',0.000,'0',1,0,0,6,6.00000000,0.00000000,6.00000000,0.24000000,0.00000000,0.00000000,6.24000000,0,NULL,NULL,0,NULL,10.00000000,0,1,NULL,1,'EUR',6.00000000,0.00000000,6.00000000,0.24000000,6.24000000,NULL),
(120,37,NULL,4,NULL,'Nice Bio Apple Pie.<br />\r\n&nbsp;',NULL,0.000,'',0.000,'0',0.000,'0',1,0,0,NULL,10.00000000,0.00000000,10.00000000,0.00000000,0.00000000,0.00000000,10.00000000,0,NULL,NULL,0,NULL,10.00000000,0,1,NULL,1,'EUR',10.00000000,0.00000000,10.00000000,0.00000000,10.00000000,NULL),
(122,22,NULL,NULL,NULL,'1',NULL,5.500,'',0.000,'0',0.000,'0',1,0,0,NULL,1.00000000,0.00000000,1.00000000,0.06000000,0.00000000,0.00000000,1.06000000,0,NULL,NULL,0,NULL,0.00000000,0,4,NULL,NULL,'EUR',1.00000000,0.00000000,1.00000000,0.06000000,1.06000000,NULL),
(123,22,NULL,NULL,NULL,'aaa',NULL,5.500,'',0.000,'0',0.000,'0',1,0,0,NULL,1.00000000,0.00000000,1.00000000,0.06000000,0.00000000,0.00000000,1.06000000,0,NULL,NULL,0,NULL,0.00000000,0,5,NULL,NULL,'EUR',1.00000000,0.00000000,1.00000000,0.06000000,1.06000000,NULL),
(124,22,NULL,NULL,NULL,'aaa',NULL,5.500,'aaa',0.000,'0',0.000,'0',1,0,0,0,1.00000000,0.00000000,1.00000000,0.06000000,0.00000000,0.00000000,1.06000000,0,NULL,NULL,0,NULL,0.00000000,0,6,NULL,NULL,'EUR',1.00000000,0.00000000,1.00000000,0.06000000,1.06000000,NULL),
(125,22,NULL,NULL,NULL,'a',NULL,5.500,'aaa',0.000,'0',0.000,'0',1,0,0,0,1.00000000,0.00000000,1.00000000,0.06000000,0.00000000,0.00000000,1.06000000,0,NULL,NULL,0,NULL,0.00000000,0,7,NULL,NULL,'EUR',1.00000000,0.00000000,1.00000000,0.06000000,1.06000000,NULL),
(126,22,NULL,NULL,NULL,'a',NULL,5.500,'bbb',0.000,'0',0.000,'0',1,0,0,NULL,1.00000000,0.00000000,1.00000000,0.06000000,0.00000000,0.00000000,1.06000000,1,NULL,NULL,0,NULL,0.00000000,0,8,NULL,NULL,'EUR',1.00000000,0.00000000,1.00000000,0.06000000,1.06000000,NULL),
(127,39,NULL,NULL,NULL,'aaa',NULL,0.000,'CGST+SGST',9.000,'1',9.000,'1',1,0,0,NULL,10.00000000,0.00000000,10.00000000,0.00000000,0.90000000,0.90000000,11.80000000,0,NULL,NULL,0,NULL,0.00000000,0,1,NULL,1,'EUR',10.00000000,0.00000000,10.00000000,0.00000000,11.80000000,NULL),
(128,39,NULL,NULL,NULL,'mmm',NULL,18.000,'IGST',0.000,'0',0.000,'0',1,0,0,NULL,10.00000000,0.00000000,10.00000000,1.80000000,0.00000000,0.00000000,11.80000000,0,NULL,NULL,0,NULL,0.00000000,0,2,NULL,1,'EUR',10.00000000,0.00000000,10.00000000,1.80000000,11.80000000,NULL),
(129,39,NULL,NULL,NULL,'aaa',NULL,18.000,'IGST',0.000,'0',0.000,'0',1,0,0,0,10.16949000,0.00000000,10.17000000,1.83000000,0.00000000,0.00000000,12.00000000,1,NULL,NULL,0,NULL,0.00000000,0,3,NULL,1,'EUR',10.16949000,0.00000000,10.17000000,1.83000000,12.00000000,NULL),
(130,39,NULL,NULL,NULL,'hhhh',NULL,0.000,'CGST+SGST',9.000,'1',9.000,'1',1,0,0,0,11.80000000,0.00000000,11.80000000,0.00000000,1.06000000,1.06000000,13.92000000,1,NULL,NULL,0,NULL,0.00000000,0,4,NULL,1,'EUR',11.80000000,0.00000000,11.80000000,0.00000000,13.92000000,NULL),
(133,36,NULL,4,NULL,'Nice Bio Apple Pie.<br />\r\n&nbsp;',NULL,0.000,'CGST+SGST',9.000,'1',9.000,'1',1,0,0,NULL,9.00000000,0.00000000,9.00000000,0.00000000,0.81000000,0.81000000,10.62000000,0,NULL,NULL,0,NULL,10.00000000,0,2,NULL,1,'EUR',9.00000000,0.00000000,9.00000000,0.00000000,10.62000000,NULL),
(134,36,NULL,4,NULL,'Nice Bio Apple Pie.<br />\r\n&nbsp;',NULL,0.000,'CGST+SGST',9.000,'1',9.000,'1',1,0,0,NULL,9.00000000,0.00000000,9.00000000,0.00000000,0.81000000,0.81000000,10.62000000,0,NULL,NULL,0,NULL,10.00000000,0,3,NULL,1,'EUR',9.00000000,0.00000000,9.00000000,0.00000000,10.62000000,NULL),
(142,36,NULL,4,NULL,'(Pays d\'origine: France)',NULL,0.000,'',0.000,'0',0.000,'0',1,0,0,NULL,9.00000000,0.00000000,9.00000000,0.00000000,0.00000000,0.00000000,9.00000000,0,NULL,NULL,0,NULL,10.00000000,0,4,1,1,'EUR',9.00000000,0.00000000,9.00000000,0.00000000,9.00000000,NULL),
(143,36,NULL,NULL,NULL,'hfg<br>\nh<br>\nfg<br>\nhf<br>\nh<br>\nf<br>\nh<br>\nf<br>\nh<br>\nf<br>\nh<br>\n<br>\nfh<br>\n<br>\nf<br>\nh<br>\nfgh<br>\nf<br>\ngh<br>\nf<br>\ngh<br>\nf<br>\ngh<br>\nfg<br>\nh<br>\nf<br>\ngh<br>\nfhfgh',NULL,0.000,'',0.000,'0',0.000,'0',1,0,0,NULL,5.00000000,0.00000000,5.00000000,0.00000000,0.00000000,0.00000000,5.00000000,0,NULL,NULL,0,NULL,0.00000000,0,5,1,1,'EUR',5.00000000,0.00000000,5.00000000,0.00000000,5.00000000,NULL),
(145,42,NULL,4,NULL,'(Pays d\'origine: France)',NULL,0.000,'',0.000,'0',0.000,'0',1,0,0,NULL,9.00000000,0.00000000,9.00000000,0.00000000,0.00000000,0.00000000,9.00000000,0,NULL,NULL,0,NULL,2.00000000,0,1,1,1,'EUR',9.00000000,0.00000000,9.00000000,0.00000000,9.00000000,NULL),
(147,34,NULL,4,NULL,'(Pays d\'origine: France)',NULL,0.000,'',0.000,'0',0.000,'0',1,0,0,NULL,9.00000000,0.00000000,9.00000000,0.00000000,0.00000000,0.00000000,9.00000000,0,NULL,NULL,0,NULL,1215.55500000,0,1,1,1,'EUR',9.00000000,0.00000000,9.00000000,0.00000000,9.00000000,NULL),
(149,34,NULL,1,NULL,'A beatifull pink dress',NULL,0.000,'',0.000,'0',0.000,'0',1,0,0,NULL,9.00000000,0.00000000,9.00000000,0.00000000,0.00000000,0.00000000,9.00000000,0,NULL,NULL,0,NULL,79.16667000,0,2,NULL,1,'EUR',9.00000000,0.00000000,9.00000000,0.00000000,9.00000000,NULL);

--
-- Table structure for table `llx_propaldet_extrafields`
--

CREATE TABLE `llx_propaldet_extrafields` (
  `rowid` int(11) NOT NULL AUTO_INCREMENT,
  `tms` timestamp NOT NULL DEFAULT current_timestamp() ON UPDATE current_timestamp(),
  `fk_object` int(11) NOT NULL,
  `import_key` varchar(14) DEFAULT NULL,
  PRIMARY KEY (`rowid`),
  UNIQUE KEY `uk_propaldet_extrafields` (`fk_object`)
) ENGINE=InnoDB DEFAULT CHARSET=utf8mb3 COLLATE=utf8mb3_unicode_ci;

--
-- Dumping data for table `llx_propaldet_extrafields`
--


--
-- Table structure for table `llx_reception`
--

CREATE TABLE `llx_reception` (
  `rowid` int(11) NOT NULL AUTO_INCREMENT,
  `tms` timestamp NOT NULL DEFAULT current_timestamp() ON UPDATE current_timestamp(),
  `ref` varchar(30) NOT NULL,
  `entity` int(11) NOT NULL DEFAULT 1,
  `fk_soc` int(11) NOT NULL,
  `fk_projet` int(11) DEFAULT NULL,
  `ref_ext` varchar(30) DEFAULT NULL,
  `ref_int` varchar(30) DEFAULT NULL,
  `ref_supplier` varchar(255) DEFAULT NULL,
  `date_creation` datetime DEFAULT NULL,
  `fk_user_author` int(11) DEFAULT NULL,
  `fk_user_modif` int(11) DEFAULT NULL,
  `date_valid` datetime DEFAULT NULL,
  `fk_user_valid` int(11) DEFAULT NULL,
  `date_delivery` datetime DEFAULT NULL,
  `date_reception` datetime DEFAULT NULL,
  `fk_shipping_method` int(11) DEFAULT NULL,
  `tracking_number` varchar(50) DEFAULT NULL,
  `fk_statut` smallint(6) DEFAULT 0,
  `billed` smallint(6) DEFAULT 0,
  `height` float DEFAULT NULL,
  `width` float DEFAULT NULL,
  `size_units` int(11) DEFAULT NULL,
  `size` float DEFAULT NULL,
  `weight_units` int(11) DEFAULT NULL,
  `weight` float DEFAULT NULL,
  `note_private` text DEFAULT NULL,
  `note_public` text DEFAULT NULL,
  `model_pdf` varchar(255) DEFAULT NULL,
  `fk_incoterms` int(11) DEFAULT NULL,
  `location_incoterms` varchar(255) DEFAULT NULL,
  `import_key` varchar(14) DEFAULT NULL,
  `extraparams` varchar(255) DEFAULT NULL,
  PRIMARY KEY (`rowid`),
  UNIQUE KEY `idx_reception_uk_ref` (`ref`,`entity`),
  KEY `idx_reception_fk_soc` (`fk_soc`),
  KEY `idx_reception_fk_user_author` (`fk_user_author`),
  KEY `idx_reception_fk_user_valid` (`fk_user_valid`),
  KEY `idx_reception_fk_shipping_method` (`fk_shipping_method`),
  CONSTRAINT `fk_reception_fk_shipping_method` FOREIGN KEY (`fk_shipping_method`) REFERENCES `llx_c_shipment_mode` (`rowid`),
  CONSTRAINT `fk_reception_fk_soc` FOREIGN KEY (`fk_soc`) REFERENCES `llx_societe` (`rowid`),
  CONSTRAINT `fk_reception_fk_user_author` FOREIGN KEY (`fk_user_author`) REFERENCES `llx_user` (`rowid`),
  CONSTRAINT `fk_reception_fk_user_valid` FOREIGN KEY (`fk_user_valid`) REFERENCES `llx_user` (`rowid`)
) ENGINE=InnoDB AUTO_INCREMENT=3 DEFAULT CHARSET=utf8mb3 COLLATE=utf8mb3_unicode_ci;

--
-- Dumping data for table `llx_reception`
--

INSERT INTO `llx_reception` VALUES
(1,'2021-04-15 11:41:05','RCP2104-0001',1,1,10,NULL,NULL,NULL,'2021-04-15 08:40:04',12,NULL,'2021-04-15 08:40:18',12,'2021-04-23 00:00:00',NULL,NULL,'',1,0,NULL,NULL,0,NULL,0,NULL,NULL,NULL,NULL,0,'',NULL,NULL);

--
-- Table structure for table `llx_reception_extrafields`
--

CREATE TABLE `llx_reception_extrafields` (
  `rowid` int(11) NOT NULL AUTO_INCREMENT,
  `tms` timestamp NOT NULL DEFAULT current_timestamp() ON UPDATE current_timestamp(),
  `fk_object` int(11) NOT NULL,
  `import_key` varchar(14) DEFAULT NULL,
  PRIMARY KEY (`rowid`),
  UNIQUE KEY `uk_reception_extrafields` (`fk_object`)
) ENGINE=InnoDB DEFAULT CHARSET=utf8mb3 COLLATE=utf8mb3_unicode_ci;

--
-- Dumping data for table `llx_reception_extrafields`
--


--
-- Table structure for table `llx_receptiondet_batch`
--

CREATE TABLE `llx_receptiondet_batch` (
  `rowid` int(11) NOT NULL AUTO_INCREMENT,
  `fk_element` int(11) DEFAULT NULL,
  `fk_product` int(11) DEFAULT NULL,
  `fk_elementdet` int(11) DEFAULT NULL,
  `qty` float DEFAULT NULL,
  `fk_entrepot` int(11) DEFAULT NULL,
  `fk_user` int(11) DEFAULT NULL,
  `datec` datetime DEFAULT NULL,
  `comment` varchar(255) DEFAULT NULL,
  `status` int(11) DEFAULT NULL,
  `tms` timestamp NOT NULL DEFAULT current_timestamp() ON UPDATE current_timestamp(),
  `batch` varchar(128) DEFAULT NULL,
  `eatby` date DEFAULT NULL,
  `sellby` date DEFAULT NULL,
  `fk_projet` int(11) DEFAULT NULL,
  `fk_reception` int(11) DEFAULT NULL,
  `cost_price` double(24,8) DEFAULT 0.00000000,
  `element_type` varchar(50) NOT NULL DEFAULT 'supplier_order',
  `extraparams` varchar(255) DEFAULT NULL,
  PRIMARY KEY (`rowid`),
  KEY `idx_commande_fournisseur_dispatch_fk_commande` (`fk_element`),
  KEY `idx_commande_fournisseur_dispatch_fk_product` (`fk_product`),
  KEY `idx_commande_fournisseur_dispatch_fk_commandefourndet` (`fk_elementdet`),
  KEY `idx_receptiondet_batch_fk_element` (`fk_element`)
) ENGINE=InnoDB AUTO_INCREMENT=2 DEFAULT CHARSET=utf8mb3 COLLATE=utf8mb3_unicode_ci;

--
-- Dumping data for table `llx_receptiondet_batch`
--

INSERT INTO `llx_receptiondet_batch` VALUES
(1,2,4,2,1,20,12,'2021-04-15 08:40:04','',1,'2021-04-15 11:40:04','Lot 2021-02',NULL,NULL,NULL,1,0.00000000,'supplier_order',NULL);

--
-- Table structure for table `llx_receptiondet_batch_extrafields`
--

CREATE TABLE `llx_receptiondet_batch_extrafields` (
  `rowid` int(11) NOT NULL AUTO_INCREMENT,
  `tms` timestamp NOT NULL DEFAULT current_timestamp() ON UPDATE current_timestamp(),
  `fk_object` int(11) NOT NULL,
  `import_key` varchar(14) DEFAULT NULL,
  PRIMARY KEY (`rowid`),
  KEY `idx_commande_fournisseur_dispatch_extrafields` (`fk_object`)
) ENGINE=InnoDB DEFAULT CHARSET=utf8mb3 COLLATE=utf8mb3_unicode_ci;

--
-- Dumping data for table `llx_receptiondet_batch_extrafields`
--


--
-- Table structure for table `llx_recruitment_recruitmentcandidature`
--

CREATE TABLE `llx_recruitment_recruitmentcandidature` (
  `rowid` int(11) NOT NULL AUTO_INCREMENT,
  `fk_recruitmentjobposition` int(11) DEFAULT NULL,
  `ref` varchar(128) CHARACTER SET utf8mb4 COLLATE utf8mb4_general_ci NOT NULL DEFAULT '(PROV)',
  `description` text CHARACTER SET utf8mb4 COLLATE utf8mb4_general_ci DEFAULT NULL,
  `note_public` text CHARACTER SET utf8mb4 COLLATE utf8mb4_general_ci DEFAULT NULL,
  `note_private` text CHARACTER SET utf8mb4 COLLATE utf8mb4_general_ci DEFAULT NULL,
  `date_creation` datetime NOT NULL,
  `tms` timestamp NOT NULL DEFAULT current_timestamp() ON UPDATE current_timestamp(),
  `fk_user_creat` int(11) DEFAULT NULL,
  `fk_user_modif` int(11) DEFAULT NULL,
  `import_key` varchar(14) CHARACTER SET utf8mb4 COLLATE utf8mb4_general_ci DEFAULT NULL,
  `model_pdf` varchar(255) CHARACTER SET utf8mb4 COLLATE utf8mb4_general_ci DEFAULT NULL,
  `status` smallint(6) NOT NULL,
  `firstname` varchar(128) CHARACTER SET utf8mb4 COLLATE utf8mb4_general_ci DEFAULT NULL,
  `lastname` varchar(128) CHARACTER SET utf8mb4 COLLATE utf8mb4_general_ci DEFAULT NULL,
  `email` varchar(255) CHARACTER SET utf8mb4 COLLATE utf8mb4_general_ci DEFAULT NULL,
  `phone` varchar(64) CHARACTER SET utf8mb4 COLLATE utf8mb4_general_ci DEFAULT NULL,
  `remuneration_requested` int(11) DEFAULT NULL,
  `remuneration_proposed` int(11) DEFAULT NULL,
  `fk_recruitment_origin` int(11) DEFAULT NULL,
  `email_msgid` varchar(175) DEFAULT NULL,
  `email_date` datetime DEFAULT NULL,
  `entity` int(11) NOT NULL DEFAULT 1,
  `date_birth` date DEFAULT NULL,
  `fk_user` int(11) DEFAULT NULL,
  `ip` varchar(250) DEFAULT NULL,
  PRIMARY KEY (`rowid`),
  UNIQUE KEY `uk_recruitmentcandidature_email_msgid` (`email_msgid`),
  KEY `idx_recruitment_recruitmentcandidature_rowid` (`rowid`),
  KEY `idx_recruitment_recruitmentcandidature_ref` (`ref`),
  KEY `llx_recruitment_recruitmentcandidature_fk_user_creat` (`fk_user_creat`),
  KEY `idx_recruitment_recruitmentcandidature_status` (`status`),
  CONSTRAINT `llx_recruitment_recruitmentcandidature_fk_user_creat` FOREIGN KEY (`fk_user_creat`) REFERENCES `llx_user` (`rowid`)
) ENGINE=InnoDB AUTO_INCREMENT=120 DEFAULT CHARSET=utf8mb3 COLLATE=utf8mb3_unicode_ci;

--
-- Dumping data for table `llx_recruitment_recruitmentcandidature`
--

INSERT INTO `llx_recruitment_recruitmentcandidature` VALUES
(118,3,'(PROV118)','',NULL,NULL,'2021-04-15 07:28:32','2021-04-15 10:28:32',12,NULL,NULL,NULL,0,'Stud','Studson','student1@myschool.com','',20000,NULL,NULL,NULL,NULL,1,'2005-04-15',NULL,NULL),
(119,4,'(PROV119)','',NULL,NULL,'2021-04-15 07:29:26','2021-04-15 10:29:26',12,NULL,NULL,NULL,3,'Garfield','Erika','egarfield@example.com','',40000,NULL,NULL,NULL,NULL,1,'1990-04-15',NULL,NULL);

--
-- Table structure for table `llx_recruitment_recruitmentcandidature_extrafields`
--

CREATE TABLE `llx_recruitment_recruitmentcandidature_extrafields` (
  `rowid` int(11) NOT NULL AUTO_INCREMENT,
  `tms` timestamp NOT NULL DEFAULT current_timestamp() ON UPDATE current_timestamp(),
  `fk_object` int(11) NOT NULL,
  `import_key` varchar(14) CHARACTER SET utf8mb4 COLLATE utf8mb4_general_ci DEFAULT NULL,
  `aa` varchar(255) CHARACTER SET utf8mb4 COLLATE utf8mb4_general_ci DEFAULT NULL,
  PRIMARY KEY (`rowid`),
  UNIQUE KEY `uk_recruitmentcandidature_fk_object` (`fk_object`),
  KEY `idx_fk_object` (`fk_object`)
) ENGINE=InnoDB AUTO_INCREMENT=22 DEFAULT CHARSET=utf8mb3 COLLATE=utf8mb3_unicode_ci;

--
-- Dumping data for table `llx_recruitment_recruitmentcandidature_extrafields`
--

INSERT INTO `llx_recruitment_recruitmentcandidature_extrafields` VALUES
(16,'2020-08-25 10:40:58',95,NULL,NULL),
(17,'2020-08-25 10:52:58',72,NULL,NULL),
(18,'2020-09-06 09:44:55',65,NULL,'fdsfsd'),
(19,'2020-09-15 22:45:41',67,NULL,NULL),
(20,'2020-11-04 10:14:10',112,NULL,NULL),
(21,'2020-11-04 12:02:32',68,NULL,'aaaa');

--
-- Table structure for table `llx_recruitment_recruitmentjobposition`
--

CREATE TABLE `llx_recruitment_recruitmentjobposition` (
  `rowid` int(11) NOT NULL AUTO_INCREMENT,
  `ref` varchar(128) CHARACTER SET utf8mb4 COLLATE utf8mb4_general_ci NOT NULL DEFAULT '(PROV)',
  `label` varchar(255) CHARACTER SET utf8mb4 COLLATE utf8mb4_general_ci NOT NULL,
  `qty` int(11) NOT NULL DEFAULT 1,
  `fk_soc` int(11) DEFAULT NULL,
  `fk_project` int(11) DEFAULT NULL,
  `fk_user_recruiter` int(11) DEFAULT NULL,
  `fk_user_supervisor` int(11) DEFAULT NULL,
  `fk_establishment` int(11) DEFAULT NULL,
  `date_planned` date DEFAULT NULL,
  `description` text CHARACTER SET utf8mb4 COLLATE utf8mb4_general_ci DEFAULT NULL,
  `note_public` text CHARACTER SET utf8mb4 COLLATE utf8mb4_general_ci DEFAULT NULL,
  `note_private` text CHARACTER SET utf8mb4 COLLATE utf8mb4_general_ci DEFAULT NULL,
  `date_creation` datetime NOT NULL,
  `tms` timestamp NOT NULL DEFAULT current_timestamp() ON UPDATE current_timestamp(),
  `fk_user_creat` int(11) NOT NULL,
  `fk_user_modif` int(11) DEFAULT NULL,
  `import_key` varchar(14) CHARACTER SET utf8mb4 COLLATE utf8mb4_general_ci DEFAULT NULL,
  `model_pdf` varchar(255) CHARACTER SET utf8mb4 COLLATE utf8mb4_general_ci DEFAULT NULL,
  `status` smallint(6) NOT NULL,
  `last_main_doc` varchar(255) CHARACTER SET utf8mb4 COLLATE utf8mb4_general_ci DEFAULT NULL,
  `email_recruiter` varchar(255) CHARACTER SET utf8mb4 COLLATE utf8mb4_general_ci DEFAULT NULL,
  `entity` int(11) NOT NULL DEFAULT 1,
  `remuneration` varchar(255) CHARACTER SET utf8mb4 COLLATE utf8mb4_general_ci DEFAULT NULL,
  `remuneration_suggested` varchar(255) CHARACTER SET utf8mb4 COLLATE utf8mb4_general_ci DEFAULT NULL,
  PRIMARY KEY (`rowid`),
  KEY `idx_recruitment_recruitmentjobposition_rowid` (`rowid`),
  KEY `idx_recruitment_recruitmentjobposition_ref` (`ref`),
  KEY `idx_recruitment_recruitmentjobposition_fk_soc` (`fk_soc`),
  KEY `idx_recruitment_recruitmentjobposition_fk_project` (`fk_project`),
  KEY `llx_recruitment_recruitmentjobposition_fk_user_recruiter` (`fk_user_recruiter`),
  KEY `llx_recruitment_recruitmentjobposition_fk_user_supervisor` (`fk_user_supervisor`),
  KEY `llx_recruitment_recruitmentjobposition_fk_establishment` (`fk_establishment`),
  KEY `llx_recruitment_recruitmentjobposition_fk_user_creat` (`fk_user_creat`),
  KEY `idx_recruitment_recruitmentjobposition_status` (`status`),
  CONSTRAINT `llx_recruitment_recruitmentjobposition_fk_establishment` FOREIGN KEY (`fk_establishment`) REFERENCES `llx_establishment` (`rowid`),
  CONSTRAINT `llx_recruitment_recruitmentjobposition_fk_user_creat` FOREIGN KEY (`fk_user_creat`) REFERENCES `llx_user` (`rowid`),
  CONSTRAINT `llx_recruitment_recruitmentjobposition_fk_user_recruiter` FOREIGN KEY (`fk_user_recruiter`) REFERENCES `llx_user` (`rowid`),
  CONSTRAINT `llx_recruitment_recruitmentjobposition_fk_user_supervisor` FOREIGN KEY (`fk_user_supervisor`) REFERENCES `llx_user` (`rowid`)
) ENGINE=InnoDB AUTO_INCREMENT=5 DEFAULT CHARSET=utf8mb3 COLLATE=utf8mb3_unicode_ci;

--
-- Dumping data for table `llx_recruitment_recruitmentjobposition`
--

INSERT INTO `llx_recruitment_recruitmentjobposition` VALUES
(2,'JOB2008-0001','Web designer',1,NULL,NULL,12,NULL,9,NULL,'Knowing HTML + CSS',NULL,'','2020-08-06 13:25:00','2020-09-02 17:17:47',12,12,NULL,'standard_recruitmentjobposition',3,'recruitment/recruitmentjobposition/JOB2008-0001/JOB2008-0001.pdf','',1,NULL,'To negociate'),
(3,'JOB2009-0002','PHP Developer Senior',1,NULL,NULL,12,NULL,NULL,NULL,'5 years of experience required<br />\r\n<br />\r\nLocation: Berlin<br />\r\n&nbsp;',NULL,'','2020-09-02 17:23:00','2023-01-10 21:14:30',12,12,NULL,NULL,1,'recruitment/recruitmentjobposition/JOB2009-0002/JOB2009-0002.pdf','',1,NULL,'40000 - 50000'),
(4,'JOB2009-0003','PHP Developer Junior',1,NULL,NULL,12,NULL,NULL,NULL,'Location: Madrid<br />\r\nWe are looking for a curious developer to work in our Web division.',NULL,NULL,'2020-11-11 17:24:00','2020-11-03 13:58:06',12,12,NULL,NULL,1,'recruitment/recruitmentjobposition/JOB2009-0003/JOB2009-0003.pdf','4444',1,NULL,'');

--
-- Table structure for table `llx_recruitment_recruitmentjobposition_extrafields`
--

CREATE TABLE `llx_recruitment_recruitmentjobposition_extrafields` (
  `rowid` int(11) NOT NULL AUTO_INCREMENT,
  `tms` timestamp NOT NULL DEFAULT current_timestamp() ON UPDATE current_timestamp(),
  `fk_object` int(11) NOT NULL,
  `import_key` varchar(14) CHARACTER SET utf8mb4 COLLATE utf8mb4_general_ci DEFAULT NULL,
  `bbb` double(24,8) DEFAULT NULL,
  PRIMARY KEY (`rowid`),
  UNIQUE KEY `uk_recruitmentjobposition_fk_object` (`fk_object`),
  KEY `idx_fk_object` (`fk_object`)
) ENGINE=InnoDB AUTO_INCREMENT=19 DEFAULT CHARSET=utf8mb3 COLLATE=utf8mb3_unicode_ci;

--
-- Dumping data for table `llx_recruitment_recruitmentjobposition_extrafields`
--

INSERT INTO `llx_recruitment_recruitmentjobposition_extrafields` VALUES
(6,'2020-09-06 18:39:58',2,NULL,NULL),
(7,'2020-11-03 13:54:53',3,NULL,5.00000000),
(18,'2020-11-09 08:51:51',4,NULL,NULL);

--
-- Table structure for table `llx_resource`
--

CREATE TABLE `llx_resource` (
  `rowid` int(11) NOT NULL AUTO_INCREMENT,
  `entity` int(11) NOT NULL DEFAULT 1,
  `ref` varchar(255) DEFAULT NULL,
  `asset_number` varchar(255) DEFAULT NULL,
  `description` text DEFAULT NULL,
  `fk_code_type_resource` varchar(32) DEFAULT NULL,
  `address` varchar(255) DEFAULT NULL,
  `zip` varchar(25) DEFAULT NULL,
  `town` varchar(50) DEFAULT NULL,
  `photo_filename` varchar(255) DEFAULT NULL,
  `max_users` int(11) DEFAULT NULL,
  `phone` varchar(30) DEFAULT NULL,
  `email` varchar(255) DEFAULT NULL,
  `url` varchar(255) DEFAULT NULL,
  `note_public` text DEFAULT NULL,
  `note_private` text DEFAULT NULL,
  `tms` timestamp NOT NULL DEFAULT current_timestamp() ON UPDATE current_timestamp(),
  `datec` datetime DEFAULT NULL,
  `date_valid` datetime DEFAULT NULL,
  `fk_user_author` int(11) DEFAULT NULL,
  `fk_user_modif` int(11) DEFAULT NULL,
  `fk_user_valid` int(11) DEFAULT NULL,
  `fk_statut` smallint(6) NOT NULL DEFAULT 0,
  `import_key` varchar(14) DEFAULT NULL,
  `extraparams` varchar(255) DEFAULT NULL,
  `fk_country` int(11) DEFAULT NULL,
  `fk_state` int(11) DEFAULT NULL,
  PRIMARY KEY (`rowid`),
  UNIQUE KEY `uk_resource_ref` (`ref`,`entity`),
  KEY `fk_code_type_resource_idx` (`fk_code_type_resource`),
  KEY `idx_resource_fk_country` (`fk_country`),
  KEY `idx_resource_fk_state` (`fk_state`),
  CONSTRAINT `fk_resource_fk_country` FOREIGN KEY (`fk_country`) REFERENCES `llx_c_country` (`rowid`)
) ENGINE=InnoDB AUTO_INCREMENT=18 DEFAULT CHARSET=utf8mb3 COLLATE=utf8mb3_unicode_ci;

--
-- Dumping data for table `llx_resource`
--

INSERT INTO `llx_resource` VALUES
(1,1,'Car Kangoo 1',NULL,'Car number 1 - Num XDF-45-GH','RES_CARS',NULL,NULL,NULL,NULL,NULL,NULL,NULL,NULL,NULL,NULL,'2017-02-20 16:44:12',NULL,NULL,NULL,NULL,NULL,0,NULL,NULL,NULL,NULL),
(2,1,'Car Kangoo 2',NULL,'Car number 2 - Num GHY-78-JJ','RES_CARS',NULL,NULL,NULL,NULL,NULL,NULL,NULL,NULL,NULL,NULL,'2017-02-20 16:44:01',NULL,NULL,NULL,NULL,NULL,0,NULL,NULL,NULL,NULL),
(3,1,'Meeting room - 14p',NULL,'Meeting room<br />\r\n14 places','RES_ROOMS',NULL,NULL,NULL,NULL,NULL,NULL,NULL,NULL,NULL,NULL,'2017-02-20 16:44:38',NULL,NULL,NULL,NULL,NULL,0,NULL,NULL,NULL,NULL),
(4,1,'Meeting room - 8p',NULL,'Meeting room 8 places','RES_ROOMS',NULL,NULL,NULL,NULL,NULL,NULL,NULL,NULL,NULL,NULL,'2020-06-12 17:14:48',NULL,NULL,NULL,NULL,NULL,0,NULL,NULL,NULL,NULL),
(5,1,'SALLE-1',NULL,'Salle 1','RES_ROOMS',NULL,NULL,NULL,NULL,NULL,NULL,NULL,NULL,NULL,NULL,'2024-11-28 15:11:53',NULL,NULL,NULL,NULL,NULL,0,NULL,NULL,NULL,NULL),
(6,1,'SALLE-2',NULL,'Salle 2','RES_ROOMS',NULL,NULL,NULL,NULL,NULL,NULL,NULL,NULL,NULL,NULL,'2024-11-28 15:11:53',NULL,NULL,NULL,NULL,NULL,0,NULL,NULL,NULL,NULL),
(7,1,'MAT-1',NULL,'Matériel 1','RES_HARDWARE',NULL,NULL,NULL,NULL,NULL,NULL,NULL,NULL,NULL,NULL,'2024-11-28 15:11:53',NULL,NULL,NULL,NULL,NULL,0,NULL,NULL,NULL,NULL),
(8,1,'MAT-2',NULL,'Matériel 2','RES_HARDWARE',NULL,NULL,NULL,NULL,NULL,NULL,NULL,NULL,NULL,NULL,'2024-11-28 15:11:53',NULL,NULL,NULL,NULL,NULL,0,NULL,NULL,NULL,NULL);

--
-- Table structure for table `llx_resource_extrafields`
--

CREATE TABLE `llx_resource_extrafields` (
  `rowid` int(11) NOT NULL AUTO_INCREMENT,
  `tms` timestamp NOT NULL DEFAULT current_timestamp() ON UPDATE current_timestamp(),
  `fk_object` int(11) NOT NULL,
  `import_key` varchar(14) DEFAULT NULL,
  PRIMARY KEY (`rowid`),
  UNIQUE KEY `uk_resource_extrafields` (`fk_object`)
) ENGINE=InnoDB DEFAULT CHARSET=utf8mb3 COLLATE=utf8mb3_unicode_ci;

--
-- Dumping data for table `llx_resource_extrafields`
--


--
-- Table structure for table `llx_rights_def`
--

CREATE TABLE `llx_rights_def` (
  `id` int(11) NOT NULL DEFAULT 0,
  `libelle` varchar(255) DEFAULT NULL,
  `module` varchar(64) DEFAULT NULL,
  `module_origin` varchar(64) DEFAULT NULL,
  `entity` int(11) NOT NULL DEFAULT 1,
  `perms` varchar(50) DEFAULT NULL,
  `subperms` varchar(50) DEFAULT NULL,
  `type` varchar(1) DEFAULT NULL,
  `bydefault` tinyint(4) DEFAULT 0,
  `enabled` text DEFAULT NULL,
  `module_position` int(11) NOT NULL DEFAULT 0,
  `family_position` int(11) NOT NULL DEFAULT 0,
  `tms` timestamp NOT NULL DEFAULT current_timestamp() ON UPDATE current_timestamp(),
  PRIMARY KEY (`id`,`entity`)
) ENGINE=InnoDB DEFAULT CHARSET=utf8mb3 COLLATE=utf8mb3_unicode_ci;

--
-- Dumping data for table `llx_rights_def`
--

INSERT INTO `llx_rights_def` VALUES
(11,'Read invoices','facture','',1,'lire','','a',0,'1',0,0,'2025-07-10 13:22:31'),
(11,'Lire les factures','facture',NULL,2,'lire',NULL,'a',1,NULL,10,0,'2022-12-11 21:23:36'),
(12,'Create and update invoices','facture','',1,'creer','','a',0,'1',0,0,'2025-07-10 13:22:31'),
(12,'Creer/modifier les factures','facture',NULL,2,'creer',NULL,'a',0,NULL,10,0,'2022-12-11 21:23:36'),
(13,'Devalidate invoices','facture','',1,'invoice_advance','unvalidate','a',0,'1',0,0,'2025-07-10 13:22:31'),
(13,'Dévalider les factures','facture',NULL,2,'invoice_advance','unvalidate','a',0,NULL,10,0,'2022-12-11 21:23:36'),
(14,'Validate invoices','facture','',1,'invoice_advance','validate','a',0,'1',0,0,'2025-07-10 13:22:31'),
(14,'Valider les factures','facture',NULL,2,'valider',NULL,'a',0,NULL,10,0,'2022-12-11 21:23:36'),
(15,'Send invoices by email','facture','',1,'invoice_advance','send','a',0,'1',0,0,'2025-07-10 13:22:31'),
(15,'Envoyer les factures par mail','facture',NULL,2,'invoice_advance','send','a',0,NULL,10,0,'2022-12-11 21:23:36'),
(16,'Issue payments on invoices','facture','',1,'paiement','','a',0,'1',0,0,'2025-07-10 13:22:31'),
(16,'Emettre des paiements sur les factures','facture',NULL,2,'paiement',NULL,'a',0,NULL,10,0,'2022-12-11 21:23:36'),
(19,'Delete invoices','facture','',1,'supprimer','','a',0,'1',0,0,'2025-07-10 13:22:31'),
(19,'Supprimer les factures','facture',NULL,2,'supprimer',NULL,'a',0,NULL,10,0,'2022-12-11 21:23:36'),
(21,'Read commercial proposals','propale','',1,'lire','','r',0,'1',10,0,'2025-03-25 21:59:16'),
(21,'Lire les propositions commerciales','propale',NULL,2,'lire',NULL,'r',1,NULL,22,0,'2022-12-11 21:23:36'),
(22,'Create and update commercial proposals','propale','',1,'creer','','w',0,'1',10,0,'2025-03-25 21:59:16'),
(22,'Creer/modifier les propositions commerciales','propale',NULL,2,'creer',NULL,'w',0,NULL,22,0,'2022-12-11 21:23:36'),
(24,'Validate commercial proposals','propale','',1,'propal_advance','validate','d',0,'1',10,0,'2025-03-25 21:59:16'),
(24,'Valider les propositions commerciales','propale',NULL,2,'valider',NULL,'d',0,NULL,22,0,'2022-12-11 21:23:36'),
(25,'Send commercial proposals to customers','propale','',1,'propal_advance','send','d',0,'1',10,0,'2025-03-25 21:59:16'),
(25,'Envoyer les propositions commerciales aux clients','propale',NULL,2,'propal_advance','send','d',0,NULL,22,0,'2022-12-11 21:23:36'),
(26,'Close commercial proposals','propale','',1,'propal_advance','close','d',0,'1',10,0,'2025-03-25 21:59:16'),
(26,'Cloturer les propositions commerciales','propale',NULL,2,'propal_advance','close','d',0,NULL,22,0,'2022-12-11 21:23:36'),
(27,'Delete commercial proposals','propale','',1,'supprimer','','d',0,'1',10,0,'2025-03-25 21:59:16'),
(27,'Supprimer les propositions commerciales','propale',NULL,2,'supprimer',NULL,'d',0,NULL,22,0,'2022-12-11 21:23:36'),
(28,'Exporting commercial proposals and attributes','propale','',1,'export','','r',0,'1',10,0,'2025-03-25 21:59:16'),
(28,'Exporter les propositions commerciales et attributs','propale',NULL,2,'export',NULL,'r',0,NULL,22,0,'2022-12-11 21:23:36'),
(29,'Reopen commercial proposals','propale','',1,'propal_advance','reopen','w',0,'1',10,0,'2025-03-25 21:59:16'),
(31,'Read products','produit','',1,'lire','','r',0,'1',26,0,'2025-03-25 21:59:16'),
(31,'Lire les produits','produit',NULL,2,'lire',NULL,'r',1,NULL,25,0,'2022-12-11 21:23:36'),
(32,'Create/modify products','produit','',1,'creer','','w',0,'1',26,0,'2025-03-25 21:59:16'),
(32,'Creer/modifier les produits','produit',NULL,2,'creer',NULL,'w',0,NULL,25,0,'2022-12-11 21:23:36'),
(33,'Read prices products','produit','',1,'product_advance','read_prices','w',0,'1',26,0,'2025-03-25 21:59:16'),
(34,'Delete products','produit','',1,'supprimer','','d',0,'1',26,0,'2025-03-25 21:59:16'),
(34,'Supprimer les produits','produit',NULL,2,'supprimer',NULL,'d',0,NULL,25,0,'2022-12-11 21:23:36'),
(35,'Read supplier prices','produit','',1,'product_advance','read_supplier_prices','w',0,'1',26,0,'2025-03-25 21:59:16'),
(38,'Export products','produit','',1,'export','','r',0,'1',26,0,'2025-03-25 21:59:16'),
(38,'Exporter les produits','produit',NULL,2,'export',NULL,'r',0,NULL,25,0,'2022-12-11 21:23:36'),
(39,'Ignore minimum price','produit','',1,'ignore_price_min_advance','','r',0,'1',26,0,'2025-03-25 21:59:16'),
(41,'Read projects and tasks (shared projects or projects I am contact for)','projet','',1,'lire','','r',0,'1',14,0,'2025-03-25 21:59:16'),
(42,'Create/modify projects and tasks (shared projects or projects I am contact for)','projet','',1,'creer','','w',0,'1',14,0,'2025-03-25 21:59:16'),
(44,'Delete project and tasks (shared projects or projects I am contact for)','projet','',1,'supprimer','','d',0,'1',14,0,'2025-03-25 21:59:16'),
(45,'Export projects','projet','',1,'export','','d',0,'1',14,0,'2025-03-25 21:59:16'),
(61,'Lire les fiches d\'intervention','ficheinter','',1,'lire','','r',0,'1',0,0,'2025-07-10 13:22:31'),
(62,'Creer/modifier les fiches d\'intervention','ficheinter','',1,'creer','','w',0,'1',0,0,'2025-07-10 13:22:31'),
(64,'Supprimer les fiches d\'intervention','ficheinter','',1,'supprimer','','d',0,'1',0,0,'2025-07-10 13:22:31'),
(67,'Exporter les fiches interventions','ficheinter','',1,'export','','r',0,'1',0,0,'2025-07-10 13:22:31'),
(68,'Envoyer les fiches d\'intervention par courriel','ficheinter','',1,'ficheinter_advance','send','r',0,'1',0,0,'2025-07-10 13:22:31'),
(69,'Valider les fiches d\'intervention ','ficheinter','',1,'ficheinter_advance','validate','a',0,'1',0,0,'2025-07-10 13:22:31'),
(70,'Dévalider les fiches d\'intervention','ficheinter','',1,'ficheinter_advance','unvalidate','a',0,'1',0,0,'2025-07-10 13:22:31'),
(71,'Read members\' card','adherent','',1,'lire','','r',0,'1',6,0,'2025-03-25 21:59:16'),
(72,'Create/modify members (need also user module permissions if member linked to a user)','adherent','',1,'creer','','w',0,'1',6,0,'2025-03-25 21:59:16'),
(74,'Remove members','adherent','',1,'supprimer','','d',0,'1',6,0,'2025-03-25 21:59:16'),
(75,'Setup types of membership','adherent','',1,'configurer','','w',0,'1',6,0,'2025-03-25 21:59:16'),
(76,'Export members','adherent','',1,'export','','r',0,'1',6,0,'2025-03-25 21:59:16'),
(78,'Read membership fees','adherent','',1,'cotisation','lire','r',0,'1',6,0,'2025-03-25 21:59:16'),
(79,'Create/modify/remove membership fees','adherent','',1,'cotisation','creer','w',0,'1',6,0,'2025-03-25 21:59:16'),
(81,'Read sales orders','commande','',1,'lire','','r',0,'1',0,0,'2025-07-10 13:22:31'),
(82,'Creeat/modify sales orders','commande','',1,'creer','','w',0,'1',0,0,'2025-07-10 13:22:31'),
(84,'Validate sales orders','commande','',1,'order_advance','validate','d',0,'1',0,0,'2025-07-10 13:22:31'),
(85,'Generate the documents sales orders','commande','',1,'order_advance','generetedoc','d',0,'1',0,0,'2025-07-10 13:22:31'),
(86,'Send sales orders by email','commande','',1,'order_advance','send','d',0,'1',0,0,'2025-07-10 13:22:31'),
(87,'Close sale orders','commande','',1,'order_advance','close','d',0,'1',0,0,'2025-07-10 13:22:31'),
(88,'Cancel sale orders','commande','',1,'order_advance','annuler','d',0,'1',0,0,'2025-07-10 13:22:31'),
(89,'Delete sales orders','commande','',1,'supprimer','','d',0,'1',0,0,'2025-07-10 13:22:31'),
(91,'Read social contibutions','tax','',1,'charges','lire','r',0,'1',50,0,'2025-03-25 21:59:16'),
(91,'Lire les charges','tax',NULL,2,'charges','lire','r',1,NULL,50,0,'2022-12-11 21:23:36'),
(92,'Create/modify social contributions','tax','',1,'charges','creer','w',0,'1',50,0,'2025-03-25 21:59:16'),
(92,'Creer/modifier les charges','tax',NULL,2,'charges','creer','w',0,NULL,50,0,'2022-12-11 21:23:36'),
(93,'Delete social contributions','tax','',1,'charges','supprimer','d',0,'1',50,0,'2025-03-25 21:59:16'),
(93,'Supprimer les charges','tax',NULL,2,'charges','supprimer','d',0,NULL,50,0,'2022-12-11 21:23:36'),
(94,'Export social contributions','tax','',1,'charges','export','r',0,'1',50,0,'2025-03-25 21:59:16'),
(94,'Exporter les charges','tax',NULL,2,'charges','export','r',0,NULL,50,0,'2022-12-11 21:23:36'),
(101,'Read shipments','expedition','',1,'lire','','r',0,'1',40,0,'2025-03-25 21:59:16'),
(102,'Create/modify shipments','expedition','',1,'creer','','w',0,'1',40,0,'2025-03-25 21:59:16'),
(104,'Validate shipments','expedition','',1,'shipping_advance','validate','d',0,'1',40,0,'2025-03-25 21:59:16'),
(105,'Send shipments by email to customers','expedition','',1,'shipping_advance','send','d',0,'1',40,0,'2025-03-25 21:59:16'),
(106,'Export shipments','expedition','',1,'shipment','export','r',0,'1',40,0,'2025-03-25 21:59:16'),
(109,'Delete shipments','expedition','',1,'supprimer','','d',0,'1',40,0,'2025-03-25 21:59:16'),
(111,'Read bank account and transactions','banque','',1,'lire','','r',0,'1',0,0,'2025-07-10 13:22:31'),
(111,'Lire les comptes bancaires','banque',NULL,2,'lire',NULL,'r',1,NULL,51,0,'2022-12-11 21:23:36'),
(112,'Creer/modifier montant/supprimer ecriture bancaire','banque','',1,'modifier','','w',0,'1',0,0,'2025-07-10 13:22:31'),
(112,'Creer/modifier montant/supprimer ecriture bancaire','banque',NULL,2,'modifier',NULL,'w',0,NULL,51,0,'2022-12-11 21:23:36'),
(113,'Configurer les comptes bancaires (creer, gerer categories)','banque','',1,'configurer','','a',0,'1',0,0,'2025-07-10 13:22:31'),
(113,'Configurer les comptes bancaires (creer, gerer categories)','banque',NULL,2,'configurer',NULL,'a',0,NULL,51,0,'2022-12-11 21:23:36'),
(114,'Rapprocher les ecritures bancaires','banque','',1,'consolidate','','w',0,'1',0,0,'2025-07-10 13:22:31'),
(114,'Rapprocher les ecritures bancaires','banque',NULL,2,'consolidate',NULL,'w',0,NULL,51,0,'2022-12-11 21:23:36'),
(115,'Exporter transactions et releves','banque','',1,'export','','r',0,'1',0,0,'2025-07-10 13:22:31'),
(115,'Exporter transactions et releves','banque',NULL,2,'export',NULL,'r',0,NULL,51,0,'2022-12-11 21:23:36'),
(116,'Virements entre comptes','banque','',1,'transfer','','w',0,'1',0,0,'2025-07-10 13:22:31'),
(116,'Virements entre comptes','banque',NULL,2,'transfer',NULL,'w',0,NULL,51,0,'2022-12-11 21:23:36'),
(117,'Gerer les envois de cheques','banque','',1,'cheque','','w',0,'1',0,0,'2025-07-10 13:22:31'),
(117,'Gerer les envois de cheques','banque',NULL,2,'cheque',NULL,'w',0,NULL,51,0,'2022-12-11 21:23:36'),
(121,'Read third parties','societe','',1,'lire','','r',0,'1',0,0,'2025-07-10 13:22:32'),
(121,'Lire les societes','societe',NULL,2,'lire',NULL,'r',1,NULL,9,0,'2022-12-11 21:23:36'),
(122,'Create and update third parties','societe','',1,'creer','','w',0,'1',0,0,'2025-07-10 13:22:32'),
(122,'Creer modifier les societes','societe',NULL,2,'creer',NULL,'w',0,NULL,9,0,'2022-12-11 21:23:36'),
(125,'Delete third parties','societe','',1,'supprimer','','d',0,'1',0,0,'2025-07-10 13:22:32'),
(125,'Supprimer les societes','societe',NULL,2,'supprimer',NULL,'d',0,NULL,9,0,'2022-12-11 21:23:36'),
(126,'Export third parties','societe','',1,'export','','r',0,'1',0,0,'2025-07-10 13:22:32'),
(126,'Exporter les societes','societe',NULL,2,'export',NULL,'r',0,NULL,9,0,'2022-12-11 21:23:36'),
(130,'Modify thirdparty information payment','societe','',1,'thirdparty_paymentinformation','write','w',0,'1',0,0,'2025-07-10 13:22:32'),
(141,'Read all projects and tasks (also private projects I am not contact for)','projet','',1,'all','lire','r',0,'1',14,0,'2025-03-25 21:59:16'),
(142,'Create/modify all projects and tasks (also private projects I am not contact for)','projet','',1,'all','creer','w',0,'1',14,0,'2025-03-25 21:59:16'),
(144,'Delete all projects and tasks (also private projects I am not contact for)','projet','',1,'all','supprimer','d',0,'1',14,0,'2025-03-25 21:59:16'),
(145,'Can enter time consumed on assigned tasks (timesheet)','projet','',1,'time','','w',0,'1',14,0,'2025-03-25 21:59:16'),
(151,'Read direct debit payment orders','prelevement','',1,'bons','lire','r',0,'1',52,0,'2025-03-25 21:59:16'),
(152,'Create/modify a direct debit payment order','prelevement','',1,'bons','creer','w',0,'1',52,0,'2025-03-25 21:59:16'),
(153,'Send/Transmit direct debit payment orders','prelevement','',1,'bons','send','a',0,'1',52,0,'2025-03-25 21:59:16'),
(154,'Record Credits/Rejects of direct debit payment orders','prelevement','',1,'bons','credit','a',0,'1',52,0,'2025-03-25 21:59:16'),
(161,'Lire les contrats','contrat','',1,'lire','','r',0,'1',41,0,'2025-03-25 21:59:16'),
(162,'Creer / modifier les contrats','contrat','',1,'creer','','w',0,'1',41,0,'2025-03-25 21:59:16'),
(163,'Activer un service d\'un contrat','contrat','',1,'activer','','w',0,'1',41,0,'2025-03-25 21:59:16'),
(164,'Desactiver un service d\'un contrat','contrat','',1,'desactiver','','w',0,'1',41,0,'2025-03-25 21:59:16'),
(165,'Supprimer un contrat','contrat','',1,'supprimer','','d',0,'1',41,0,'2025-03-25 21:59:16'),
(167,'Export contracts','contrat','',1,'export','','r',0,'1',41,0,'2025-03-25 21:59:16'),
(221,'Consulter les mailings','mailing','',1,'lire','','r',0,'1',23,0,'2025-03-25 21:59:16'),
(221,'Consulter les mailings','mailing',NULL,2,'lire',NULL,'r',1,NULL,11,0,'2022-12-11 21:23:36'),
(222,'Creer/modifier les mailings (sujet, destinataires...)','mailing','',1,'creer','','w',0,'1',23,0,'2025-03-25 21:59:16'),
(222,'Creer/modifier les mailings (sujet, destinataires...)','mailing',NULL,2,'creer',NULL,'w',0,NULL,11,0,'2022-12-11 21:23:36'),
(223,'Valider les mailings (permet leur envoi)','mailing','',1,'valider','','w',0,'1',23,0,'2025-03-25 21:59:16'),
(223,'Valider les mailings (permet leur envoi)','mailing',NULL,2,'valider',NULL,'w',0,NULL,11,0,'2022-12-11 21:23:36'),
(229,'Supprimer les mailings','mailing','',1,'supprimer','','d',0,'1',23,0,'2025-03-25 21:59:16'),
(229,'Supprimer les mailings','mailing',NULL,2,'supprimer',NULL,'d',0,NULL,11,0,'2022-12-11 21:23:36'),
(237,'View recipients and info','mailing','',1,'mailing_advance','recipient','r',0,'1',23,0,'2025-03-25 21:59:16'),
(237,'View recipients and info','mailing',NULL,2,'mailing_advance','recipient','r',0,NULL,11,0,'2022-12-11 21:23:36'),
(238,'Manually send mailings','mailing','',1,'mailing_advance','send','w',0,'1',23,0,'2025-03-25 21:59:16'),
(238,'Manually send mailings','mailing',NULL,2,'mailing_advance','send','w',0,NULL,11,0,'2022-12-11 21:23:36'),
(239,'Delete mailings after validation and/or sent','mailing','',1,'mailing_advance','delete','d',0,'1',23,0,'2025-03-25 21:59:16'),
(239,'Delete mailings after validation and/or sent','mailing',NULL,2,'mailing_advance','delete','d',0,NULL,11,0,'2022-12-11 21:23:36'),
(241,'Lire les categories','categorie','',1,'lire','','r',0,'1',25,0,'2025-03-25 21:59:16'),
(242,'Creer/modifier les categories','categorie','',1,'creer','','w',0,'1',25,0,'2025-03-25 21:59:16'),
(243,'Supprimer les categories','categorie','',1,'supprimer','','d',0,'1',25,0,'2025-03-25 21:59:16'),
(251,'Read information of other users, groups and permissions','user','',1,'user','lire','w',0,'1',0,0,'2025-07-10 13:22:32'),
(252,'Read permissions of other users','user','',1,'user_advance','readperms','w',0,'1',0,0,'2025-07-10 13:22:32'),
(253,'Create/modify internal and external users, groups and permissions','user','',1,'user','creer','w',0,'1',0,0,'2025-07-10 13:22:32'),
(254,'Create/modify external users only','user','',1,'user_advance','write','w',0,'1',0,0,'2025-07-10 13:22:32'),
(255,'Modify the password of other users','user','',1,'user','password','w',0,'1',0,0,'2025-07-10 13:22:32'),
(256,'Delete or disable other users','user','',1,'user','supprimer','w',0,'1',0,0,'2025-07-10 13:22:32'),
(262,'Read all third parties (and their objects) by internal users (otherwise only if commercial contact). Not effective for external users (limited to themselves).','societe','',1,'client','voir','r',0,'1',0,0,'2025-07-10 13:22:32'),
(262,'Consulter tous les tiers par utilisateurs internes (sinon uniquement si contact commercial). Non effectif pour utilisateurs externes (tjs limités à eux-meme).','societe',NULL,2,'client','voir','r',1,NULL,9,0,'2022-12-11 21:23:36'),
(281,'Read contacts','societe','',1,'contact','lire','r',0,'1',0,0,'2025-07-10 13:22:32'),
(281,'Lire les contacts','societe',NULL,2,'contact','lire','r',1,NULL,9,0,'2022-12-11 21:23:36'),
(282,'Create and update contact','societe','',1,'contact','creer','w',0,'1',0,0,'2025-07-10 13:22:32'),
(282,'Creer modifier les contacts','societe',NULL,2,'contact','creer','w',0,NULL,9,0,'2022-12-11 21:23:36'),
(283,'Delete contacts','societe','',1,'contact','supprimer','d',0,'1',0,0,'2025-07-10 13:22:32'),
(283,'Supprimer les contacts','societe',NULL,2,'contact','supprimer','d',0,NULL,9,0,'2022-12-11 21:23:36'),
(286,'Export contacts','societe','',1,'contact','export','d',0,'1',0,0,'2025-07-10 13:22:32'),
(286,'Exporter les contacts','societe',NULL,2,'contact','export','d',0,NULL,9,0,'2022-12-11 21:23:36'),
(301,'Generate PDF sheets of barcodes','barcode','',1,'read','','r',0,'1',0,0,'2025-07-10 13:22:31'),
(304,'Read barcodes','barcode','',1,'lire_advance','','r',0,'1',0,0,'2025-07-10 13:22:31'),
(305,'Create/modify barcodes','barcode','',1,'creer_advance','','w',0,'1',0,0,'2025-07-10 13:22:31'),
(331,'Lire les bookmarks','bookmark','',1,'lire','','r',0,'1',50,0,'2025-03-25 21:59:16'),
(332,'Creer/modifier les bookmarks','bookmark','',1,'creer','','r',0,'1',50,0,'2025-03-25 21:59:16'),
(333,'Supprimer les bookmarks','bookmark','',1,'supprimer','','r',0,'1',50,0,'2025-03-25 21:59:16'),
(341,'Read its own permissions','user','',1,'self_advance','readperms','w',0,'1',0,0,'2025-07-10 13:22:32'),
(342,'Create/modify of its own user','user','',1,'self','creer','w',0,'1',0,0,'2025-07-10 13:22:32'),
(343,'Modify its own password','user','',1,'self','password','w',0,'1',0,0,'2025-07-10 13:22:32'),
(344,'Modify its own permissions','user','',1,'self_advance','writeperms','w',0,'1',0,0,'2025-07-10 13:22:32'),
(351,'Read groups','user','',1,'group_advance','read','w',0,'1',0,0,'2025-07-10 13:22:32'),
(352,'Read permissions of groups','user','',1,'group_advance','readperms','w',0,'1',0,0,'2025-07-10 13:22:32'),
(353,'Create/modify groups and permissions','user','',1,'group_advance','write','w',0,'1',0,0,'2025-07-10 13:22:32'),
(354,'Delete groups','user','',1,'group_advance','delete','w',0,'1',0,0,'2025-07-10 13:22:32'),
(358,'Export all users','user','',1,'user','export','w',0,'1',0,0,'2025-07-10 13:22:32'),
(511,'Read employee salaries and payments (yours and your subordinates)','salaries','',1,'read','','r',0,'1',0,0,'2025-07-10 13:22:32'),
(512,'Create/modify payments of empoyee salaries','salaries','',1,'write','','w',0,'1',0,0,'2025-07-10 13:22:32'),
(514,'Delete payments of employee salary','salaries','',1,'delete','','d',0,'1',0,0,'2025-07-10 13:22:32'),
(517,'Read salaries and payments of all employees','salaries','',1,'readall','','r',0,'1',0,0,'2025-07-10 13:22:32'),
(519,'Export payments of employee salaries','salaries','',1,'export','','r',0,'1',0,0,'2025-07-10 13:22:32'),
(521,'Read loans','loan','',1,'read','','r',0,'1',0,0,'2025-07-10 13:22:31'),
(522,'Create/modify loans','loan','',1,'write','','w',0,'1',0,0,'2025-07-10 13:22:31'),
(524,'Delete loans','loan','',1,'delete','','d',0,'1',0,0,'2025-07-10 13:22:31'),
(525,'Access loan calculator','loan','',1,'calc','','r',0,'1',0,0,'2025-07-10 13:22:31'),
(527,'Export loans','loan','',1,'export','','r',0,'1',0,0,'2025-07-10 13:22:31'),
(531,'Read services','service','',1,'lire','','r',0,'1',0,0,'2025-07-10 13:22:32'),
(532,'Create/modify services','service','',1,'creer','','w',0,'1',0,0,'2025-07-10 13:22:32'),
(533,'Read prices services','service','',1,'service_advance','read_prices','w',0,'1',0,0,'2025-07-10 13:22:32'),
(534,'Delete les services','service','',1,'supprimer','','d',0,'1',0,0,'2025-07-10 13:22:32'),
(535,'Read supplier prices','service','',1,'service_advance','read_supplier_prices','w',0,'1',0,0,'2025-07-10 13:22:32'),
(538,'Export services','service','',1,'export','','r',0,'1',0,0,'2025-07-10 13:22:32'),
(561,'Read bank transfer payment orders','paymentbybanktransfer','',1,'read','','r',0,'1',52,0,'2025-03-25 21:59:16'),
(562,'Create/modify a bank transfer payment order','paymentbybanktransfer','',1,'create','','w',0,'1',52,0,'2025-03-25 21:59:16'),
(563,'Send/Transmit bank transfer payment order','paymentbybanktransfer','',1,'send','','a',0,'1',52,0,'2025-03-25 21:59:16'),
(564,'Record Debits/Rejects of bank transfer payment order','paymentbybanktransfer','',1,'debit','','a',0,'1',52,0,'2025-03-25 21:59:16'),
(601,'Read stickers','label','',1,'lire','','w',0,'1',75,0,'2025-03-25 21:59:16'),
(602,'Create/modify stickers','label','',1,'creer','','w',0,'1',75,0,'2025-03-25 21:59:16'),
(609,'Delete stickers','label','',1,'supprimer','','w',0,'1',75,0,'2025-03-25 21:59:16'),
(611,'Read attributes of variants','variants','',1,'read','','w',0,'1',0,0,'2025-07-10 13:22:32'),
(612,'Create/Update attributes of variants','variants','',1,'write','','w',0,'1',0,0,'2025-07-10 13:22:32'),
(613,'Delete attributes of variants','variants','',1,'delete','','w',0,'1',0,0,'2025-07-10 13:22:32'),
(651,'Read bom of Bom','bom','',1,'read','','w',0,'1',0,0,'2025-07-10 13:22:31'),
(652,'Create/Update bom of Bom','bom','',1,'write','','w',0,'1',0,0,'2025-07-10 13:22:31'),
(653,'Delete bom of Bom','bom','',1,'delete','','w',0,'1',0,0,'2025-07-10 13:22:31'),
(661,'Read Manufacturing Order','mrp','',1,'read','','w',0,'1',0,0,'2025-07-10 13:22:32'),
(662,'Create/Update Manufacturing Order','mrp','',1,'write','','w',0,'1',0,0,'2025-07-10 13:22:32'),
(663,'Delete Manufacturing Order','mrp','',1,'delete','','w',0,'1',0,0,'2025-07-10 13:22:32'),
(691,'Read objects of Workstation','workstation','',1,'workstation','read','w',0,'1',90,0,'2025-03-25 21:59:16'),
(692,'Create/Update objects of Workstation','workstation','',1,'workstation','write','w',0,'1',90,0,'2025-03-25 21:59:16'),
(693,'Delete objects of Workstation','workstation','',1,'workstation','delete','w',0,'1',90,0,'2025-03-25 21:59:16'),
(701,'Lire les dons','don','',1,'lire','','r',0,'1',50,0,'2025-03-25 21:59:16'),
(701,'Lire les dons','don',NULL,2,'lire',NULL,'r',1,NULL,50,0,'2022-12-11 21:23:36'),
(702,'Creer/modifier les dons','don','',1,'creer','','w',0,'1',50,0,'2025-03-25 21:59:16'),
(702,'Creer/modifier les dons','don',NULL,2,'creer',NULL,'w',0,NULL,50,0,'2022-12-11 21:23:36'),
(703,'Supprimer les dons','don','',1,'supprimer','','d',0,'1',50,0,'2025-03-25 21:59:16'),
(703,'Supprimer les dons','don',NULL,2,'supprimer',NULL,'d',0,NULL,50,0,'2022-12-11 21:23:36'),
(711,'Read stocks transfers','stocktransfer','',1,'stocktransfer','read','w',0,'1',90,0,'2025-03-25 21:59:16'),
(712,'Create/Update stocks transfers','stocktransfer','',1,'stocktransfer','write','w',0,'1',90,0,'2025-03-25 21:59:16'),
(713,'Delete stocks transfers','stocktransfer','',1,'stocktransfer','delete','w',0,'1',90,0,'2025-03-25 21:59:16'),
(750,'Read job positions to fill and candidatures','recruitment','',1,'recruitmentjobposition','read','w',0,'1',0,0,'2025-07-10 13:22:32'),
(751,'Create/Update job positions to fill and candidatures','recruitment','',1,'recruitmentjobposition','write','w',0,'1',0,0,'2025-07-10 13:22:32'),
(752,'Delete Job positions to fill and candidatures','recruitment','',1,'recruitmentjobposition','delete','w',0,'1',0,0,'2025-07-10 13:22:32'),
(771,'Read expense reports (yours and your subordinates)','expensereport','',1,'lire','','r',0,'1',0,0,'2025-07-10 13:22:31'),
(772,'Create/modify expense reports','expensereport','',1,'creer','','w',0,'1',0,0,'2025-07-10 13:22:31'),
(773,'Delete expense reports','expensereport','',1,'supprimer','','d',0,'1',0,0,'2025-07-10 13:22:31'),
(775,'Approve expense reports','expensereport','',1,'approve','','w',0,'1',0,0,'2025-07-10 13:22:31'),
(776,'Pay expense reports','expensereport','',1,'to_paid','','w',0,'1',0,0,'2025-07-10 13:22:31'),
(777,'Read expense reports of everybody','expensereport','',1,'readall','','r',0,'1',0,0,'2025-07-10 13:22:31'),
(778,'Create expense reports for everybody','expensereport','',1,'writeall_advance','','w',0,'1',0,0,'2025-07-10 13:22:31'),
(779,'Export expense reports','expensereport','',1,'export','','r',0,'1',0,0,'2025-07-10 13:22:31'),
(1001,'Read stocks','stock','',1,'lire','','r',0,'1',39,0,'2025-03-25 21:59:16'),
(1002,'Create/Modify stocks','stock','',1,'creer','','w',0,'1',39,0,'2025-03-25 21:59:16'),
(1003,'Delete stock','stock','',1,'supprimer','','d',0,'1',39,0,'2025-03-25 21:59:16'),
(1004,'Read stock movements','stock','',1,'mouvement','lire','r',0,'1',39,0,'2025-03-25 21:59:16'),
(1005,'Create/modify stock movements','stock','',1,'mouvement','creer','w',0,'1',39,0,'2025-03-25 21:59:16'),
(1008,'Read stock value','stock','',1,'value_advance','read','w',0,'1',39,0,'2025-05-30 09:25:44'),
(1011,'inventoryReadPermission','stock','',1,'inventory_advance','read','w',0,'1',39,0,'2025-03-25 21:59:16'),
(1012,'inventoryCreatePermission','stock','',1,'inventory_advance','write','w',0,'1',39,0,'2025-03-25 21:59:16'),
(1013,'inventoryDeletePermission','stock','',1,'inventory_advance','delete','w',0,'1',39,0,'2025-03-25 21:59:16'),
(1014,'inventoryValidatePermission','stock','',1,'inventory_advance','validate','w',0,'1',39,0,'2025-05-30 09:25:44'),
(1015,'inventoryChangePMPPermission','stock','',1,'inventory_advance','changePMP','w',0,'1',39,0,'2025-05-30 09:25:44'),
(1101,'Read delivery receipts','expedition','',1,'delivery','lire','r',0,'1',40,0,'2025-03-25 21:59:16'),
(1102,'Create/modify delivery receipts','expedition','',1,'delivery','creer','w',0,'1',40,0,'2025-03-25 21:59:16'),
(1104,'Validate delivery receipts','expedition','',1,'delivery_advance','validate','d',0,'1',40,0,'2025-03-25 21:59:16'),
(1109,'Delete delivery receipts','expedition','',1,'delivery','supprimer','d',0,'1',40,0,'2025-03-25 21:59:16'),
(1121,'Read supplier proposals','supplier_proposal','',1,'lire','','w',0,'1',35,0,'2025-03-25 21:59:16'),
(1122,'Create/modify supplier proposals','supplier_proposal','',1,'creer','','w',0,'1',35,0,'2025-03-25 21:59:16'),
(1123,'Validate supplier proposals','supplier_proposal','',1,'validate_advance','','w',0,'1',35,0,'2025-03-25 21:59:16'),
(1124,'Send supplier proposals','supplier_proposal','',1,'send_advance','','w',0,'1',35,0,'2025-03-25 21:59:16'),
(1125,'Delete supplier proposals','supplier_proposal','',1,'supprimer','','w',0,'1',35,0,'2025-03-25 21:59:16'),
(1126,'Close supplier price requests','supplier_proposal','',1,'cloturer','','w',0,'1',35,0,'2025-03-25 21:59:16'),
(1181,'Consulter les fournisseurs','fournisseur','',1,'lire','','r',0,'1',0,0,'2025-07-10 13:22:31'),
(1182,'Consulter les commandes fournisseur','fournisseur','',1,'commande','lire','r',0,'1',0,0,'2025-07-10 13:22:31'),
(1183,'Creer une commande fournisseur','fournisseur','',1,'commande','creer','w',0,'1',0,0,'2025-07-10 13:22:31'),
(1184,'Valider une commande fournisseur','fournisseur','',1,'supplier_order_advance','validate','w',0,'1',0,0,'2025-07-10 13:22:31'),
(1185,'Approuver une commande fournisseur','fournisseur','',1,'commande','approuver','w',0,'1',0,0,'2025-07-10 13:22:31'),
(1186,'Commander une commande fournisseur','fournisseur','',1,'commande','commander','w',0,'1',0,0,'2025-07-10 13:22:31'),
(1187,'Receptionner une commande fournisseur','fournisseur','',1,'commande','receptionner','d',0,'1',0,0,'2025-07-10 13:22:31'),
(1188,'Supprimer une commande fournisseur','fournisseur','',1,'commande','supprimer','d',0,'1',0,0,'2025-07-10 13:22:31'),
(1189,'Check/Uncheck a supplier order reception','fournisseur','',1,'commande_advance','check','w',0,'1',0,0,'2025-07-10 13:22:31'),
(1191,'Exporter les commande fournisseurs, attributs','fournisseur','',1,'commande','export','r',0,'1',0,0,'2025-07-10 13:22:31'),
(1201,'Read exports','export','',1,'lire','','r',0,'1',72,0,'2025-05-05 16:09:17'),
(1202,'Creeate/modify export','export','',1,'creer','','w',0,'1',72,0,'2025-05-05 16:09:17'),
(1231,'Consulter les factures fournisseur','fournisseur','',1,'facture','lire','r',0,'1',0,0,'2025-07-10 13:22:31'),
(1232,'Creer une facture fournisseur','fournisseur','',1,'facture','creer','w',0,'1',0,0,'2025-07-10 13:22:31'),
(1233,'Valider une facture fournisseur','fournisseur','',1,'supplier_invoice_advance','validate','w',0,'1',0,0,'2025-07-10 13:22:31'),
(1234,'Supprimer une facture fournisseur','fournisseur','',1,'facture','supprimer','d',0,'1',0,0,'2025-07-10 13:22:31'),
(1235,'Envoyer les factures par mail','fournisseur','',1,'supplier_invoice_advance','send','a',0,'1',0,0,'2025-07-10 13:22:31'),
(1236,'Exporter les factures fournisseurs, attributes et reglements','fournisseur','',1,'facture','export','r',0,'1',0,0,'2025-07-10 13:22:31'),
(1251,'Run mass imports of external data (data load)','import','',1,'run','','r',0,'1',70,0,'2025-05-05 16:09:17'),
(1321,'Export customer invoices, attributes and payments','facture','',1,'facture','export','r',0,'1',0,0,'2025-07-10 13:22:31'),
(1321,'Exporter les factures clients, attributs et reglements','facture',NULL,2,'facture','export','r',0,NULL,10,0,'2022-12-11 21:23:36'),
(1322,'Re-open a fully paid invoice','facture','',1,'invoice_advance','reopen','r',0,'1',0,0,'2025-07-10 13:22:31'),
(1421,'Export sales orders and attributes','commande','',1,'commande','export','r',0,'1',0,0,'2025-07-10 13:22:31'),
(1521,'Lire les documents','document','',1,'lire','','r',0,'1',78,0,'2025-03-25 21:59:16'),
(1522,'Supprimer les documents clients','document','',1,'supprimer','','d',0,'1',78,0,'2025-03-25 21:59:16'),
(2401,'Read actions/tasks linked to his account','agenda','',1,'myactions','read','r',0,'1',0,0,'2025-07-10 13:22:31'),
(2401,'Read actions/tasks linked to his account','agenda',NULL,2,'myactions','read','r',1,NULL,15,0,'2022-12-11 21:23:36'),
(2402,'Create/modify actions/tasks linked to his account','agenda','',1,'myactions','create','w',0,'1',0,0,'2025-07-10 13:22:31'),
(2402,'Create/modify actions/tasks linked to his account','agenda',NULL,2,'myactions','create','w',0,NULL,15,0,'2022-12-11 21:23:36'),
(2403,'Delete actions/tasks linked to his account','agenda','',1,'myactions','delete','w',0,'1',0,0,'2025-07-10 13:22:31'),
(2403,'Delete actions/tasks linked to his account','agenda',NULL,2,'myactions','delete','w',0,NULL,15,0,'2022-12-11 21:23:36'),
(2411,'Read actions/tasks of others','agenda','',1,'allactions','read','r',0,'1',0,0,'2025-07-10 13:22:31'),
(2411,'Read actions/tasks of others','agenda',NULL,2,'allactions','read','r',0,NULL,15,0,'2022-12-11 21:23:36'),
(2412,'Create/modify actions/tasks of others','agenda','',1,'allactions','create','w',0,'1',0,0,'2025-07-10 13:22:31'),
(2412,'Create/modify actions/tasks of others','agenda',NULL,2,'allactions','create','w',0,NULL,15,0,'2022-12-11 21:23:36'),
(2413,'Delete actions/tasks of others','agenda','',1,'allactions','delete','w',0,'1',0,0,'2025-07-10 13:22:31'),
(2413,'Delete actions/tasks of others','agenda',NULL,2,'allactions','delete','w',0,NULL,15,0,'2022-12-11 21:23:36'),
(2414,'Export actions/tasks of others','agenda','',1,'export','','w',0,'1',0,0,'2025-07-10 13:22:31'),
(2451,'Read objects of EventOrganization','eventorganization','',1,'read','','w',0,'1',15,0,'2025-03-25 21:59:16'),
(2452,'Create/Update objects of EventOrganization','eventorganization','',1,'write','','w',0,'1',15,0,'2025-03-25 21:59:16'),
(2453,'Delete objects of EventOrganization','eventorganization','',1,'delete','','w',0,'1',15,0,'2025-03-25 21:59:16'),
(2501,'Read or download documents','ecm','',1,'read','','r',0,'1',0,0,'2025-07-10 13:22:31'),
(2503,'Upload a document','ecm','',1,'upload','','w',0,'1',0,0,'2025-07-10 13:22:31'),
(2515,'Administer directories of documents','ecm','',1,'setup','','w',0,'1',0,0,'2025-07-10 13:22:31'),
(2610,'Generate/modify users API key','api','',1,'apikey','generate','w',0,'1',24,0,'2025-03-25 21:59:16'),
(3201,'Read archived events and fingerprints','blockedlog','',1,'read','','w',0,'1',76,0,'2025-03-25 21:59:16'),
(3301,'Generate new modules','modulebuilder','',1,'run','','a',0,'1',90,0,'2025-03-25 21:59:16'),
(4001,'Read skill/job/position','hrm','',1,'all','read','w',0,'1',50,0,'2025-04-25 14:19:57'),
(4002,'Create/modify skill/job/position','hrm','',1,'all','write','w',0,'1',50,0,'2025-04-25 14:19:57'),
(4003,'Delete skill/job/position','hrm','',1,'all','delete','w',0,'1',50,0,'2025-04-25 14:19:57'),
(4021,'Read evaluations','hrm','',1,'evaluation','read','w',0,'1',50,0,'2025-04-25 14:19:57'),
(4022,'Create/modify your evaluation','hrm','',1,'evaluation','write','w',0,'1',50,0,'2025-04-25 14:19:57'),
(4023,'Validate evaluation','hrm','',1,'evaluation_advance','validate','w',0,'1',50,0,'2025-04-25 14:19:57'),
(4025,'Delete evaluations','hrm','',1,'evaluation','delete','w',0,'1',50,0,'2025-04-25 14:19:57'),
(4028,'See comparison menu','hrm','',1,'compare_advance','read','w',0,'1',50,0,'2025-04-25 14:19:57'),
(4029,'Read all evaluations','hrm','',1,'evaluation','readall','w',0,'1',50,0,'2025-04-25 14:19:57'),
(4031,'Read personal/HR information','hrm','',1,'read_personal_information','read','w',0,'1',50,0,'2025-04-25 14:19:57'),
(4032,'Write personal/HR information','hrm','',1,'write_personal_information','write','w',0,'1',50,0,'2025-04-25 14:19:57'),
(10001,'Read website content','website','',1,'read','','w',0,'1',0,0,'2025-07-10 13:22:32'),
(10002,'Create/modify website content (html and javascript content)','website','',1,'write','','w',0,'1',0,0,'2025-07-10 13:22:32'),
(10003,'Create/modify website content (dynamic php code). Dangerous, must be reserved to restricted developers.','website','',1,'writephp','','w',0,'1',0,0,'2025-07-10 13:22:32'),
(10005,'Delete website content','website','',1,'delete','','w',0,'1',0,0,'2025-07-10 13:22:32'),
(10008,'Export website content','website','',1,'export','','w',0,'1',0,0,'2025-07-10 13:22:32'),
(20001,'Read leave requests (yours and your subordinates)','holiday','',1,'read','','w',0,'1',0,0,'2025-07-10 13:22:31'),
(20001,'Créer / Modifier / Lire ses demandes de congés payés','holiday',NULL,2,'write',NULL,'w',1,NULL,42,0,'2022-12-11 21:23:36'),
(20002,'Create/modify leave requests','holiday','',1,'write','','w',0,'1',0,0,'2025-07-10 13:22:31'),
(20003,'Delete leave requests','holiday','',1,'delete','','w',0,'1',0,0,'2025-07-10 13:22:31'),
(20003,'Supprimer des demandes de congés payés','holiday',NULL,2,'delete',NULL,'w',0,NULL,42,0,'2022-12-11 21:23:36'),
(20004,'Read leave requests for everybody','holiday','',1,'readall','','w',0,'1',0,0,'2025-07-10 13:22:31'),
(20004,'Définir les congés payés des utilisateurs','holiday',NULL,2,'define_holiday',NULL,'w',0,NULL,42,0,'2022-12-11 21:23:36'),
(20005,'Create/modify leave requests for everybody','holiday','',1,'writeall','','w',0,'1',0,0,'2025-07-10 13:22:31'),
(20005,'Voir les logs de modification des congés payés','holiday',NULL,2,'view_log',NULL,'w',0,NULL,42,0,'2022-12-11 21:23:36'),
(20006,'Setup leave requests of users (setup and update balance)','holiday','',1,'define_holiday','','w',0,'1',0,0,'2025-07-10 13:22:31'),
(20006,'Accéder au rapport mensuel des congés payés','holiday',NULL,2,'month_report',NULL,'w',0,NULL,42,0,'2022-12-11 21:23:36'),
(20007,'Approve leave requests','holiday','',1,'approve','','w',0,'1',0,0,'2025-07-10 13:22:31'),
(23001,'Read cron jobs','cron','',1,'read','','w',0,'1',0,0,'2025-07-10 13:22:31'),
(23002,'Create cron Jobs','cron','',1,'create','','w',0,'1',0,0,'2025-07-10 13:22:31'),
(23003,'Delete cron Jobs','cron','',1,'delete','','w',0,'1',0,0,'2025-07-10 13:22:31'),
(23004,'Execute cron Jobs','cron','',1,'execute','','w',0,'1',0,0,'2025-07-10 13:22:31'),
(40001,'Read currencies and their rates','multicurrency','',1,'currency','read','r',1,'1',40,0,'2025-06-26 22:11:12'),
(40002,'Create/Update currencies and their rates','multicurrency','',1,'currency','write','w',0,'1',40,0,'2025-06-26 22:11:12'),
(40003,'Delete currencies and their rates','multicurrency','',1,'currency','delete','w',0,'1',40,0,'2025-06-26 22:11:12'),
(50151,'Use Point Of Sale (record a sale, add products, record payment)','takepos','',1,'run','','a',0,'1',0,0,'2025-07-10 13:22:32'),
(50152,'Can modify added sales lines (prices, discount)','takepos','',1,'editlines','','a',0,'1',0,0,'2025-07-10 13:22:32'),
(50153,'Edit ordered sales lines (useful only when option \"Order printers\" has been enabled). Allow to edit sales lines even after the order has been printed','takepos','',1,'editorderedlines','','a',0,'1',0,0,'2025-07-10 13:22:32'),
(50331,'Read myobject of Zapier','zapier','',1,'read','','w',0,'1',26,0,'2025-03-25 21:59:16'),
(50332,'Create/Update myobject of Zapier','zapier','',1,'write','','w',0,'1',26,0,'2025-03-25 21:59:16'),
(50333,'Delete myobject of Zapier','zapier','',1,'delete','','w',0,'1',26,0,'2025-03-25 21:59:16'),
(50401,'Bind products and invoices with accounting accounts','accounting','',1,'bind','write','r',0,'1',61,0,'2025-05-30 09:25:44'),
(50411,'Read operations in Ledger','accounting','',1,'mouvements','lire','r',0,'1',61,0,'2025-05-30 09:25:44'),
(50412,'Write/Edit operations in Ledger','accounting','',1,'mouvements','creer','w',0,'1',61,0,'2025-05-30 09:25:44'),
(50414,'Delete operations in Ledger','accounting','',1,'mouvements','supprimer','d',0,'1',61,0,'2025-05-30 09:25:44'),
(50415,'Delete all operations by year and journal in Ledger','accounting','',1,'mouvements','supprimer_tous','d',0,'1',61,0,'2025-05-30 09:25:44'),
(50418,'Export operations of the Ledger','accounting','',1,'mouvements','export','r',0,'1',61,0,'2025-05-30 09:25:44'),
(50420,'Report and export reports (turnover, balance, journals, ledger)','accounting','',1,'comptarapport','lire','r',0,'1',61,0,'2025-05-30 09:25:44'),
(50430,'Manage fiscal periods, validate movements and close periods','accounting','',1,'fiscalyear','write','r',0,'1',61,0,'2025-05-30 09:25:44'),
(50440,'Manage chart of accounts, setup of accountancy','accounting','',1,'chartofaccount','','r',0,'1',61,0,'2025-05-30 09:25:44'),
(51001,'Read assets','asset','',1,'read','','r',0,'1',70,0,'2025-05-30 09:25:44'),
(51002,'Create/Update assets','asset','',1,'write','','w',0,'1',70,0,'2025-05-30 09:25:44'),
(51003,'Delete assets','asset','',1,'delete','','d',0,'1',70,0,'2025-05-30 09:25:44'),
(51004,'Read asset models','asset','',1,'model_advance','read','r',0,'1',70,0,'2025-05-30 09:25:44'),
(51005,'Create/Update asset models','asset','',1,'model_advance','write','w',0,'1',70,0,'2025-05-30 09:25:44'),
(51006,'Delete asset models','asset','',1,'model_advance','delete','d',0,'1',70,0,'2025-05-30 09:25:44'),
(55001,'Read surveys','opensurvey','',1,'read','','r',0,'1',0,0,'2025-07-10 13:22:32'),
(55002,'Create/modify surveys','opensurvey','',1,'write','','w',0,'1',0,0,'2025-07-10 13:22:32'),
(56001,'Read ticket','ticket','',1,'read','','r',0,'1',0,0,'2025-07-10 13:22:32'),
(56002,'Create les tickets','ticket','',1,'write','','w',0,'1',0,0,'2025-07-10 13:22:32'),
(56003,'Delete les tickets','ticket','',1,'delete','','d',0,'1',0,0,'2025-07-10 13:22:32'),
(56004,'Manage tickets','ticket','',1,'manage','','w',0,'1',0,0,'2025-07-10 13:22:32'),
(56006,'Export ticket','ticket','',1,'export','','w',0,'1',0,0,'2025-07-10 13:22:32'),
(57001,'Read articles','knowledgemanagement','',1,'knowledgerecord','read','w',0,'1',90,0,'2025-03-25 21:59:16'),
(57002,'Create/Update articles','knowledgemanagement','',1,'knowledgerecord','write','w',0,'1',90,0,'2025-03-25 21:59:16'),
(57003,'Validate articles','knowledgemanagement','',1,'knowledgerecord_advance','validate','w',0,'1',90,0,'2025-03-25 21:59:16'),
(57004,'Delete articles','knowledgemanagement','',1,'knowledgerecord','delete','w',0,'1',90,0,'2025-03-25 21:59:16'),
(58000,'Read objects of Partnership','partnership','',1,'read','','w',0,'1',90,0,'2025-03-25 21:59:16'),
(58001,'Create/Update objects of Partnership','partnership','',1,'write','','w',0,'1',90,0,'2025-03-25 21:59:16'),
(58002,'Delete objects of Partnership','partnership','',1,'delete','','w',0,'1',90,0,'2025-03-25 21:59:16'),
(59001,'Visualiser les marges','margins','',1,'liretous','','r',0,'1',55,0,'2025-03-25 21:59:16'),
(59002,'Définir les marges','margins','',1,'creer','','w',0,'1',55,0,'2025-03-25 21:59:16'),
(59003,'Read every user margin','margins','',1,'read','all','r',0,'1',55,0,'2025-03-25 21:59:16'),
(63001,'Read resources','resource','',1,'read','','w',0,'1',20,0,'2025-04-25 14:19:57'),
(63002,'Create/Modify resources','resource','',1,'write','','w',0,'1',20,0,'2025-04-25 14:19:57'),
(63003,'Delete resources','resource','',1,'delete','','w',0,'1',20,0,'2025-04-25 14:19:57'),
(63004,'Link resources to agenda events','resource','',1,'link','','w',0,'1',20,0,'2025-04-25 14:19:57'),
(64001,'DirectPrint','printing','',1,'read','','r',0,'1',52,0,'2025-03-25 21:59:16'),
(67001,'ReceiptPrinter','receiptprinter','',1,'read','','r',0,'1',53,0,'2025-03-25 21:59:16'),
(68001,'Read intracomm report','intracommreport','',1,'read','','r',0,'1',62,0,'2025-03-25 21:59:16'),
(68002,'Create/modify intracomm report','intracommreport','',1,'write','','w',0,'1',62,0,'2025-03-25 21:59:16'),
(68004,'Delete intracomm report','intracommreport','',1,'delete','','d',0,'1',62,0,'2025-03-25 21:59:16'),
(101051,'See SellYourSaas Home area (read statistics, list of servers)','sellyoursaas','',1,'liens','voir','r',0,'1',100050,0,'2025-06-05 11:52:28'),
(101060,'Read SellYourSaaS data','sellyoursaas','',1,'read','','w',0,'1',100050,0,'2025-06-05 11:52:28'),
(101061,'Create/edit SellYourSaaS data (package, ...)','sellyoursaas','',1,'write','','w',0,'1',100050,0,'2025-06-05 11:52:28'),
(101062,'Update end date of trial','sellyoursaas','',1,'salesrepresentative','write','w',0,'1',100050,0,'2025-06-05 11:52:28'),
(101068,'Delete SellYourSaaS data (package, ...)','sellyoursaas','',1,'delete','','w',0,'1',100050,0,'2025-06-05 11:52:28'),
(101250,'Read surveys','opensurvey',NULL,2,'survey','read','r',0,NULL,40,0,'2022-12-11 21:23:36'),
(101251,'Create/modify surveys','opensurvey',NULL,2,'survey','write','w',0,NULL,40,0,'2022-12-11 21:23:36'),
(101331,'Send a SMS','ovh','',1,'send','','w',0,'1',100050,0,'2025-03-05 13:26:02'),
(101332,'Import Invoice','ovh','',1,'importinvoice','','w',0,'1',100050,0,'2025-03-05 13:26:02'),
(101333,'Administration of OVH servers','ovh','',1,'sysadmin','','w',0,'1',100050,0,'2025-03-05 13:26:02'),
(101410,'Read myobject of FacturX','facturxutil','',1,'read','','w',0,'1',100090,0,'2025-04-25 14:19:57'),
(101411,'Create/Update myobject of FacturX','facturxutil','',1,'write','','w',0,'1',100090,0,'2025-04-25 14:19:57'),
(101412,'Delete myobject of FacturX','facturxutil','',1,'delete','','w',0,'1',100090,0,'2025-04-25 14:19:57'),
(243001,'Read objects of BookCal','bookcal','',1,'availabilities','read','w',0,'1',50,0,'2025-03-25 21:59:16'),
(243002,'Create/Update objects of BookCal','bookcal','',1,'availabilities','write','w',0,'1',50,0,'2025-03-25 21:59:16'),
(243003,'Delete objects of BookCal','bookcal','',1,'availabilities','delete','w',0,'1',50,0,'2025-03-25 21:59:16'),
(243011,'Read Calendar object of BookCal','bookcal','',1,'calendar','read','w',0,'1',50,0,'2025-03-25 21:59:16'),
(243012,'Create/Update Calendar object of BookCal','bookcal','',1,'calendar','write','w',0,'1',50,0,'2025-03-25 21:59:16'),
(243013,'Delete Calendar object of BookCal','bookcal','',1,'calendar','delete','w',0,'1',50,0,'2025-03-25 21:59:16'),
(436150,'Access to ScanInvoices functionalities','scaninvoices',NULL,1,'read',NULL,'w',0,NULL,100090,0,'2023-03-07 17:27:23'),
(436151,'Create/Update objects of ScanInvoices','scaninvoices',NULL,1,'write',NULL,'w',0,NULL,100090,0,'2023-03-07 17:27:23'),
(436152,'Delete objects of ScanInvoices','scaninvoices',NULL,1,'delete',NULL,'w',0,NULL,100090,0,'2023-03-07 17:27:23'),
(941601,'Read receptions','reception','',1,'lire','','r',0,'1',40,0,'2025-03-25 21:59:16'),
(941602,'Create receptions','reception','',1,'creer','','w',0,'1',40,0,'2025-03-25 21:59:16'),
(941603,'Validate receptions','reception','',1,'reception_advance','validate','d',0,'1',40,0,'2025-03-25 21:59:16'),
(941604,'Send receptions to customers','reception','',1,'reception_advance','send','d',0,'1',40,0,'2025-03-25 21:59:16'),
(941605,'Export receptions','reception','',1,'reception','export','r',0,'1',40,0,'2025-03-25 21:59:16'),
(941606,'Delete receptions','reception','',1,'supprimer','','d',0,'1',40,0,'2025-03-25 21:59:16'),
(1100001,'Administer users of the customer/partner webportal module','webportal','',1,'write','','w',0,'1',47,0,'2025-03-25 21:59:16'),
(6830501,'Read Webhooks','webhook','',1,'webhook_target','read','w',0,'1',90,0,'2025-03-25 21:59:16'),
(6830502,'Create/Update Webhooks','webhook','',1,'webhook_target','write','w',0,'1',90,0,'2025-03-25 21:59:16'),
(6830503,'Delete Webhooks','webhook','',1,'webhook_target','delete','w',0,'1',90,0,'2025-03-25 21:59:16'),
(10117001,'Read event choices of Alumni','alumni','',1,'survey','read','w',0,'1',100090,0,'2025-03-05 13:26:02'),
(10117002,'Create/Update event choice of Alumni','alumni','',1,'survey','write','w',0,'1',100090,0,'2025-03-05 13:26:02'),
(10117003,'Delete event choice of Alumni','alumni','',1,'survey','delete','w',0,'1',100090,0,'2025-03-05 13:26:02');

--
-- Table structure for table `llx_salary`
--

CREATE TABLE `llx_salary` (
  `rowid` int(11) NOT NULL AUTO_INCREMENT,
  `ref` varchar(30) DEFAULT NULL,
  `tms` timestamp NOT NULL DEFAULT current_timestamp() ON UPDATE current_timestamp(),
  `datec` datetime DEFAULT NULL,
  `fk_user` int(11) NOT NULL,
  `datep` date DEFAULT NULL,
  `datev` date DEFAULT NULL,
  `salary` double(24,8) DEFAULT NULL,
  `amount` double(24,8) NOT NULL DEFAULT 0.00000000,
  `fk_projet` int(11) DEFAULT NULL,
  `fk_typepayment` int(11) NOT NULL,
  `num_payment` varchar(50) DEFAULT NULL,
  `label` varchar(255) DEFAULT NULL,
  `datesp` date DEFAULT NULL,
  `dateep` date DEFAULT NULL,
  `entity` int(11) NOT NULL DEFAULT 1,
  `note` text DEFAULT NULL,
  `fk_bank` int(11) DEFAULT NULL,
  `paye` smallint(6) NOT NULL DEFAULT 0,
  `fk_account` int(11) DEFAULT NULL,
  `fk_user_author` int(11) DEFAULT NULL,
  `fk_user_modif` int(11) DEFAULT NULL,
  `ref_ext` varchar(255) DEFAULT NULL,
  `note_public` text DEFAULT NULL,
  PRIMARY KEY (`rowid`)
) ENGINE=InnoDB AUTO_INCREMENT=6 DEFAULT CHARSET=utf8mb3 COLLATE=utf8mb3_unicode_ci;

--
-- Dumping data for table `llx_salary`
--

INSERT INTO `llx_salary` VALUES
(1,'1','2023-08-15 10:42:28',NULL,19,NULL,NULL,NULL,1000.00000000,0,2,NULL,'Salary payment','2019-09-01','2019-09-30',1,'',42,1,NULL,0,12,NULL,NULL),
(4,NULL,'2023-08-15 10:42:34','2023-01-06 12:36:21',4,NULL,NULL,NULL,100.00000000,0,6,NULL,'Salary payment','2022-12-01','2022-12-31',1,'',NULL,1,4,12,12,NULL,NULL),
(5,NULL,'2024-12-30 15:55:25','2024-12-30 16:55:09',12,NULL,NULL,2700.00000000,10.00000000,0,3,NULL,'Salary','2024-11-01','2024-11-30',1,NULL,NULL,0,NULL,12,NULL,NULL,NULL);

--
-- Table structure for table `llx_salary_extrafields`
--

CREATE TABLE `llx_salary_extrafields` (
  `rowid` int(11) NOT NULL AUTO_INCREMENT,
  `tms` timestamp NOT NULL DEFAULT current_timestamp() ON UPDATE current_timestamp(),
  `fk_object` int(11) NOT NULL,
  `import_key` varchar(14) DEFAULT NULL,
  PRIMARY KEY (`rowid`),
  UNIQUE KEY `uk_salary_extrafields` (`fk_object`)
) ENGINE=InnoDB DEFAULT CHARSET=utf8mb3 COLLATE=utf8mb3_unicode_ci;

--
-- Dumping data for table `llx_salary_extrafields`
--


--
-- Table structure for table `llx_session`
--

CREATE TABLE `llx_session` (
  `session_id` varchar(50) CHARACTER SET utf8mb4 COLLATE utf8mb4_general_ci NOT NULL,
  `session_variable` text CHARACTER SET utf8mb4 COLLATE utf8mb4_general_ci DEFAULT NULL,
  `date_creation` datetime NOT NULL,
  `last_accessed` datetime NOT NULL,
  `fk_user` int(11) NOT NULL,
  `remote_ip` varchar(64) CHARACTER SET utf8mb4 COLLATE utf8mb4_general_ci DEFAULT NULL,
  `user_agent` varchar(255) DEFAULT NULL,
  PRIMARY KEY (`session_id`)
) ENGINE=InnoDB DEFAULT CHARSET=utf8mb3 COLLATE=utf8mb3_unicode_ci;

--
-- Dumping data for table `llx_session`
--


--
-- Table structure for table `llx_societe`
--

CREATE TABLE `llx_societe` (
  `rowid` int(11) NOT NULL AUTO_INCREMENT,
  `statut` tinyint(4) DEFAULT 0,
  `parent` int(11) DEFAULT NULL,
  `tms` timestamp NOT NULL DEFAULT current_timestamp() ON UPDATE current_timestamp(),
  `datec` datetime DEFAULT NULL,
  `nom` varchar(128) DEFAULT NULL,
  `entity` int(11) NOT NULL DEFAULT 1,
  `ref_ext` varchar(255) DEFAULT NULL,
  `ref_int` varchar(60) DEFAULT NULL,
  `code_client` varchar(24) DEFAULT NULL,
  `code_fournisseur` varchar(24) DEFAULT NULL,
  `tp_payment_reference` varchar(25) DEFAULT NULL,
  `accountancy_code_customer_general` varchar(32) DEFAULT NULL,
  `code_compta` varchar(32) DEFAULT NULL,
  `accountancy_code_supplier_general` varchar(32) DEFAULT NULL,
  `code_compta_fournisseur` varchar(32) DEFAULT NULL,
  `address` varchar(255) DEFAULT NULL,
  `zip` varchar(25) DEFAULT NULL,
  `town` varchar(50) DEFAULT NULL,
  `fk_departement` int(11) DEFAULT 0,
  `fk_pays` int(11) DEFAULT 0,
  `phone` varchar(30) DEFAULT NULL,
  `phone_mobile` varchar(30) DEFAULT NULL,
  `fax` varchar(30) DEFAULT NULL,
  `url` varchar(255) DEFAULT NULL,
  `email` varchar(128) DEFAULT NULL,
  `socialnetworks` text DEFAULT NULL,
  `fk_effectif` int(11) DEFAULT 0,
  `fk_typent` int(11) DEFAULT NULL,
  `fk_forme_juridique` int(11) DEFAULT 0,
  `fk_currency` varchar(3) DEFAULT NULL,
  `siren` varchar(128) DEFAULT NULL,
  `siret` varchar(128) DEFAULT NULL,
  `ape` varchar(128) DEFAULT NULL,
  `idprof4` varchar(128) DEFAULT NULL,
  `tva_intra` varchar(20) DEFAULT NULL,
  `capital` double(24,8) DEFAULT NULL,
  `fk_stcomm` int(11) NOT NULL DEFAULT 0,
  `note_private` text DEFAULT NULL,
  `note_public` text DEFAULT NULL,
  `prefix_comm` varchar(5) DEFAULT NULL,
  `client` tinyint(4) DEFAULT 0,
  `fournisseur` tinyint(4) DEFAULT 0,
  `supplier_account` varchar(32) DEFAULT NULL,
  `fk_prospectlevel` varchar(12) DEFAULT NULL,
  `customer_bad` tinyint(4) DEFAULT 0,
  `customer_rate` double DEFAULT 0,
  `supplier_rate` double DEFAULT 0,
  `fk_user_creat` int(11) DEFAULT NULL,
  `fk_user_modif` int(11) DEFAULT NULL,
  `remise_client` double DEFAULT 0,
  `remise_supplier` double DEFAULT 0,
  `mode_reglement` tinyint(4) DEFAULT NULL,
  `cond_reglement` tinyint(4) DEFAULT NULL,
  `deposit_percent` varchar(63) DEFAULT NULL,
  `transport_mode` tinyint(4) DEFAULT NULL,
  `mode_reglement_supplier` int(11) DEFAULT NULL,
  `outstanding_limit` double(24,8) DEFAULT NULL,
  `order_min_amount` double(24,8) DEFAULT NULL,
  `supplier_order_min_amount` double(24,8) DEFAULT NULL,
  `cond_reglement_supplier` int(11) DEFAULT NULL,
  `transport_mode_supplier` tinyint(4) DEFAULT NULL,
  `fk_shipping_method` int(11) DEFAULT NULL,
  `tva_assuj` tinyint(4) DEFAULT 1,
  `vat_reverse_charge` tinyint(4) DEFAULT 0,
  `localtax1_assuj` tinyint(4) DEFAULT 0,
  `localtax1_value` double(6,3) DEFAULT NULL,
  `localtax2_assuj` tinyint(4) DEFAULT 0,
  `localtax2_value` double(6,3) DEFAULT NULL,
  `barcode` varchar(255) DEFAULT NULL,
  `price_level` int(11) DEFAULT NULL,
  `default_lang` varchar(6) DEFAULT NULL,
  `canvas` varchar(32) DEFAULT NULL,
  `import_key` varchar(14) DEFAULT NULL,
  `status` tinyint(4) DEFAULT 1,
  `logo` varchar(255) DEFAULT NULL,
  `idprof5` varchar(128) DEFAULT NULL,
  `idprof6` varchar(128) DEFAULT NULL,
  `fk_barcode_type` int(11) DEFAULT 0,
  `webservices_url` varchar(255) DEFAULT NULL,
  `webservices_key` varchar(128) DEFAULT NULL,
  `accountancy_code_sell` varchar(32) DEFAULT NULL,
  `accountancy_code_buy` varchar(32) DEFAULT NULL,
  `name_alias` varchar(128) DEFAULT NULL,
  `fk_incoterms` int(11) DEFAULT NULL,
  `location_incoterms` varchar(255) DEFAULT NULL,
  `model_pdf` varchar(255) DEFAULT NULL,
  `last_main_doc` varchar(255) DEFAULT NULL,
  `fk_multicurrency` int(11) DEFAULT NULL,
  `multicurrency_code` varchar(3) DEFAULT NULL,
  `fk_account` int(11) DEFAULT NULL,
  `fk_warehouse` int(11) DEFAULT NULL,
  `logo_squarred` varchar(255) DEFAULT NULL,
  `geolat` double(24,8) DEFAULT NULL,
  `geolong` double(24,8) DEFAULT NULL,
  `geopoint` point DEFAULT NULL,
  `georesultcode` varchar(16) DEFAULT NULL,
  `ip` varchar(250) DEFAULT NULL,
  PRIMARY KEY (`rowid`),
  UNIQUE KEY `uk_societe_prefix_comm` (`prefix_comm`,`entity`),
  UNIQUE KEY `uk_societe_code_client` (`code_client`,`entity`),
  UNIQUE KEY `uk_societe_barcode` (`barcode`,`fk_barcode_type`,`entity`),
  UNIQUE KEY `uk_societe_code_fournisseur` (`code_fournisseur`,`entity`),
  KEY `idx_societe_user_creat` (`fk_user_creat`),
  KEY `idx_societe_user_modif` (`fk_user_modif`),
  KEY `idx_societe_barcode` (`barcode`),
  KEY `idx_societe_warehouse` (`fk_warehouse`),
  KEY `idx_societe_nom` (`nom`)
) ENGINE=InnoDB AUTO_INCREMENT=63 DEFAULT CHARSET=utf8mb3 COLLATE=utf8mb3_unicode_ci;

--
-- Dumping data for table `llx_societe`
--

INSERT INTO `llx_societe` VALUES
(1,0,NULL,'2023-03-01 22:02:40','2012-07-08 14:21:44','Indian SAS',1,NULL,NULL,'CU1212-0007','SU1212-0005',NULL,NULL,'7050',NULL,'6050','1 alalah road',NULL,'Delhi',NULL,117,NULL,NULL,NULL,NULL,NULL,'[]',NULL,4,NULL,'0','','','','','',5000.00000000,2,NULL,NULL,NULL,1,1,NULL,'',0,0,0,1,12,0,0,NULL,NULL,NULL,NULL,NULL,NULL,NULL,NULL,NULL,NULL,NULL,1,0,NULL,0.000,NULL,0.000,NULL,NULL,'fr_FR',NULL,NULL,1,'indiancompany.png','','',0,NULL,NULL,'','','',0,NULL,'',NULL,1,'EUR',NULL,0,NULL,NULL,NULL,NULL,NULL,NULL),
(2,0,NULL,'2023-02-25 02:32:36','2012-07-08 14:23:48','Teclib',1,NULL,NULL,'CU1108-0001','SU1108-0001',NULL,NULL,'411CU11080001',NULL,'401SU11080001','',NULL,'Paris',0,1,NULL,NULL,NULL,'www.teclib.com',NULL,NULL,4,3,57,'0','123456789','','ACE14','','',400000.00000000,2,NULL,NULL,NULL,3,1,NULL,'',0,0,0,1,12,0,0,NULL,NULL,NULL,NULL,NULL,NULL,NULL,NULL,NULL,NULL,NULL,1,0,0,0.000,NULL,0.000,NULL,NULL,'fr_FR',NULL,NULL,1,'teclibcompany.png','','',0,NULL,NULL,NULL,NULL,'',0,NULL,NULL,NULL,0,'',NULL,0,NULL,NULL,NULL,NULL,NULL,NULL),
(3,0,NULL,'2023-02-25 02:32:36','2012-07-08 22:42:12','Spanish Comp',1,NULL,NULL,'SPANISHCOMP','SU1601-0009',NULL,NULL,NULL,NULL,NULL,'1 via mallere',NULL,'Madrid',123,4,NULL,NULL,NULL,NULL,NULL,NULL,3,4,408,'0','','','','','',10000.00000000,2,NULL,NULL,NULL,1,1,NULL,NULL,0,0,0,1,12,0,0,NULL,NULL,NULL,NULL,NULL,NULL,NULL,NULL,NULL,NULL,NULL,1,0,NULL,0.000,NULL,0.000,NULL,NULL,'es_AR',NULL,NULL,1,'spanishcompany.png','','',0,NULL,NULL,NULL,NULL,'',0,NULL,NULL,NULL,NULL,NULL,NULL,0,NULL,NULL,NULL,NULL,NULL,NULL),
(4,0,NULL,'2022-12-16 11:20:27','2012-07-08 22:48:18','Prospector Vaalen',1,NULL,NULL,'CU1303-0014',NULL,NULL,NULL,NULL,NULL,NULL,'',NULL,'Bruxelles',103,2,NULL,NULL,NULL,NULL,NULL,'[]',3,4,201,'0','12345678','','','','',0.00000000,2,NULL,NULL,NULL,3,0,NULL,'PL_LOW',0,0,0,1,12,0,0,NULL,NULL,NULL,NULL,NULL,NULL,NULL,NULL,NULL,NULL,NULL,1,0,NULL,0.000,NULL,0.000,NULL,NULL,NULL,NULL,NULL,1,'valeencompany.png','','',0,NULL,NULL,'','','',0,NULL,'',NULL,0,'',NULL,0,NULL,NULL,NULL,NULL,NULL,NULL),
(5,0,NULL,'2017-02-21 11:01:17','2012-07-08 23:22:57','NoCountry GmBh',1,NULL,NULL,NULL,NULL,NULL,NULL,NULL,NULL,NULL,'',NULL,NULL,0,0,NULL,NULL,NULL,NULL,NULL,NULL,NULL,NULL,NULL,'0','','','','','',0.00000000,0,NULL,NULL,NULL,0,0,NULL,'',0,0,0,1,12,0,0,NULL,NULL,NULL,NULL,NULL,NULL,NULL,NULL,NULL,NULL,NULL,1,0,0,0.000,NULL,0.000,NULL,NULL,NULL,NULL,NULL,1,'nocountrycomp.png','','',0,NULL,NULL,NULL,NULL,'',0,NULL,NULL,NULL,1,'EUR',NULL,0,NULL,NULL,NULL,NULL,NULL,NULL),
(6,0,NULL,'2018-01-16 15:35:56','2012-07-09 00:15:09','Swiss Touch',1,NULL,NULL,'CU1601-0018','SU1601-0010',NULL,NULL,NULL,NULL,NULL,'',NULL,'Genevia',0,6,NULL,NULL,NULL,NULL,'swisstouch@example.ch',NULL,2,2,601,'0','','','','','',56000.00000000,0,NULL,NULL,NULL,3,1,NULL,NULL,0,0,0,1,12,0,0,NULL,NULL,NULL,NULL,NULL,NULL,NULL,NULL,NULL,NULL,NULL,1,0,NULL,0.000,NULL,0.000,NULL,NULL,NULL,NULL,NULL,1,'swisstouch.png','','',0,NULL,NULL,NULL,NULL,'',0,NULL,NULL,NULL,NULL,NULL,NULL,0,NULL,NULL,NULL,NULL,NULL,NULL),
(7,0,NULL,'2018-01-16 15:38:32','2012-07-09 01:24:26','Generic customer',1,NULL,NULL,'CU1302-0011',NULL,NULL,NULL,NULL,NULL,NULL,'',NULL,NULL,0,7,NULL,NULL,NULL,NULL,'ttt@ttt.com',NULL,NULL,8,NULL,'0','','','','','',0.00000000,0,'Generic customer to use for Point Of Sale module.<br />',NULL,NULL,1,0,NULL,NULL,0,0,0,1,12,0,0,NULL,NULL,NULL,NULL,NULL,NULL,NULL,NULL,NULL,NULL,NULL,1,0,NULL,0.000,NULL,0.000,NULL,NULL,NULL,NULL,NULL,1,'genericcustomer.png','','',0,NULL,NULL,NULL,NULL,'',0,NULL,NULL,NULL,NULL,NULL,NULL,0,NULL,NULL,NULL,NULL,NULL,NULL),
(10,0,NULL,'2025-04-08 08:55:23','2012-07-10 15:13:08','NLTechno',1,NULL,NULL,'CU1212-0005','SU1601-0011',NULL,NULL,'411CU12120005',NULL,'401SU16010011','',NULL,NULL,NULL,102,NULL,NULL,NULL,NULL,'vsmith@email.com','[]',1,4,NULL,'0','493861496','49386149600039','6209Z','22-01-2007','',10000.00000000,0,NULL,'aa < aa<br />\r\nd<strong>dd</strong>d',NULL,1,1,NULL,'',0,0,0,1,12,0,0,NULL,NULL,NULL,NULL,NULL,NULL,NULL,NULL,NULL,NULL,NULL,1,0,0,0.000,0,0.000,'123456789012',NULL,'fr_FR',NULL,NULL,1,'logo_nltechno_94x100.png','','',0,NULL,NULL,'','','The OpenSource company',0,NULL,'sepamandate',NULL,1,'EUR',NULL,0,NULL,NULL,NULL,NULL,NULL,NULL),
(11,0,NULL,'2019-11-28 11:52:58','2012-07-10 18:35:57','Company Corp 1',1,NULL,NULL,'CU1510-0017',NULL,NULL,NULL,'7051',NULL,NULL,'21 Green Hill street','75500','Los Angeles',0,11,'444123456',NULL,NULL,'companycorp1.com','companycorp1@example.com','{\"skype\":\"corp1\"}',1,1,NULL,'0','AB1234567','','','','USABS123',10000.00000000,0,NULL,NULL,NULL,3,0,NULL,'PL_LOW',0,0,0,1,12,0,0,NULL,NULL,NULL,NULL,NULL,NULL,NULL,NULL,NULL,NULL,NULL,1,0,0,0.000,NULL,0.000,NULL,NULL,'en_US',NULL,NULL,1,'comapnycorp1company.png','','',0,NULL,NULL,NULL,NULL,'',0,NULL,NULL,NULL,1,'EUR',NULL,0,NULL,NULL,NULL,NULL,NULL,NULL),
(12,0,NULL,'2023-01-14 10:46:33','2012-07-11 16:18:08','Dupont Alain',1,NULL,NULL,'CU1601-0019',NULL,NULL,NULL,'411CU16010019',NULL,NULL,'',NULL,NULL,NULL,NULL,NULL,NULL,NULL,NULL,'pcurie@example.com','[]',NULL,NULL,NULL,'0','','','','','',0.00000000,0,NULL,NULL,NULL,1,0,NULL,'',0,0,0,1,12,0,0,NULL,NULL,NULL,NULL,NULL,NULL,NULL,NULL,NULL,NULL,NULL,1,0,NULL,0.000,NULL,0.000,NULL,NULL,NULL,NULL,NULL,1,'pierrecurie.jpg','','',0,NULL,NULL,'','','',0,NULL,'',NULL,0,'',NULL,0,NULL,NULL,NULL,NULL,NULL,NULL),
(13,0,NULL,'2019-10-08 09:57:51','2012-07-11 17:13:20','Company Corp 2',1,NULL,NULL,'CU1910-00021','SU1510-0008',NULL,NULL,'411CU191000021',NULL,'401SU15100008','',NULL,NULL,0,1,NULL,NULL,NULL,NULL,NULL,NULL,NULL,NULL,NULL,'0','','','','','',0.00000000,0,NULL,NULL,NULL,3,1,NULL,'',0,0,0,1,12,0,0,NULL,NULL,NULL,NULL,NULL,NULL,NULL,NULL,NULL,NULL,NULL,1,0,NULL,0.000,NULL,0.000,NULL,NULL,NULL,NULL,NULL,1,'companycorp2company.png','','',0,NULL,NULL,NULL,NULL,'',0,NULL,NULL,NULL,1,'EUR',NULL,0,NULL,NULL,NULL,NULL,NULL,NULL),
(17,0,NULL,'2024-06-22 10:44:35','2013-08-01 02:41:26','Book Keeping Company',1,NULL,NULL,'CU1108-0004','SU1108-0004',NULL,NULL,'411CU11080004',NULL,'401SU11080004','The French Company',NULL,'Paris',NULL,1,NULL,NULL,NULL,NULL,NULL,'[]',1,0,NULL,'0','','','','','',0.00000000,0,NULL,NULL,NULL,3,1,NULL,'',0,0,0,1,12,0,0,NULL,NULL,NULL,NULL,NULL,NULL,NULL,NULL,NULL,NULL,NULL,1,0,NULL,0.000,NULL,0.000,NULL,NULL,NULL,NULL,NULL,1,'bookkeepercompany.png','','',0,NULL,NULL,'','','',0,NULL,'',NULL,1,'EUR',NULL,0,NULL,NULL,NULL,NULL,NULL,NULL),
(19,0,NULL,'2019-09-26 12:03:13','2015-01-12 12:23:05','Magic Food Store',1,NULL,NULL,'CU1301-0008',NULL,NULL,NULL,NULL,NULL,NULL,'65 holdywood boulevard','123456','BigTown',0,4,NULL,NULL,'0101',NULL,'myemail@domain.com',NULL,NULL,NULL,NULL,'0','','','10/10/2010','','',0.00000000,0,NULL,NULL,NULL,1,0,NULL,NULL,0,0,0,1,12,0,0,NULL,NULL,NULL,NULL,NULL,NULL,NULL,NULL,NULL,NULL,NULL,0,0,NULL,0.000,NULL,0.000,NULL,NULL,'en_US',NULL,NULL,1,'magicfoodstore.png','','',0,NULL,NULL,NULL,NULL,'',0,NULL,'sepamandate',NULL,NULL,NULL,NULL,0,NULL,NULL,NULL,NULL,NULL,NULL),
(25,0,32,'2025-05-05 11:25:27','2015-03-10 15:47:37','Print Company',1,NULL,NULL,'CU1303-0016','SU1303-0007',NULL,NULL,'411CU13030016',NULL,'401SU13030007','21 Gutenberg street','45600','Berlin',NULL,5,NULL,NULL,NULL,NULL,'printcompany@example.com','[]',NULL,0,NULL,'0','','','','','',NULL,0,NULL,NULL,NULL,1,1,NULL,'',0,0,0,1,12,0,0,NULL,NULL,NULL,NULL,NULL,NULL,NULL,NULL,NULL,NULL,NULL,1,0,NULL,0.000,NULL,0.000,NULL,NULL,'de_DE',NULL,NULL,1,'printcompany.png','','',0,NULL,NULL,'','','',0,NULL,'',NULL,1,'EUR',NULL,0,NULL,NULL,NULL,NULL,NULL,NULL),
(26,0,NULL,'2019-09-26 12:06:05','2017-02-12 23:17:04','Calculation Power',1,NULL,NULL,'CU1702-0020',NULL,NULL,NULL,'411CU17020020',NULL,NULL,'',NULL,'Calgary',0,14,NULL,NULL,NULL,NULL,'calculationpower@example.com',NULL,NULL,NULL,NULL,NULL,'','','','','',NULL,0,NULL,NULL,NULL,3,0,NULL,'',0,0,0,12,12,0,0,NULL,NULL,NULL,NULL,NULL,NULL,NULL,NULL,NULL,NULL,NULL,0,0,0,0.000,0,0.000,NULL,NULL,'en_US',NULL,NULL,1,'bookkeepercompany.png','','',0,NULL,NULL,NULL,NULL,'',0,NULL,NULL,NULL,1,'EUR',NULL,0,NULL,NULL,NULL,NULL,NULL,NULL),
(29,0,NULL,'2020-01-13 12:56:22','2020-01-06 00:39:58','Patient',1,NULL,NULL,'CU2001-00022',NULL,NULL,NULL,'411CU200100022',NULL,NULL,'',NULL,NULL,0,117,'01',NULL,'02',NULL,NULL,'null',NULL,NULL,NULL,NULL,'','','','','',NULL,0,'aa < ddd',NULL,NULL,3,0,NULL,'',0,0,0,12,12,0,0,NULL,NULL,NULL,NULL,NULL,NULL,NULL,NULL,NULL,NULL,NULL,NULL,0,NULL,0.000,NULL,0.000,NULL,NULL,NULL,'patient@cabinetmed',NULL,1,NULL,'','',0,NULL,NULL,NULL,NULL,'',0,NULL,NULL,NULL,0,'',NULL,0,NULL,NULL,NULL,NULL,NULL,NULL),
(30,0,NULL,'2022-12-28 00:56:01','2020-01-13 17:19:24','Italo',1,NULL,NULL,'CU2001-00023',NULL,NULL,NULL,'411CU200100023',NULL,NULL,'12 Alagio','123','Milano',777,3,NULL,NULL,NULL,NULL,'aaa@it.com','[]',NULL,0,NULL,NULL,'','','','','',NULL,0,NULL,NULL,NULL,3,0,NULL,'',0,0,0,12,12,0,0,NULL,NULL,NULL,NULL,NULL,NULL,NULL,NULL,NULL,NULL,NULL,1,0,NULL,0.000,NULL,0.000,NULL,4,NULL,NULL,NULL,1,NULL,'','',0,NULL,NULL,'','','',0,NULL,'',NULL,1,'EUR',NULL,0,NULL,NULL,NULL,NULL,NULL,NULL),
(31,0,NULL,'2025-04-11 15:31:18','2022-12-26 12:12:11','aaa',1,NULL,NULL,'CU2212-00024',NULL,NULL,NULL,'411CU221200024',NULL,NULL,'',NULL,NULL,NULL,1,NULL,NULL,NULL,NULL,NULL,'[]',NULL,0,NULL,NULL,'','','','','',NULL,0,NULL,NULL,NULL,2,0,NULL,'',0,0,0,12,12,0,0,NULL,NULL,NULL,NULL,NULL,NULL,NULL,NULL,NULL,NULL,NULL,1,0,NULL,0.000,NULL,0.000,NULL,NULL,NULL,NULL,NULL,0,'1.JPG','','',0,NULL,NULL,'','','',0,NULL,'',NULL,1,'EUR',NULL,NULL,NULL,NULL,NULL,NULL,NULL,NULL),
(32,0,NULL,'2025-05-26 15:18:27','2022-12-26 12:12:43','aaa',1,NULL,NULL,'CU2212-00025',NULL,NULL,NULL,'411CU221200025',NULL,NULL,'',NULL,NULL,NULL,1,NULL,NULL,NULL,NULL,NULL,'[]',NULL,0,NULL,NULL,'','','','','',0.00000000,0,NULL,NULL,NULL,3,0,NULL,'',0,0,0,12,12,0,0,NULL,NULL,NULL,NULL,NULL,NULL,NULL,NULL,NULL,NULL,NULL,1,0,0,0.000,0,0.000,NULL,NULL,NULL,NULL,NULL,1,NULL,'','',0,NULL,NULL,'','','',0,NULL,'generic_odt:/home/ldestailleur/git/dolibarr_dev/documents/doctemplates/thirdparties/template_thirdparty.odt',NULL,1,'EUR',NULL,NULL,NULL,NULL,NULL,NULL,NULL,NULL),
(33,0,NULL,'2023-02-09 18:09:16','2022-12-26 12:14:10','aaainlux',1,NULL,NULL,'CU2212-00026',NULL,NULL,NULL,'411CU221200026',NULL,NULL,'',NULL,NULL,NULL,1,NULL,NULL,NULL,NULL,NULL,'[]',NULL,0,NULL,NULL,'','','','','',NULL,0,NULL,NULL,NULL,3,0,NULL,'',0,0,0,12,12,0,0,NULL,NULL,NULL,NULL,NULL,NULL,NULL,NULL,NULL,NULL,NULL,1,0,NULL,0.000,NULL,0.000,NULL,NULL,NULL,NULL,NULL,1,NULL,'','',0,NULL,NULL,'','','',0,NULL,'',NULL,1,'EUR',4,NULL,NULL,NULL,NULL,NULL,NULL,NULL),
(34,0,NULL,'2023-02-15 23:08:31','2022-12-26 12:15:09','aaaincash',1,NULL,NULL,'CU2212-00027',NULL,NULL,NULL,'411CU221200027',NULL,NULL,'Direction des systèmes d\'information\r\n98-102 rue de Richelieu 75002 Paris.\r\nSiège: 1, place du Palais Royal, 75001','75001','Paris',77,1,'060606060606',NULL,'0705050505','https://aaa.com','aaa@aaa.com','[]',NULL,0,NULL,NULL,'','','','','',NULL,0,NULL,NULL,NULL,3,0,NULL,'',0,0,0,12,12,0,0,NULL,NULL,NULL,NULL,NULL,NULL,NULL,NULL,NULL,NULL,NULL,1,0,NULL,0.000,NULL,0.000,NULL,NULL,NULL,NULL,NULL,1,NULL,'','',0,NULL,NULL,'','','',0,NULL,'',NULL,1,'EUR',3,NULL,NULL,NULL,NULL,NULL,NULL,NULL),
(35,0,NULL,'2022-12-28 00:21:00','2022-12-26 12:18:03','bbb',1,NULL,NULL,'CU2212-00028',NULL,NULL,NULL,'411CU221200028',NULL,NULL,'',NULL,NULL,NULL,1,NULL,NULL,NULL,NULL,'aaa@aa.com','[]',NULL,0,NULL,NULL,'','','','','',NULL,0,NULL,NULL,NULL,3,0,NULL,'',0,0,0,12,12,0,0,NULL,NULL,NULL,NULL,NULL,NULL,NULL,NULL,NULL,NULL,NULL,1,0,NULL,0.000,NULL,0.000,NULL,NULL,NULL,NULL,NULL,1,NULL,'','',0,NULL,NULL,'','','',0,NULL,'',NULL,1,'EUR',NULL,NULL,NULL,NULL,NULL,NULL,NULL,NULL),
(36,0,NULL,'2022-12-26 12:21:55','2022-12-26 12:21:55','bbb',1,NULL,NULL,'CU2212-00029',NULL,NULL,NULL,'411CU221200029',NULL,NULL,'',NULL,NULL,NULL,1,NULL,NULL,NULL,NULL,NULL,'[]',NULL,0,NULL,NULL,'','','','','',NULL,0,NULL,NULL,NULL,3,0,NULL,'',0,0,0,12,12,0,0,NULL,NULL,NULL,NULL,NULL,NULL,NULL,NULL,NULL,NULL,NULL,1,0,NULL,0.000,NULL,0.000,NULL,NULL,NULL,NULL,NULL,1,NULL,'','',0,NULL,NULL,'','','',0,NULL,'',NULL,1,'EUR',NULL,NULL,NULL,NULL,NULL,NULL,NULL,NULL),
(37,0,NULL,'2024-12-27 15:00:09','2024-12-27 15:00:09','ppppp',1,NULL,NULL,'CU2412-00030',NULL,NULL,NULL,'411CU241200030',NULL,NULL,'',NULL,NULL,NULL,117,NULL,NULL,NULL,NULL,NULL,'[]',NULL,101,NULL,NULL,'','','','','',NULL,0,NULL,NULL,NULL,3,0,NULL,'',0,0,0,12,12,0,0,NULL,NULL,NULL,NULL,NULL,NULL,NULL,NULL,NULL,NULL,NULL,0,0,0,0.000,0,0.000,NULL,NULL,NULL,'patient@cabinetmed',NULL,1,NULL,'','',0,NULL,NULL,'','','',0,NULL,'',NULL,0,'',NULL,NULL,NULL,NULL,NULL,NULL,NULL,''),
(39,0,NULL,'2025-01-30 21:52:20','2025-01-03 14:59:56','Testldr1',1,NULL,NULL,'CU2501-00031',NULL,NULL,NULL,'411CU250100031',NULL,NULL,'',NULL,NULL,NULL,1,NULL,NULL,NULL,NULL,'testldr1@dolicloud.com','null',NULL,0,NULL,NULL,'','','','','',NULL,0,NULL,'g<br>\nmm',NULL,3,0,NULL,'',0,0,0,29,12,0,0,NULL,NULL,NULL,NULL,NULL,NULL,NULL,NULL,NULL,NULL,NULL,1,0,NULL,0.000,NULL,0.000,NULL,NULL,'fr_FR',NULL,NULL,1,NULL,'','',0,NULL,NULL,'','','',0,NULL,'',NULL,0,'',NULL,NULL,NULL,NULL,NULL,NULL,NULL,''),
(58,0,NULL,'2025-06-25 10:13:15','2025-06-25 10:13:15','aaa',1,NULL,NULL,'CU2506-00032',NULL,NULL,NULL,'411CU250600032',NULL,NULL,'',NULL,NULL,NULL,1,NULL,NULL,NULL,NULL,NULL,'[]',NULL,0,NULL,NULL,'','','','','',0.00000000,0,NULL,NULL,NULL,1,0,NULL,'',0,0,0,12,12,0,0,NULL,NULL,NULL,NULL,NULL,NULL,NULL,NULL,NULL,NULL,NULL,1,0,0,0.000,0,0.000,NULL,NULL,NULL,NULL,NULL,1,NULL,'','',0,NULL,NULL,'','','',0,NULL,'',NULL,1,'EUR',NULL,NULL,NULL,NULL,NULL,NULL,NULL,''),
(59,0,NULL,'2025-06-25 10:13:36','2025-06-25 10:13:36','fff',1,NULL,NULL,'CU2506-00033',NULL,NULL,NULL,'411CU250600033',NULL,NULL,'',NULL,NULL,NULL,1,NULL,NULL,NULL,NULL,NULL,'[]',NULL,0,NULL,NULL,'','','','','',0.00000000,0,NULL,NULL,NULL,1,0,NULL,'',0,0,0,12,12,0,0,NULL,NULL,NULL,NULL,NULL,NULL,NULL,NULL,NULL,NULL,NULL,1,0,0,0.000,0,0.000,NULL,NULL,NULL,NULL,NULL,1,NULL,'','',0,NULL,NULL,'','','',0,NULL,'',NULL,1,'EUR',NULL,NULL,NULL,NULL,NULL,NULL,NULL,''),
(60,0,NULL,'2025-06-25 10:14:43','2025-06-25 10:14:43','bbb',1,NULL,NULL,'CU2506-00034',NULL,NULL,NULL,'411CU250600034',NULL,NULL,'',NULL,NULL,NULL,1,NULL,NULL,NULL,NULL,NULL,'[]',NULL,0,NULL,NULL,'','','','','',0.00000000,0,NULL,NULL,NULL,1,0,NULL,'',0,0,0,12,12,0,0,NULL,NULL,NULL,NULL,NULL,NULL,NULL,NULL,NULL,NULL,NULL,1,0,0,0.000,0,0.000,NULL,NULL,NULL,NULL,NULL,1,NULL,'','',0,NULL,NULL,'','','',0,NULL,'',NULL,1,'EUR',NULL,NULL,NULL,NULL,NULL,NULL,NULL,''),
(61,0,NULL,'2025-06-25 10:22:06','2025-06-25 10:22:06','ccc',1,NULL,NULL,'CU2506-00035',NULL,NULL,NULL,'411CU250600035',NULL,NULL,'',NULL,NULL,NULL,1,NULL,NULL,NULL,NULL,NULL,'[]',NULL,0,NULL,NULL,'','','','','',0.00000000,0,NULL,NULL,NULL,1,0,NULL,'',0,0,0,12,12,0,0,NULL,NULL,NULL,NULL,NULL,NULL,NULL,NULL,NULL,NULL,NULL,1,0,0,0.000,0,0.000,NULL,NULL,NULL,NULL,NULL,1,NULL,'','',0,NULL,NULL,'','','',0,NULL,'',NULL,1,'EUR',NULL,NULL,NULL,NULL,NULL,NULL,NULL,''),
(62,0,NULL,'2025-06-25 10:27:57','2025-06-25 10:27:57','ddd',1,NULL,NULL,'CU2506-00036',NULL,NULL,NULL,'411CU250600036',NULL,NULL,'',NULL,NULL,NULL,1,NULL,NULL,NULL,NULL,NULL,'[]',NULL,0,NULL,NULL,'','','','','',0.00000000,0,NULL,NULL,NULL,1,0,NULL,'',0,0,0,12,12,0,0,NULL,NULL,NULL,NULL,NULL,NULL,NULL,NULL,NULL,NULL,NULL,1,0,0,0.000,0,0.000,NULL,NULL,NULL,NULL,NULL,1,NULL,'','',0,NULL,NULL,'','','',0,NULL,'',NULL,1,'EUR',NULL,NULL,NULL,NULL,NULL,NULL,NULL,'');

--
-- Table structure for table `llx_societe_account`
--

CREATE TABLE `llx_societe_account` (
  `rowid` int(11) NOT NULL AUTO_INCREMENT,
  `entity` int(11) DEFAULT 1,
  `login` varchar(128) NOT NULL,
  `pass_encoding` varchar(24) DEFAULT NULL,
  `pass_crypted` varchar(128) DEFAULT NULL,
  `pass_temp` varchar(128) DEFAULT NULL,
  `fk_soc` int(11) DEFAULT NULL,
  `site` varchar(128) NOT NULL,
  `fk_website` int(11) DEFAULT NULL,
  `note_private` mediumtext DEFAULT NULL,
  `date_last_login` datetime DEFAULT NULL,
  `date_previous_login` datetime DEFAULT NULL,
  `date_last_reset_password` datetime DEFAULT NULL,
  `date_creation` datetime NOT NULL,
  `tms` timestamp NOT NULL DEFAULT current_timestamp() ON UPDATE current_timestamp(),
  `fk_user_creat` int(11) NOT NULL,
  `fk_user_modif` int(11) DEFAULT NULL,
  `import_key` varchar(14) DEFAULT NULL,
  `status` int(11) DEFAULT NULL,
  `key_account` varchar(128) DEFAULT NULL,
  `site_account` varchar(128) DEFAULT NULL,
  `ip` varchar(250) DEFAULT NULL,
  PRIMARY KEY (`rowid`),
  UNIQUE KEY `uk_societe_account_key_account_soc` (`entity`,`fk_soc`,`key_account`,`site`,`fk_website`),
  UNIQUE KEY `uk_societe_account_login_website` (`entity`,`login`,`site`,`fk_website`),
  KEY `idx_societe_account_rowid` (`rowid`),
  KEY `idx_societe_account_login` (`login`),
  KEY `idx_societe_account_status` (`status`),
  KEY `idx_societe_account_fk_website` (`fk_website`),
  KEY `idx_societe_account_fk_soc` (`fk_soc`),
  CONSTRAINT `llx_societe_account_fk_societe` FOREIGN KEY (`fk_soc`) REFERENCES `llx_societe` (`rowid`)
) ENGINE=InnoDB AUTO_INCREMENT=54 DEFAULT CHARSET=utf8mb3 COLLATE=utf8mb3_unicode_ci;

--
-- Dumping data for table `llx_societe_account`
--

INSERT INTO `llx_societe_account` VALUES
(1,1,'','',NULL,NULL,204,'stripe',NULL,NULL,NULL,NULL,NULL,'2018-03-13 19:25:01','2018-03-19 09:01:17',12,NULL,NULL,0,'',NULL,NULL),
(53,1,'',NULL,NULL,NULL,39,'stripe',NULL,NULL,NULL,NULL,NULL,'2025-01-03 15:56:44','2025-01-03 14:56:44',29,NULL,NULL,0,'cus_test','pk_test_KZFTi0Lj1srAMRaKhhgMPKmA00z3aAQFWF',NULL);

--
-- Table structure for table `llx_societe_commerciaux`
--

CREATE TABLE `llx_societe_commerciaux` (
  `rowid` int(11) NOT NULL AUTO_INCREMENT,
  `fk_soc` int(11) DEFAULT NULL,
  `fk_user` int(11) DEFAULT NULL,
  `import_key` varchar(14) DEFAULT NULL,
  `fk_c_type_contact_code` varchar(32) NOT NULL DEFAULT 'SALESREPTHIRD',
  PRIMARY KEY (`rowid`),
  UNIQUE KEY `uk_societe_commerciaux_c_type_contact` (`fk_soc`,`fk_user`,`fk_c_type_contact_code`),
  KEY `fk_societe_commerciaux_fk_c_type_contact_code` (`fk_c_type_contact_code`),
  KEY `fk_societe_commerciaux_fk_user` (`fk_user`),
  CONSTRAINT `fk_societe_commerciaux_fk_soc` FOREIGN KEY (`fk_soc`) REFERENCES `llx_societe` (`rowid`),
  CONSTRAINT `fk_societe_commerciaux_fk_user` FOREIGN KEY (`fk_user`) REFERENCES `llx_user` (`rowid`)
) ENGINE=InnoDB AUTO_INCREMENT=22 DEFAULT CHARSET=utf8mb3 COLLATE=utf8mb3_unicode_ci;

--
-- Dumping data for table `llx_societe_commerciaux`
--

INSERT INTO `llx_societe_commerciaux` VALUES
(1,2,2,NULL,'SALESREPTHIRD'),
(2,3,2,NULL,'SALESREPTHIRD'),
(5,17,1,NULL,'SALESREPTHIRD'),
(6,19,1,NULL,'SALESREPTHIRD'),
(8,19,3,NULL,'SALESREPTHIRD'),
(9,11,16,NULL,'SALESREPTHIRD'),
(10,13,17,NULL,'SALESREPTHIRD'),
(11,26,12,NULL,'SALESREPTHIRD'),
(12,29,12,NULL,'SALESREPTHIRD'),
(13,37,12,NULL,'SALESREPTHIRD'),
(15,39,29,NULL,'SALESREPTHIRD'),
(16,58,12,NULL,'SALESREPTHIRD'),
(17,59,12,NULL,'SALESREPTHIRD'),
(18,60,12,NULL,'SALESREPTHIRD'),
(19,61,12,NULL,'SALESREPTHIRD'),
(20,62,12,NULL,'SALESREPTHIRD'),
(21,1,12,NULL,'SALESREPTHIRD');

--
-- Table structure for table `llx_societe_contacts`
--

CREATE TABLE `llx_societe_contacts` (
  `rowid` int(11) NOT NULL AUTO_INCREMENT,
  `entity` int(11) NOT NULL DEFAULT 1,
  `date_creation` datetime NOT NULL,
  `fk_soc` int(11) NOT NULL,
  `fk_c_type_contact` int(11) NOT NULL,
  `fk_socpeople` int(11) NOT NULL,
  `tms` timestamp NOT NULL DEFAULT current_timestamp() ON UPDATE current_timestamp(),
  `import_key` varchar(14) DEFAULT NULL,
  PRIMARY KEY (`rowid`),
  UNIQUE KEY `idx_societe_contacts_idx1` (`entity`,`fk_soc`,`fk_c_type_contact`,`fk_socpeople`),
  KEY `fk_societe_contacts_fk_c_type_contact` (`fk_c_type_contact`),
  KEY `fk_societe_contacts_fk_soc` (`fk_soc`),
  KEY `fk_societe_contacts_fk_socpeople` (`fk_socpeople`),
  CONSTRAINT `fk_societe_contacts_fk_c_type_contact` FOREIGN KEY (`fk_c_type_contact`) REFERENCES `llx_c_type_contact` (`rowid`),
  CONSTRAINT `fk_societe_contacts_fk_soc` FOREIGN KEY (`fk_soc`) REFERENCES `llx_societe` (`rowid`),
  CONSTRAINT `fk_societe_contacts_fk_socpeople` FOREIGN KEY (`fk_socpeople`) REFERENCES `llx_socpeople` (`rowid`)
) ENGINE=InnoDB DEFAULT CHARSET=utf8mb3 COLLATE=utf8mb3_unicode_ci;

--
-- Dumping data for table `llx_societe_contacts`
--


--
-- Table structure for table `llx_societe_extrafields`
--

CREATE TABLE `llx_societe_extrafields` (
  `rowid` int(11) NOT NULL AUTO_INCREMENT,
  `tms` timestamp NOT NULL DEFAULT current_timestamp() ON UPDATE current_timestamp(),
  `fk_object` int(11) NOT NULL,
  `import_key` varchar(14) DEFAULT NULL,
  `height` varchar(128) DEFAULT NULL,
  `weight` varchar(128) DEFAULT NULL,
  `prof` varchar(128) DEFAULT NULL,
  `birthdate` date DEFAULT NULL,
  `dolicloud` varchar(255) NOT NULL DEFAULT 'no',
  `date_registration` datetime DEFAULT NULL,
  `domain_registration_page` varchar(128) DEFAULT NULL,
  `ip_confirm_email` varchar(128) DEFAULT NULL,
  `source` varchar(64) DEFAULT NULL,
  `source_utm` varchar(64) DEFAULT NULL,
  `firstname` varchar(64) DEFAULT NULL,
  `lastname` varchar(64) DEFAULT NULL,
  `password` varchar(128) DEFAULT NULL,
  `oldpassword` varchar(128) DEFAULT NULL,
  `pass_temp` varchar(128) DEFAULT NULL,
  `optinmessages` int(1) DEFAULT NULL,
  `emailccinvoice` varchar(255) DEFAULT NULL,
  `manualcollection` int(1) DEFAULT NULL,
  `commission` int(3) DEFAULT NULL,
  `stripeaccount` varchar(255) DEFAULT NULL,
  `maxnbofinstances` int(3) DEFAULT 4,
  `checkboxnonprofitorga` varchar(255) DEFAULT NULL,
  `email_temp` varchar(128) DEFAULT NULL,
  `date_apply_for_reseller` date DEFAULT NULL,
  `spammer` varchar(8) DEFAULT NULL,
  `sss` int(11) DEFAULT NULL,
  PRIMARY KEY (`rowid`),
  UNIQUE KEY `uk_societe_extrafields` (`fk_object`)
) ENGINE=InnoDB AUTO_INCREMENT=141 DEFAULT CHARSET=utf8mb3 COLLATE=utf8mb3_unicode_ci;

--
-- Dumping data for table `llx_societe_extrafields`
--

INSERT INTO `llx_societe_extrafields` VALUES
(79,'2018-01-22 17:13:16',13,NULL,NULL,NULL,NULL,NULL,'no',NULL,NULL,NULL,NULL,NULL,NULL,NULL,NULL,NULL,NULL,NULL,NULL,NULL,NULL,NULL,4,NULL,NULL,NULL,NULL,NULL),
(81,'2018-01-22 17:18:08',19,NULL,NULL,NULL,NULL,NULL,'no',NULL,NULL,NULL,NULL,NULL,NULL,NULL,NULL,NULL,NULL,NULL,NULL,NULL,NULL,NULL,4,NULL,NULL,NULL,NULL,NULL),
(82,'2025-05-05 11:40:04',25,NULL,NULL,NULL,NULL,NULL,'no',NULL,NULL,NULL,'fsdfsd',NULL,NULL,NULL,NULL,NULL,NULL,NULL,NULL,NULL,NULL,NULL,4,'0',NULL,NULL,NULL,4),
(85,'2018-01-22 17:22:32',3,NULL,NULL,NULL,NULL,NULL,'no',NULL,NULL,NULL,NULL,NULL,NULL,NULL,NULL,NULL,NULL,NULL,NULL,NULL,NULL,NULL,4,NULL,NULL,NULL,NULL,NULL),
(88,'2018-01-22 17:25:26',6,NULL,NULL,NULL,NULL,NULL,'no',NULL,NULL,NULL,NULL,NULL,NULL,NULL,NULL,NULL,NULL,NULL,NULL,NULL,NULL,NULL,4,NULL,NULL,NULL,NULL,NULL),
(89,'2018-01-22 17:25:41',7,NULL,NULL,NULL,NULL,NULL,'no',NULL,NULL,NULL,NULL,NULL,NULL,NULL,NULL,NULL,NULL,NULL,NULL,NULL,NULL,NULL,4,NULL,NULL,NULL,NULL,NULL),
(92,'2018-07-30 11:45:49',2,NULL,NULL,NULL,NULL,NULL,'no',NULL,NULL,NULL,NULL,NULL,NULL,NULL,NULL,NULL,NULL,NULL,NULL,NULL,NULL,NULL,4,NULL,NULL,NULL,NULL,NULL),
(96,'2017-02-21 11:01:17',5,NULL,NULL,NULL,NULL,NULL,'no',NULL,NULL,NULL,NULL,NULL,NULL,NULL,NULL,NULL,NULL,NULL,NULL,NULL,NULL,NULL,4,NULL,NULL,NULL,NULL,NULL),
(97,'2017-05-12 09:06:31',11,NULL,NULL,NULL,NULL,NULL,'no',NULL,NULL,NULL,NULL,NULL,NULL,NULL,NULL,NULL,NULL,NULL,NULL,NULL,NULL,NULL,4,NULL,NULL,NULL,NULL,NULL),
(99,'2019-09-26 12:06:05',26,NULL,NULL,NULL,NULL,NULL,'no',NULL,NULL,NULL,NULL,NULL,NULL,NULL,NULL,NULL,NULL,NULL,NULL,NULL,NULL,NULL,4,NULL,NULL,NULL,NULL,NULL),
(100,'2020-01-05 20:39:58',29,NULL,NULL,NULL,NULL,NULL,'no',NULL,NULL,NULL,NULL,NULL,NULL,NULL,NULL,NULL,NULL,NULL,NULL,NULL,NULL,NULL,4,NULL,NULL,NULL,NULL,NULL),
(103,'2022-12-16 11:20:27',4,NULL,NULL,NULL,NULL,NULL,'no',NULL,NULL,NULL,NULL,NULL,NULL,NULL,NULL,NULL,NULL,NULL,NULL,NULL,NULL,NULL,4,NULL,NULL,NULL,NULL,NULL),
(111,'2022-12-26 12:21:55',36,NULL,NULL,NULL,NULL,NULL,'no',NULL,NULL,NULL,NULL,NULL,NULL,NULL,NULL,NULL,NULL,NULL,NULL,NULL,NULL,NULL,4,NULL,NULL,NULL,NULL,NULL),
(112,'2022-12-28 00:21:00',35,NULL,NULL,NULL,NULL,NULL,'no',NULL,NULL,NULL,NULL,NULL,NULL,NULL,NULL,NULL,NULL,NULL,NULL,NULL,NULL,NULL,4,NULL,NULL,NULL,NULL,NULL),
(114,'2022-12-28 00:56:09',30,NULL,NULL,NULL,NULL,NULL,'no',NULL,NULL,NULL,NULL,NULL,NULL,NULL,NULL,NULL,NULL,NULL,NULL,NULL,NULL,NULL,4,NULL,NULL,NULL,NULL,NULL),
(116,'2023-01-14 10:46:33',12,NULL,NULL,NULL,NULL,NULL,'no',NULL,NULL,NULL,NULL,NULL,NULL,NULL,NULL,NULL,NULL,NULL,NULL,NULL,NULL,NULL,4,NULL,NULL,NULL,NULL,NULL),
(119,'2023-02-09 18:09:09',33,NULL,NULL,NULL,NULL,NULL,'no',NULL,NULL,NULL,NULL,NULL,NULL,NULL,NULL,NULL,NULL,NULL,NULL,NULL,NULL,NULL,4,'0',NULL,NULL,NULL,NULL),
(120,'2023-02-15 23:08:31',34,NULL,NULL,NULL,NULL,NULL,'no',NULL,NULL,NULL,NULL,NULL,NULL,NULL,NULL,NULL,NULL,NULL,NULL,NULL,NULL,NULL,4,'0',NULL,NULL,NULL,NULL),
(121,'2023-03-01 22:02:40',1,NULL,NULL,NULL,NULL,NULL,'no',NULL,NULL,NULL,NULL,NULL,NULL,NULL,NULL,NULL,NULL,NULL,NULL,NULL,NULL,NULL,4,'0',NULL,NULL,NULL,NULL),
(122,'2024-06-22 10:44:35',17,NULL,NULL,NULL,NULL,NULL,'no',NULL,NULL,NULL,NULL,NULL,NULL,NULL,NULL,NULL,NULL,NULL,NULL,NULL,NULL,NULL,4,NULL,NULL,NULL,NULL,NULL),
(123,'2024-12-27 15:00:09',37,NULL,NULL,NULL,NULL,NULL,'no',NULL,NULL,NULL,NULL,NULL,NULL,NULL,NULL,NULL,NULL,NULL,NULL,NULL,NULL,NULL,4,'0',NULL,NULL,NULL,NULL),
(127,'2025-01-03 14:55:30',39,NULL,NULL,NULL,NULL,NULL,'yesv2','2025-01-03 14:59:56','home.lan',NULL,'REGISTERFORM-backofficelink','backofficelink-20241201-180437-register',NULL,NULL,'$2y$10$ei3Mt7GWgt1he/yowUmyveI2hHlXNRbpstiqJ8yju2q0g7IP/mVfi',NULL,NULL,0,NULL,NULL,NULL,NULL,20,NULL,NULL,NULL,NULL,NULL),
(129,'2025-02-24 12:30:22',10,NULL,NULL,NULL,NULL,NULL,'no',NULL,NULL,NULL,NULL,NULL,NULL,NULL,NULL,NULL,NULL,NULL,NULL,NULL,NULL,NULL,4,'0',NULL,NULL,NULL,NULL),
(131,'2025-04-17 10:36:50',31,NULL,NULL,NULL,'gfdgdf',NULL,'no',NULL,NULL,NULL,NULL,NULL,NULL,NULL,NULL,NULL,NULL,NULL,NULL,NULL,NULL,NULL,4,'0',NULL,NULL,NULL,NULL),
(135,'2025-05-26 15:18:27',32,NULL,NULL,NULL,NULL,NULL,'no',NULL,NULL,NULL,NULL,NULL,NULL,NULL,NULL,NULL,NULL,NULL,NULL,NULL,NULL,NULL,4,'0',NULL,NULL,NULL,5),
(136,'2025-06-25 10:13:15',58,NULL,NULL,NULL,NULL,NULL,'no',NULL,NULL,NULL,NULL,NULL,NULL,NULL,NULL,NULL,NULL,NULL,NULL,NULL,NULL,NULL,4,'0',NULL,NULL,NULL,NULL),
(137,'2025-06-25 10:13:36',59,NULL,NULL,NULL,NULL,NULL,'no',NULL,NULL,NULL,NULL,NULL,NULL,NULL,NULL,NULL,NULL,NULL,NULL,NULL,NULL,NULL,4,'0',NULL,NULL,NULL,NULL),
(138,'2025-06-25 10:14:43',60,NULL,NULL,NULL,NULL,NULL,'no',NULL,NULL,NULL,NULL,NULL,NULL,NULL,NULL,NULL,NULL,NULL,NULL,NULL,NULL,NULL,4,'0',NULL,NULL,NULL,NULL),
(139,'2025-06-25 10:22:06',61,NULL,NULL,NULL,NULL,NULL,'no',NULL,NULL,NULL,NULL,NULL,NULL,NULL,NULL,NULL,NULL,NULL,NULL,NULL,NULL,NULL,4,'0',NULL,NULL,NULL,NULL),
(140,'2025-06-25 10:27:57',62,NULL,NULL,NULL,NULL,NULL,'no',NULL,NULL,NULL,NULL,NULL,NULL,NULL,NULL,NULL,NULL,NULL,NULL,NULL,NULL,NULL,4,'0',NULL,NULL,NULL,NULL);

--
-- Table structure for table `llx_societe_perentity`
--

CREATE TABLE `llx_societe_perentity` (
  `rowid` int(11) NOT NULL AUTO_INCREMENT,
  `fk_soc` int(11) DEFAULT NULL,
  `entity` int(11) NOT NULL DEFAULT 1,
  `accountancy_code_customer_general` varchar(32) DEFAULT NULL,
  `accountancy_code_customer` varchar(32) DEFAULT NULL,
  `accountancy_code_supplier_general` varchar(32) DEFAULT NULL,
  `accountancy_code_supplier` varchar(32) DEFAULT NULL,
  `accountancy_code_sell` varchar(32) DEFAULT NULL,
  `accountancy_code_buy` varchar(32) DEFAULT NULL,
  `vat_reverse_charge` tinyint(4) DEFAULT 0,
  PRIMARY KEY (`rowid`),
  UNIQUE KEY `uk_societe_perentity` (`fk_soc`,`entity`),
  KEY `idx_societe_perentity_fk_soc` (`fk_soc`)
) ENGINE=InnoDB DEFAULT CHARSET=utf8mb3 COLLATE=utf8mb3_unicode_ci;

--
-- Dumping data for table `llx_societe_perentity`
--


--
-- Table structure for table `llx_societe_prices`
--

CREATE TABLE `llx_societe_prices` (
  `rowid` int(11) NOT NULL AUTO_INCREMENT,
  `fk_soc` int(11) DEFAULT 0,
  `tms` timestamp NULL DEFAULT NULL,
  `datec` datetime DEFAULT NULL,
  `fk_user_author` int(11) DEFAULT NULL,
  `price_level` tinyint(4) DEFAULT 1,
  PRIMARY KEY (`rowid`)
) ENGINE=InnoDB AUTO_INCREMENT=4 DEFAULT CHARSET=utf8mb3 COLLATE=utf8mb3_unicode_ci;

--
-- Dumping data for table `llx_societe_prices`
--

INSERT INTO `llx_societe_prices` VALUES
(1,30,NULL,'2020-01-17 14:54:44',12,4),
(2,30,NULL,'2020-01-17 15:19:28',12,1),
(3,30,NULL,'2020-01-17 15:21:26',12,4);

--
-- Table structure for table `llx_societe_remise`
--

